204.12.208.18 - - [10/Feb/2026:20:30:55 -0700] "GET /wp-includes/imcb4f51/index.php HTTP/1.1" 409 83 "https://acesolutions-ksa.ovochi.com/wp-includes/imcb4f51/index.php" "Mozilla/5.0 (Windows NT 6.1; WOW64) AppleWebKit/535.1 (KHTML, like Gecko) Chrome/14.0.835.202 Safari/535.1" acesolutions-ksa.ovochi.com 74.220.219.162
204.12.208.18 - - [10/Feb/2026:20:30:55 -0700] "GET /wp-includes/imcb4f51/index.php HTTP/1.1" 409 83 "https://acesolutions-ksa.ovochi.com/wp-includes/imcb4f51/index.php" "Mozilla/5.0 (Macintosh; Intel Mac OS X 10.5; rv:5.0.1) Gecko/20100101 Firefox/5.0.1" acesolutions-ksa.ovochi.com 74.220.219.162
204.12.208.18 - - [10/Feb/2026:20:31:04 -0700] "GET /wp-includes/ad060e80/index.php HTTP/2.0" 409 83 "https://acesolutions-ksa.com/wp-includes/ad060e80/index.php" "Mozilla/4.0 (compatible; GoogleToolbar 5.0.2124.2070; Windows 6.0; MSIE 8.0.6001.18241)" acesolutions-ksa.com 74.220.219.162
204.12.208.18 - - [10/Feb/2026:20:31:04 -0700] "GET /wp-includes/ad060e80/index.php HTTP/2.0" 409 83 "https://acesolutions-ksa.com/wp-includes/ad060e80/index.php" "Mozilla/5.0 (compatible; MSIE 9.0; Windows NT 6.1; WOW64; Trident/5.0)" acesolutions-ksa.com 74.220.219.162
204.12.208.18 - - [10/Feb/2026:20:31:04 -0700] "GET /wp-includes/ad060e80/index.php HTTP/2.0" 409 83 "https://acesolutions-ksa.com/wp-includes/ad060e80/index.php" "Mozilla/5.0 (compatible; MSIE 10.0; Windows NT 6.1; Trident/6.0)" acesolutions-ksa.com 74.220.219.162
204.12.208.18 - - [10/Feb/2026:20:31:17 -0700] "GET /wp-includes/ad997fce/index.php HTTP/1.1" 409 83 "https://mail.acesolutions-ksa.com/wp-includes/ad997fce/index.php" "Mozilla/5.0 (Windows NT 5.1) AppleWebKit/534.30 (KHTML, like Gecko) Chrome/12.0.742.122 Safari/534.30 ChromePlus/1.6.3.1" mail.acesolutions-ksa.com 74.220.219.162
204.12.208.18 - - [10/Feb/2026:20:31:17 -0700] "GET /wp-includes/ad997fce/index.php HTTP/1.1" 409 83 "https://mail.acesolutions-ksa.com/wp-includes/ad997fce/index.php" "Mozilla/5.0 (Windows NT 6.1) AppleWebKit/535.1 (KHTML, like Gecko) Chrome/13.0.782.107 Safari/535.1" mail.acesolutions-ksa.com 74.220.219.162
204.12.208.18 - - [10/Feb/2026:20:31:18 -0700] "GET /wp-includes/ad997fce/index.php HTTP/1.1" 409 83 "https://mail.acesolutions-ksa.com/wp-includes/ad997fce/index.php" "Mozilla/5.0 (Macintosh; Intel Mac OS X 10_6_8) AppleWebKit/535.1 (KHTML, like Gecko) Chrome/13.0.782.112 Safari/535.1" mail.acesolutions-ksa.com 74.220.219.162
40.77.167.33 - - [10/Feb/2026:20:28:57 -0700] "GET /sitemap860.xml HTTP/2.0" 503 - "-" "Mozilla/5.0 AppleWebKit/537.36 (KHTML, like Gecko; compatible; bingbot/2.0; +http://www.bing.com/bingbot.htm) Chrome/116.0.1938.76 Safari/537.36" acesolutions-ksa.com 74.220.219.162
101.99.88.90 - - [10/Feb/2026:20:30:01 -0700] "GET / HTTP/1.1" 404 - "-" "Mozilla/5.0 (compatible; Googlebot/2.1; +http://www.google.com/bot.html)" acesolutions-ksa.ovochi.com 74.220.219.162
101.99.88.90 - - [10/Feb/2026:20:30:01 -0700] "GET / HTTP/1.1" 502 - "-" "Mozilla/5.0 (compatible; Googlebot/2.1; +http://www.google.com/bot.html)" acesolutions-ksa.ovochi.com 74.220.219.162
66.249.73.233 - - [10/Feb/2026:20:33:57 -0700] "GET /?goods/112008395 HTTP/1.1" 200 133037 "-" "Mozilla/5.0 (Linux; Android 6.0.1; Nexus 5X Build/MMB29P) AppleWebKit/537.36 (KHTML, like Gecko) Chrome/144.0.7559.132 Mobile Safari/537.36 (compatible; Googlebot/2.1; +http://www.google.com/bot.html)" mail.acesolutions-ksa.com 74.220.219.162
40.77.167.33 - - [10/Feb/2026:20:32:29 -0700] "GET /products/4953904 HTTP/2.0" 503 - "-" "Mozilla/5.0 AppleWebKit/537.36 (KHTML, like Gecko; compatible; bingbot/2.0; +http://www.bing.com/bingbot.htm) Chrome/116.0.1938.76 Safari/537.36" acesolutions-ksa.com 74.220.219.162
66.249.73.233 - - [10/Feb/2026:20:44:37 -0700] "GET /?detail/05704858210123 HTTP/1.1" 200 133037 "-" "Mozilla/5.0 (Linux; Android 6.0.1; Nexus 5X Build/MMB29P) AppleWebKit/537.36 (KHTML, like Gecko) Chrome/144.0.7559.132 Mobile Safari/537.36 (compatible; Googlebot/2.1; +http://www.google.com/bot.html)" mail.acesolutions-ksa.com 74.220.219.162
66.249.73.233 - - [10/Feb/2026:20:53:29 -0700] "GET /?detail/150041983851 HTTP/1.1" 502 - "-" "Mozilla/5.0 (Linux; Android 6.0.1; Nexus 5X Build/MMB29P) AppleWebKit/537.36 (KHTML, like Gecko) Chrome/144.0.7559.132 Mobile Safari/537.36 (compatible; Googlebot/2.1; +http://www.google.com/bot.html)" mail.acesolutions-ksa.com 74.220.219.162
66.249.73.232 - - [10/Feb/2026:20:53:55 -0700] "GET /?detail/118026421384 HTTP/1.1" 502 - "-" "Mozilla/5.0 (Linux; Android 6.0.1; Nexus 5X Build/MMB29P) AppleWebKit/537.36 (KHTML, like Gecko) Chrome/144.0.7559.132 Mobile Safari/537.36 (compatible; Googlebot/2.1; +http://www.google.com/bot.html)" mail.acesolutions-ksa.com 74.220.219.162
66.249.73.232 - - [10/Feb/2026:20:57:20 -0700] "GET /502.shtml HTTP/1.1" 200 132829 "-" "Mozilla/5.0 (Linux; Android 6.0.1; Nexus 5X Build/MMB29P) AppleWebKit/537.36 (KHTML, like Gecko) Chrome/144.0.7559.132 Mobile Safari/537.36 (compatible; Googlebot/2.1; +http://www.google.com/bot.html)" mail.acesolutions-ksa.com 74.220.219.162
66.249.73.233 - - [10/Feb/2026:20:56:29 -0700] "GET /502.shtml HTTP/1.1" 200 133067 "-" "Mozilla/5.0 (Linux; Android 6.0.1; Nexus 5X Build/MMB29P) AppleWebKit/537.36 (KHTML, like Gecko) Chrome/144.0.7559.132 Mobile Safari/537.36 (compatible; Googlebot/2.1; +http://www.google.com/bot.html)" mail.acesolutions-ksa.com 74.220.219.162
66.249.73.233 - - [10/Feb/2026:20:59:30 -0700] "GET /502.shtml HTTP/1.1" 200 133090 "-" "Mozilla/5.0 (Linux; Android 6.0.1; Nexus 5X Build/MMB29P) AppleWebKit/537.36 (KHTML, like Gecko) Chrome/144.0.7559.132 Mobile Safari/537.36 (compatible; Googlebot/2.1; +http://www.google.com/bot.html)" mail.acesolutions-ksa.com 74.220.219.162
66.249.73.232 - - [10/Feb/2026:20:56:55 -0700] "GET /502.shtml HTTP/1.1" 200 132866 "-" "Mozilla/5.0 (Linux; Android 6.0.1; Nexus 5X Build/MMB29P) AppleWebKit/537.36 (KHTML, like Gecko) Chrome/144.0.7559.132 Mobile Safari/537.36 (compatible; Googlebot/2.1; +http://www.google.com/bot.html)" mail.acesolutions-ksa.com 74.220.219.162
66.249.73.232 - - [10/Feb/2026:20:59:55 -0700] "GET /?goods/118026484 HTTP/1.1" 200 135120 "-" "Mozilla/5.0 (Linux; Android 6.0.1; Nexus 5X Build/MMB29P) AppleWebKit/537.36 (KHTML, like Gecko) Chrome/144.0.7559.132 Mobile Safari/537.36 (compatible; Googlebot/2.1; +http://www.google.com/bot.html)" mail.acesolutions-ksa.com 74.220.219.162
66.249.73.232 - - [10/Feb/2026:20:57:20 -0700] "GET /502.shtml HTTP/1.1" 200 132918 "-" "Mozilla/5.0 (Linux; Android 6.0.1; Nexus 5X Build/MMB29P) AppleWebKit/537.36 (KHTML, like Gecko) Chrome/144.0.7559.132 Mobile Safari/537.36 (compatible; Googlebot/2.1; +http://www.google.com/bot.html)" mail.acesolutions-ksa.com 74.220.219.162
66.249.73.232 - - [10/Feb/2026:20:59:55 -0700] "GET /?goods/118026484 HTTP/1.1" 200 135120 "-" "Mozilla/5.0 (Linux; Android 6.0.1; Nexus 5X Build/MMB29P) AppleWebKit/537.36 (KHTML, like Gecko) Chrome/144.0.7559.132 Mobile Safari/537.36 (compatible; Googlebot/2.1; +http://www.google.com/bot.html)" mail.acesolutions-ksa.com 74.220.219.162
66.249.73.232 - - [10/Feb/2026:20:56:29 -0700] "GET /?goods/239001963 HTTP/1.1" 200 89735 "-" "Mozilla/5.0 (Linux; Android 6.0.1; Nexus 5X Build/MMB29P) AppleWebKit/537.36 (KHTML, like Gecko) Chrome/144.0.7559.132 Mobile Safari/537.36 (compatible; Googlebot/2.1; +http://www.google.com/bot.html)" mail.acesolutions-ksa.com 74.220.219.162
66.249.73.232 - - [10/Feb/2026:20:59:30 -0700] "GET /502.shtml HTTP/1.1" 200 132852 "-" "Mozilla/5.0 (Linux; Android 6.0.1; Nexus 5X Build/MMB29P) AppleWebKit/537.36 (KHTML, like Gecko) Chrome/144.0.7559.132 Mobile Safari/537.36 (compatible; Googlebot/2.1; +http://www.google.com/bot.html)" mail.acesolutions-ksa.com 74.220.219.162
66.249.73.232 - - [10/Feb/2026:20:59:55 -0700] "GET /502.shtml HTTP/1.1" 200 132865 "-" "Mozilla/5.0 (Linux; Android 6.0.1; Nexus 5X Build/MMB29P) AppleWebKit/537.36 (KHTML, like Gecko) Chrome/144.0.7559.132 Mobile Safari/537.36 (compatible; Googlebot/2.1; +http://www.google.com/bot.html)" mail.acesolutions-ksa.com 74.220.219.162
66.249.73.232 - - [10/Feb/2026:20:56:55 -0700] "GET /?detail/11802648630355 HTTP/1.1" 200 132865 "-" "Mozilla/5.0 (Linux; Android 6.0.1; Nexus 5X Build/MMB29P) AppleWebKit/537.36 (KHTML, like Gecko) Chrome/144.0.7559.132 Mobile Safari/537.36 (compatible; Googlebot/2.1; +http://www.google.com/bot.html)" mail.acesolutions-ksa.com 74.220.219.162
66.249.73.232 - - [10/Feb/2026:20:59:55 -0700] "GET /502.shtml HTTP/1.1" 200 132899 "-" "Mozilla/5.0 (Linux; Android 6.0.1; Nexus 5X Build/MMB29P) AppleWebKit/537.36 (KHTML, like Gecko) Chrome/144.0.7559.132 Mobile Safari/537.36 (compatible; Googlebot/2.1; +http://www.google.com/bot.html)" mail.acesolutions-ksa.com 74.220.219.162
66.249.73.232 - - [10/Feb/2026:20:54:20 -0700] "GET /?_r=182035988 HTTP/1.1" 200 143601 "-" "Mozilla/5.0 (Linux; Android 6.0.1; Nexus 5X Build/MMB29P) AppleWebKit/537.36 (KHTML, like Gecko) Chrome/144.0.7559.132 Mobile Safari/537.36 (compatible; Googlebot/2.1; +http://www.google.com/bot.html)" mail.acesolutions-ksa.com 74.220.219.162
66.249.73.232 - - [10/Feb/2026:20:59:55 -0700] "GET /502.shtml HTTP/1.1" 200 132860 "-" "Mozilla/5.0 (Linux; Android 6.0.1; Nexus 5X Build/MMB29P) AppleWebKit/537.36 (KHTML, like Gecko) Chrome/144.0.7559.132 Mobile Safari/537.36 (compatible; Googlebot/2.1; +http://www.google.com/bot.html)" mail.acesolutions-ksa.com 74.220.219.162
52.167.144.216 - - [10/Feb/2026:20:51:20 -0700] "GET /sitemap.xml HTTP/2.0" 200 - "-" "Mozilla/5.0 AppleWebKit/537.36 (KHTML, like Gecko; compatible; bingbot/2.0; +http://www.bing.com/bingbot.htm) Chrome/116.0.1938.76 Safari/537.36" acesolutions-ksa.com 74.220.219.162
66.249.73.233 - - [10/Feb/2026:20:56:29 -0700] "GET /502.shtml HTTP/1.1" 200 133162 "-" "Mozilla/5.0 (Linux; Android 6.0.1; Nexus 5X Build/MMB29P) AppleWebKit/537.36 (KHTML, like Gecko) Chrome/144.0.7559.132 Mobile Safari/537.36 (compatible; Googlebot/2.1; +http://www.google.com/bot.html)" mail.acesolutions-ksa.com 74.220.219.162
66.249.73.232 - - [10/Feb/2026:20:59:29 -0700] "GET /502.shtml HTTP/1.1" 200 132945 "-" "Mozilla/5.0 (Linux; Android 6.0.1; Nexus 5X Build/MMB29P) AppleWebKit/537.36 (KHTML, like Gecko) Chrome/144.0.7559.132 Mobile Safari/537.36 (compatible; Googlebot/2.1; +http://www.google.com/bot.html)" mail.acesolutions-ksa.com 74.220.219.162
66.249.73.233 - - [10/Feb/2026:20:57:57 -0700] "GET /?jp/141014948.html HTTP/1.1" 200 133460 "-" "Mozilla/5.0 (Linux; Android 6.0.1; Nexus 5X Build/MMB29P) AppleWebKit/537.36 (KHTML, like Gecko) Chrome/144.0.7559.132 Mobile Safari/537.36 (compatible; Googlebot/2.1; +http://www.google.com/bot.html)" mail.acesolutions-ksa.com 74.220.219.162
66.249.73.233 - - [10/Feb/2026:20:57:57 -0700] "GET /?jp/141014948.html HTTP/1.1" 200 133460 "-" "Mozilla/5.0 (Linux; Android 6.0.1; Nexus 5X Build/MMB29P) AppleWebKit/537.36 (KHTML, like Gecko) Chrome/144.0.7559.132 Mobile Safari/537.36 (compatible; Googlebot/2.1; +http://www.google.com/bot.html)" mail.acesolutions-ksa.com 74.220.219.162
66.249.73.232 - - [10/Feb/2026:20:56:55 -0700] "GET /502.shtml HTTP/1.1" 200 132896 "-" "Mozilla/5.0 (Linux; Android 6.0.1; Nexus 5X Build/MMB29P) AppleWebKit/537.36 (KHTML, like Gecko) Chrome/144.0.7559.132 Mobile Safari/537.36 (compatible; Googlebot/2.1; +http://www.google.com/bot.html)" mail.acesolutions-ksa.com 74.220.219.162
66.249.73.232 - - [10/Feb/2026:20:56:55 -0700] "GET /?detail/11802648630355 HTTP/1.1" 200 134148 "-" "Mozilla/5.0 (Linux; Android 6.0.1; Nexus 5X Build/MMB29P) AppleWebKit/537.36 (KHTML, like Gecko) Chrome/144.0.7559.132 Mobile Safari/537.36 (compatible; Googlebot/2.1; +http://www.google.com/bot.html)" mail.acesolutions-ksa.com 74.220.219.162
66.249.73.232 - - [10/Feb/2026:20:56:29 -0700] "GET /?goods/239001963 HTTP/1.1" 200 136950 "-" "Mozilla/5.0 (Linux; Android 6.0.1; Nexus 5X Build/MMB29P) AppleWebKit/537.36 (KHTML, like Gecko) Chrome/144.0.7559.132 Mobile Safari/537.36 (compatible; Googlebot/2.1; +http://www.google.com/bot.html)" mail.acesolutions-ksa.com 74.220.219.162
66.249.73.232 - - [10/Feb/2026:21:00:11 -0700] "GET /?goods/001004666 HTTP/1.1" 200 133347 "-" "Mozilla/5.0 (Linux; Android 6.0.1; Nexus 5X Build/MMB29P) AppleWebKit/537.36 (KHTML, like Gecko) Chrome/144.0.7559.132 Mobile Safari/537.36 (compatible; Googlebot/2.1; +http://www.google.com/bot.html)" mail.acesolutions-ksa.com 74.220.219.162
66.249.73.232 - - [10/Feb/2026:21:00:11 -0700] "GET /?goods/001004666 HTTP/1.1" 200 133347 "-" "Mozilla/5.0 (Linux; Android 6.0.1; Nexus 5X Build/MMB29P) AppleWebKit/537.36 (KHTML, like Gecko) Chrome/144.0.7559.132 Mobile Safari/537.36 (compatible; Googlebot/2.1; +http://www.google.com/bot.html)" mail.acesolutions-ksa.com 74.220.219.162
66.249.73.232 - - [10/Feb/2026:21:00:57 -0700] "GET /?goods/152012548 HTTP/1.1" 200 133798 "-" "Mozilla/5.0 (Linux; Android 6.0.1; Nexus 5X Build/MMB29P) AppleWebKit/537.36 (KHTML, like Gecko) Chrome/144.0.7559.132 Mobile Safari/537.36 (compatible; Googlebot/2.1; +http://www.google.com/bot.html)" mail.acesolutions-ksa.com 74.220.219.162
66.249.73.232 - - [10/Feb/2026:21:00:56 -0700] "GET /?goods/152012548 HTTP/1.1" 200 133798 "-" "Mozilla/5.0 (Linux; Android 6.0.1; Nexus 5X Build/MMB29P) AppleWebKit/537.36 (KHTML, like Gecko) Chrome/144.0.7559.132 Mobile Safari/537.36 (compatible; Googlebot/2.1; +http://www.google.com/bot.html)" mail.acesolutions-ksa.com 74.220.219.162
66.249.73.232 - - [10/Feb/2026:21:00:57 -0700] "GET /?v=272028831 HTTP/1.1" 200 132523 "-" "Mozilla/5.0 (Linux; Android 6.0.1; Nexus 5X Build/MMB29P) AppleWebKit/537.36 (KHTML, like Gecko) Chrome/144.0.7559.132 Mobile Safari/537.36 (compatible; Googlebot/2.1; +http://www.google.com/bot.html)" mail.acesolutions-ksa.com 74.220.219.162
66.249.73.232 - - [10/Feb/2026:21:00:57 -0700] "GET /?v=272028831 HTTP/1.1" 200 132523 "-" "Mozilla/5.0 (Linux; Android 6.0.1; Nexus 5X Build/MMB29P) AppleWebKit/537.36 (KHTML, like Gecko) Chrome/144.0.7559.132 Mobile Safari/537.36 (compatible; Googlebot/2.1; +http://www.google.com/bot.html)" mail.acesolutions-ksa.com 74.220.219.162
66.249.73.233 - - [10/Feb/2026:21:01:22 -0700] "GET /?detail/19302551783050 HTTP/1.1" 200 132035 "-" "Mozilla/5.0 (Linux; Android 6.0.1; Nexus 5X Build/MMB29P) AppleWebKit/537.36 (KHTML, like Gecko) Chrome/144.0.7559.132 Mobile Safari/537.36 (compatible; Googlebot/2.1; +http://www.google.com/bot.html)" mail.acesolutions-ksa.com 74.220.219.162
66.249.73.233 - - [10/Feb/2026:21:01:22 -0700] "GET /?detail/19302551783050 HTTP/1.1" 200 132035 "-" "Mozilla/5.0 (Linux; Android 6.0.1; Nexus 5X Build/MMB29P) AppleWebKit/537.36 (KHTML, like Gecko) Chrome/144.0.7559.132 Mobile Safari/537.36 (compatible; Googlebot/2.1; +http://www.google.com/bot.html)" mail.acesolutions-ksa.com 74.220.219.162
66.249.73.232 - - [10/Feb/2026:21:01:47 -0700] "GET /?jp/001022948.html HTTP/1.1" 200 133125 "-" "Mozilla/5.0 (Linux; Android 6.0.1; Nexus 5X Build/MMB29P) AppleWebKit/537.36 (KHTML, like Gecko) Chrome/144.0.7559.132 Mobile Safari/537.36 (compatible; Googlebot/2.1; +http://www.google.com/bot.html)" mail.acesolutions-ksa.com 74.220.219.162
66.249.73.232 - - [10/Feb/2026:21:01:47 -0700] "GET /?jp/001022948.html HTTP/1.1" 200 133125 "-" "Mozilla/5.0 (Linux; Android 6.0.1; Nexus 5X Build/MMB29P) AppleWebKit/537.36 (KHTML, like Gecko) Chrome/144.0.7559.132 Mobile Safari/537.36 (compatible; Googlebot/2.1; +http://www.google.com/bot.html)" mail.acesolutions-ksa.com 74.220.219.162
40.77.167.72 - - [10/Feb/2026:21:02:40 -0700] "GET /sitemap419.xml HTTP/2.0" 200 33 "-" "Mozilla/5.0 AppleWebKit/537.36 (KHTML, like Gecko; compatible; bingbot/2.0; +http://www.bing.com/bingbot.htm) Chrome/116.0.1938.76 Safari/537.36" acesolutions-ksa.com 74.220.219.162
66.249.73.233 - - [10/Feb/2026:20:44:37 -0700] "GET /?detail/05704858210123 HTTP/1.1" 200 133001 "-" "Mozilla/5.0 (Linux; Android 6.0.1; Nexus 5X Build/MMB29P) AppleWebKit/537.36 (KHTML, like Gecko) Chrome/144.0.7559.132 Mobile Safari/537.36 (compatible; Googlebot/2.1; +http://www.google.com/bot.html)" mail.acesolutions-ksa.com 74.220.219.162
66.249.73.232 - - [10/Feb/2026:20:54:20 -0700] "GET /?_r=182035988 HTTP/1.1" 200 132918 "-" "Mozilla/5.0 (Linux; Android 6.0.1; Nexus 5X Build/MMB29P) AppleWebKit/537.36 (KHTML, like Gecko) Chrome/144.0.7559.132 Mobile Safari/537.36 (compatible; Googlebot/2.1; +http://www.google.com/bot.html)" mail.acesolutions-ksa.com 74.220.219.162
66.249.73.233 - - [10/Feb/2026:20:53:29 -0700] "GET /?detail/150041983851 HTTP/1.1" 200 133389 "-" "Mozilla/5.0 (Linux; Android 6.0.1; Nexus 5X Build/MMB29P) AppleWebKit/537.36 (KHTML, like Gecko) Chrome/144.0.7559.132 Mobile Safari/537.36 (compatible; Googlebot/2.1; +http://www.google.com/bot.html)" mail.acesolutions-ksa.com 74.220.219.162
66.249.73.232 - - [10/Feb/2026:20:53:55 -0700] "GET /?detail/118026421384 HTTP/1.1" 200 132955 "-" "Mozilla/5.0 (Linux; Android 6.0.1; Nexus 5X Build/MMB29P) AppleWebKit/537.36 (KHTML, like Gecko) Chrome/144.0.7559.132 Mobile Safari/537.36 (compatible; Googlebot/2.1; +http://www.google.com/bot.html)" mail.acesolutions-ksa.com 74.220.219.162
40.77.167.72 - - [10/Feb/2026:21:06:02 -0700] "GET /products/29528193 HTTP/2.0" 200 33 "-" "Mozilla/5.0 AppleWebKit/537.36 (KHTML, like Gecko; compatible; bingbot/2.0; +http://www.bing.com/bingbot.htm) Chrome/116.0.1938.76 Safari/537.36" acesolutions-ksa.com 74.220.219.162
204.12.208.18 - - [10/Feb/2026:21:08:57 -0700] "GET /wp-includes/imcb4f51/index.php HTTP/1.1" 409 83 "https://acesolutions-ksa.ovochi.com/wp-includes/imcb4f51/index.php" "Mozilla/5.0 (Macintosh; Intel Mac OS X 10_6_8) AppleWebKit/535.1 (KHTML, like Gecko) RockMelt/0.9.64.361 Chrome/13.0.782.218 Safari/535.1" acesolutions-ksa.ovochi.com 74.220.219.162
204.12.208.18 - - [10/Feb/2026:21:08:58 -0700] "GET /wp-includes/imcb4f51/index.php HTTP/1.1" 409 83 "https://acesolutions-ksa.ovochi.com/wp-includes/imcb4f51/index.php" "Mozilla/5.0 (compatible; MSIE 9.0; Windows NT 6.1; WOW64; Trident/5.0; SLCC2; .NET CLR 2.0.50727; .NET CLR 3.5.30729; .NET CLR 3.0.30729; Media Center PC 6.0; MAGW; .NET4.0C; Lunascape 6.5.8.24780)" acesolutions-ksa.ovochi.com 74.220.219.162
204.12.208.18 - - [10/Feb/2026:21:08:58 -0700] "GET /wp-includes/imcb4f51/index.php HTTP/1.1" 409 83 "https://acesolutions-ksa.ovochi.com/wp-includes/imcb4f51/index.php" "Mozilla/5.0 (Macintosh; Intel Mac OS X 10.7; rv:7.0.1) Gecko/20100101 Firefox/7.0.1" acesolutions-ksa.ovochi.com 74.220.219.162
204.12.208.18 - - [10/Feb/2026:21:09:11 -0700] "GET /wp-includes/ad060e80/index.php HTTP/2.0" 409 83 "https://acesolutions-ksa.com/wp-includes/ad060e80/index.php" "Mozilla/5.0 (compatible; MSIE 10.0; Windows NT 6.2; WOW64; Trident/6.0)" acesolutions-ksa.com 74.220.219.162
204.12.208.18 - - [10/Feb/2026:21:09:11 -0700] "GET /wp-includes/ad060e80/index.php HTTP/2.0" 409 83 "https://acesolutions-ksa.com/wp-includes/ad060e80/index.php" "Mozilla/5.0 (Windows; U; Windows NT 5.1; en-US) AppleWebKit/534.16 (KHTML, like Gecko) Chrome/10.0.648.151 Safari/534.16" acesolutions-ksa.com 74.220.219.162
204.12.208.18 - - [10/Feb/2026:21:09:11 -0700] "GET /wp-includes/ad060e80/index.php HTTP/2.0" 409 83 "https://acesolutions-ksa.com/wp-includes/ad060e80/index.php" "Mozilla/5.0 (Windows NT 6.1) AppleWebKit/534.24 (KHTML, like Gecko) Chrome/11.0.696.65 Safari/534.24" acesolutions-ksa.com 74.220.219.162
204.12.208.18 - - [10/Feb/2026:21:09:23 -0700] "GET /wp-includes/ad997fce/index.php HTTP/1.1" 409 83 "https://mail.acesolutions-ksa.com/wp-includes/ad997fce/index.php" "Mozilla/5.0 (Macintosh; Intel Mac OS X 10_7_2) AppleWebKit/535.2 (KHTML, like Gecko) Chrome/15.0.874.106 Safari/535.2" mail.acesolutions-ksa.com 74.220.219.162
204.12.208.18 - - [10/Feb/2026:21:09:23 -0700] "GET /wp-includes/ad997fce/index.php HTTP/1.1" 409 83 "https://mail.acesolutions-ksa.com/wp-includes/ad997fce/index.php" "Mozilla/5.0 (Macintosh; Intel Mac OS X 10_6_8) AppleWebKit/535.7 (KHTML, like Gecko) Chrome/16.0.912.75 Safari/535.7" mail.acesolutions-ksa.com 74.220.219.162
204.12.208.18 - - [10/Feb/2026:21:09:23 -0700] "GET /wp-includes/ad997fce/index.php HTTP/1.1" 409 83 "https://mail.acesolutions-ksa.com/wp-includes/ad997fce/index.php" "Mozilla/5.0 (compatible; MSIE 9.0; Windows NT 6.1; WOW64; Trident/5.0; SLCC2; .NET CLR 2.0.50727; .NET CLR 3.5.30729; .NET CLR 3.0.30729; Media Center PC 6.0; MAGW; .NET4.0C; Lunascape 6.5.8.24780)" mail.acesolutions-ksa.com 74.220.219.162
66.249.73.233 - - [10/Feb/2026:21:10:27 -0700] "GET /?z=125042524 HTTP/1.1" 200 132531 "-" "Mozilla/5.0 (Linux; Android 6.0.1; Nexus 5X Build/MMB29P) AppleWebKit/537.36 (KHTML, like Gecko) Chrome/144.0.7559.132 Mobile Safari/537.36 (compatible; Googlebot/2.1; +http://www.google.com/bot.html)" mail.acesolutions-ksa.com 74.220.219.162
66.249.73.233 - - [10/Feb/2026:21:10:27 -0700] "GET /?z=125042524 HTTP/1.1" 200 132531 "-" "Mozilla/5.0 (Linux; Android 6.0.1; Nexus 5X Build/MMB29P) AppleWebKit/537.36 (KHTML, like Gecko) Chrome/144.0.7559.132 Mobile Safari/537.36 (compatible; Googlebot/2.1; +http://www.google.com/bot.html)" mail.acesolutions-ksa.com 74.220.219.162
40.77.167.57 - - [10/Feb/2026:21:13:02 -0700] "GET /sitemap753.xml HTTP/2.0" 200 33 "-" "Mozilla/5.0 AppleWebKit/537.36 (KHTML, like Gecko; compatible; bingbot/2.0; +http://www.bing.com/bingbot.htm) Chrome/116.0.1938.76 Safari/537.36" acesolutions-ksa.com 74.220.219.162
66.249.73.233 - - [10/Feb/2026:21:15:04 -0700] "GET /?detail/095043184110 HTTP/1.1" 200 133008 "-" "Mozilla/5.0 (Linux; Android 6.0.1; Nexus 5X Build/MMB29P) AppleWebKit/537.36 (KHTML, like Gecko) Chrome/144.0.7559.132 Mobile Safari/537.36 (compatible; Googlebot/2.1; +http://www.google.com/bot.html)" mail.acesolutions-ksa.com 74.220.219.162
66.249.73.233 - - [10/Feb/2026:21:15:04 -0700] "GET /?detail/095043184110 HTTP/1.1" 200 133008 "-" "Mozilla/5.0 (Linux; Android 6.0.1; Nexus 5X Build/MMB29P) AppleWebKit/537.36 (KHTML, like Gecko) Chrome/144.0.7559.132 Mobile Safari/537.36 (compatible; Googlebot/2.1; +http://www.google.com/bot.html)" mail.acesolutions-ksa.com 74.220.219.162
74.7.244.11 - - [10/Feb/2026:21:16:19 -0700] "GET /robots.txt HTTP/1.1" 200 124 "-" "Mozilla/5.0 (Macintosh; Intel Mac OS X 10_15_7) AppleWebKit/537.36 (KHTML, like Gecko) Chrome/131.0.0.0 Safari/537.36; compatible; OAI-SearchBot/1.3; robots.txt; +https://openai.com/searchbot" www.acesolutions-ksa.ovochi.com 74.220.219.162
74.7.244.11 - - [10/Feb/2026:21:16:19 -0700] "GET /robots.txt HTTP/2.0" 200 124 "-" "Mozilla/5.0 (Macintosh; Intel Mac OS X 10_15_7) AppleWebKit/537.36 (KHTML, like Gecko) Chrome/131.0.0.0 Safari/537.36; compatible; OAI-SearchBot/1.3; robots.txt; +https://openai.com/searchbot" www.acesolutions-ksa.ovochi.com 74.220.219.162
74.7.228.55 - - [10/Feb/2026:21:16:20 -0700] "GET /robots.txt HTTP/2.0" 304 - "-" "Mozilla/5.0 (Macintosh; Intel Mac OS X 10_15_7) AppleWebKit/537.36 (KHTML, like Gecko) Chrome/131.0.0.0 Safari/537.36; compatible; OAI-SearchBot/1.3; robots.txt; +https://openai.com/searchbot" www.acesolutions-ksa.com 74.220.219.162
40.77.167.57 - - [10/Feb/2026:21:16:42 -0700] "GET /sitemap838.xml HTTP/2.0" 200 33 "-" "Mozilla/5.0 AppleWebKit/537.36 (KHTML, like Gecko; compatible; bingbot/2.0; +http://www.bing.com/bingbot.htm) Chrome/116.0.1938.76 Safari/537.36" acesolutions-ksa.com 74.220.219.162
40.77.167.57 - - [10/Feb/2026:21:17:52 -0700] "GET /sitemap332.xml HTTP/2.0" 200 33 "-" "Mozilla/5.0 AppleWebKit/537.36 (KHTML, like Gecko; compatible; bingbot/2.0; +http://www.bing.com/bingbot.htm) Chrome/116.0.1938.76 Safari/537.36" acesolutions-ksa.com 74.220.219.162
40.77.167.57 - - [10/Feb/2026:21:18:01 -0700] "GET /sitemap338.xml HTTP/2.0" 200 33 "-" "Mozilla/5.0 AppleWebKit/537.36 (KHTML, like Gecko; compatible; bingbot/2.0; +http://www.bing.com/bingbot.htm) Chrome/116.0.1938.76 Safari/537.36" acesolutions-ksa.com 74.220.219.162
66.249.73.233 - - [10/Feb/2026:21:18:07 -0700] "GET /?jp/159011750.html HTTP/1.1" 200 133211 "-" "Mozilla/5.0 (Linux; Android 6.0.1; Nexus 5X Build/MMB29P) AppleWebKit/537.36 (KHTML, like Gecko) Chrome/144.0.7559.132 Mobile Safari/537.36 (compatible; Googlebot/2.1; +http://www.google.com/bot.html)" mail.acesolutions-ksa.com 74.220.219.162
66.249.73.233 - - [10/Feb/2026:21:18:07 -0700] "GET /?jp/159011750.html HTTP/1.1" 200 133211 "-" "Mozilla/5.0 (Linux; Android 6.0.1; Nexus 5X Build/MMB29P) AppleWebKit/537.36 (KHTML, like Gecko) Chrome/144.0.7559.132 Mobile Safari/537.36 (compatible; Googlebot/2.1; +http://www.google.com/bot.html)" mail.acesolutions-ksa.com 74.220.219.162
66.249.73.234 - - [10/Feb/2026:21:19:38 -0700] "GET /?jp/118026485.html HTTP/1.1" 200 134008 "-" "Mozilla/5.0 (Linux; Android 6.0.1; Nexus 5X Build/MMB29P) AppleWebKit/537.36 (KHTML, like Gecko) Chrome/144.0.7559.132 Mobile Safari/537.36 (compatible; Googlebot/2.1; +http://www.google.com/bot.html)" mail.acesolutions-ksa.com 74.220.219.162
66.249.73.234 - - [10/Feb/2026:21:19:38 -0700] "GET /?jp/118026485.html HTTP/1.1" 200 134008 "-" "Mozilla/5.0 (Linux; Android 6.0.1; Nexus 5X Build/MMB29P) AppleWebKit/537.36 (KHTML, like Gecko) Chrome/144.0.7559.132 Mobile Safari/537.36 (compatible; Googlebot/2.1; +http://www.google.com/bot.html)" mail.acesolutions-ksa.com 74.220.219.162
17.241.219.11 - - [10/Feb/2026:21:21:45 -0700] "GET /sso.php HTTP/2.0" 200 1838 "-" "Mozilla/5.0 (Macintosh; Intel Mac OS X 10_15_7) AppleWebKit/605.1.15 (KHTML, like Gecko) Version/17.4 Safari/605.1.15 (Applebot/0.1; +http://www.apple.com/go/applebot)" acesolutions-ksa.com 74.220.219.162
69.30.240.242 - - [10/Feb/2026:21:21:51 -0700] "GET /wp-includes/x40e090/index.php HTTP/2.0" 500 - "https://acesolutions-ksa.com/wp-includes/x40e090/index.php" "Mozilla/5.0 (Windows NT 10.0; Win64; x64) AppleWebKit/537.36 (KHTML, like Gecko) Chrome/58.0.3029.110 Safari/537.3" acesolutions-ksa.com 74.220.219.162
66.249.73.233 - - [10/Feb/2026:21:22:01 -0700] "GET /?jp/118026420.html HTTP/1.1" 200 132764 "-" "Mozilla/5.0 (Linux; Android 6.0.1; Nexus 5X Build/MMB29P) AppleWebKit/537.36 (KHTML, like Gecko) Chrome/144.0.7559.132 Mobile Safari/537.36 (compatible; Googlebot/2.1; +http://www.google.com/bot.html)" mail.acesolutions-ksa.com 74.220.219.162
66.249.73.233 - - [10/Feb/2026:21:22:01 -0700] "GET /?jp/118026420.html HTTP/1.1" 200 132764 "-" "Mozilla/5.0 (Linux; Android 6.0.1; Nexus 5X Build/MMB29P) AppleWebKit/537.36 (KHTML, like Gecko) Chrome/144.0.7559.132 Mobile Safari/537.36 (compatible; Googlebot/2.1; +http://www.google.com/bot.html)" mail.acesolutions-ksa.com 74.220.219.162
69.30.240.242 - - [10/Feb/2026:21:21:52 -0700] "GET /wp-includes/x40e090/index.php HTTP/2.0" 200 - "https://acesolutions-ksa.com/wp-includes/x40e090/index.php" "Mozilla/5.0 (Windows NT 10.0; Win64; x64) AppleWebKit/537.36 (KHTML, like Gecko) Chrome/58.0.3029.110 Safari/537.3" acesolutions-ksa.com 74.220.219.162
66.249.73.234 - - [10/Feb/2026:21:23:33 -0700] "GET /?goods/279022275 HTTP/1.1" 200 132741 "-" "Mozilla/5.0 (Linux; Android 6.0.1; Nexus 5X Build/MMB29P) AppleWebKit/537.36 (KHTML, like Gecko) Chrome/144.0.7559.132 Mobile Safari/537.36 (compatible; Googlebot/2.1; +http://www.google.com/bot.html)" mail.acesolutions-ksa.com 74.220.219.162
66.249.73.234 - - [10/Feb/2026:21:23:33 -0700] "GET /?goods/279022275 HTTP/1.1" 200 132741 "-" "Mozilla/5.0 (Linux; Android 6.0.1; Nexus 5X Build/MMB29P) AppleWebKit/537.36 (KHTML, like Gecko) Chrome/144.0.7559.132 Mobile Safari/537.36 (compatible; Googlebot/2.1; +http://www.google.com/bot.html)" mail.acesolutions-ksa.com 74.220.219.162
66.249.73.233 - - [10/Feb/2026:21:23:52 -0700] "GET /?goods/232029171 HTTP/1.1" 200 133755 "-" "Mozilla/5.0 (Linux; Android 6.0.1; Nexus 5X Build/MMB29P) AppleWebKit/537.36 (KHTML, like Gecko) Chrome/144.0.7559.132 Mobile Safari/537.36 (compatible; Googlebot/2.1; +http://www.google.com/bot.html)" mail.acesolutions-ksa.com 74.220.219.162
66.249.73.233 - - [10/Feb/2026:21:23:52 -0700] "GET /?goods/232029171 HTTP/1.1" 200 133755 "-" "Mozilla/5.0 (Linux; Android 6.0.1; Nexus 5X Build/MMB29P) AppleWebKit/537.36 (KHTML, like Gecko) Chrome/144.0.7559.132 Mobile Safari/537.36 (compatible; Googlebot/2.1; +http://www.google.com/bot.html)" mail.acesolutions-ksa.com 74.220.219.162
66.249.73.233 - - [10/Feb/2026:21:23:52 -0700] "GET /?_v=057022193 HTTP/1.1" 200 132909 "-" "Mozilla/5.0 (Linux; Android 6.0.1; Nexus 5X Build/MMB29P) AppleWebKit/537.36 (KHTML, like Gecko) Chrome/144.0.7559.132 Mobile Safari/537.36 (compatible; Googlebot/2.1; +http://www.google.com/bot.html)" mail.acesolutions-ksa.com 74.220.219.162
66.249.73.233 - - [10/Feb/2026:21:23:52 -0700] "GET /?_v=057022193 HTTP/1.1" 200 132909 "-" "Mozilla/5.0 (Linux; Android 6.0.1; Nexus 5X Build/MMB29P) AppleWebKit/537.36 (KHTML, like Gecko) Chrome/144.0.7559.132 Mobile Safari/537.36 (compatible; Googlebot/2.1; +http://www.google.com/bot.html)" mail.acesolutions-ksa.com 74.220.219.162
66.249.73.234 - - [10/Feb/2026:21:24:48 -0700] "GET /?detail/11802648630355 HTTP/1.1" 200 133012 "-" "Mozilla/5.0 (Linux; Android 6.0.1; Nexus 5X Build/MMB29P) AppleWebKit/537.36 (KHTML, like Gecko) Chrome/144.0.7559.132 Mobile Safari/537.36 (compatible; Googlebot/2.1; +http://www.google.com/bot.html)" mail.acesolutions-ksa.com 74.220.219.162
66.249.73.234 - - [10/Feb/2026:21:24:48 -0700] "GET /?detail/11802648630355 HTTP/1.1" 200 133012 "-" "Mozilla/5.0 (Linux; Android 6.0.1; Nexus 5X Build/MMB29P) AppleWebKit/537.36 (KHTML, like Gecko) Chrome/144.0.7559.132 Mobile Safari/537.36 (compatible; Googlebot/2.1; +http://www.google.com/bot.html)" mail.acesolutions-ksa.com 74.220.219.162
173.208.176.202 - - [10/Feb/2026:21:23:26 -0700] "GET /wp-includes/x40e090/index.php?id=721291 HTTP/2.0" 200 - "https://acesolutions-ksa.com/wp-includes/x40e090/index.php?id=721291" "Mozilla/5.0 (Windows NT 10.0; Win64; x64) AppleWebKit/537.36 (KHTML, like Gecko) Chrome/58.0.3029.110 Safari/537.3" acesolutions-ksa.com 74.220.219.162
66.249.73.233 - - [10/Feb/2026:21:25:06 -0700] "GET /?detail/118026419879 HTTP/1.1" 200 132756 "-" "Mozilla/5.0 (Linux; Android 6.0.1; Nexus 5X Build/MMB29P) AppleWebKit/537.36 (KHTML, like Gecko) Chrome/144.0.7559.132 Mobile Safari/537.36 (compatible; Googlebot/2.1; +http://www.google.com/bot.html)" mail.acesolutions-ksa.com 74.220.219.162
66.249.73.233 - - [10/Feb/2026:21:25:06 -0700] "GET /?detail/118026419879 HTTP/1.1" 200 132756 "-" "Mozilla/5.0 (Linux; Android 6.0.1; Nexus 5X Build/MMB29P) AppleWebKit/537.36 (KHTML, like Gecko) Chrome/144.0.7559.132 Mobile Safari/537.36 (compatible; Googlebot/2.1; +http://www.google.com/bot.html)" mail.acesolutions-ksa.com 74.220.219.162
66.249.73.234 - - [10/Feb/2026:21:26:37 -0700] "GET /?goods/001023212 HTTP/1.1" 200 135732 "-" "Mozilla/5.0 (Linux; Android 6.0.1; Nexus 5X Build/MMB29P) AppleWebKit/537.36 (KHTML, like Gecko) Chrome/144.0.7559.132 Mobile Safari/537.36 (compatible; Googlebot/2.1; +http://www.google.com/bot.html)" mail.acesolutions-ksa.com 74.220.219.162
66.249.73.234 - - [10/Feb/2026:21:26:37 -0700] "GET /?goods/001023212 HTTP/1.1" 200 135732 "-" "Mozilla/5.0 (Linux; Android 6.0.1; Nexus 5X Build/MMB29P) AppleWebKit/537.36 (KHTML, like Gecko) Chrome/144.0.7559.132 Mobile Safari/537.36 (compatible; Googlebot/2.1; +http://www.google.com/bot.html)" mail.acesolutions-ksa.com 74.220.219.162
66.249.73.232 - - [10/Feb/2026:21:28:13 -0700] "GET /?detail/05704858210123 HTTP/1.1" 200 132947 "-" "Mozilla/5.0 (Linux; Android 6.0.1; Nexus 5X Build/MMB29P) AppleWebKit/537.36 (KHTML, like Gecko) Chrome/144.0.7559.132 Mobile Safari/537.36 (compatible; Googlebot/2.1; +http://www.google.com/bot.html)" mail.acesolutions-ksa.com 74.220.219.162
66.249.73.232 - - [10/Feb/2026:21:28:13 -0700] "GET /?detail/05704858210123 HTTP/1.1" 200 132947 "-" "Mozilla/5.0 (Linux; Android 6.0.1; Nexus 5X Build/MMB29P) AppleWebKit/537.36 (KHTML, like Gecko) Chrome/144.0.7559.132 Mobile Safari/537.36 (compatible; Googlebot/2.1; +http://www.google.com/bot.html)" mail.acesolutions-ksa.com 74.220.219.162
66.249.73.232 - - [10/Feb/2026:21:28:13 -0700] "GET /?jp/001023233.html HTTP/1.1" 200 133528 "-" "Mozilla/5.0 (Linux; Android 6.0.1; Nexus 5X Build/MMB29P) AppleWebKit/537.36 (KHTML, like Gecko) Chrome/144.0.7559.132 Mobile Safari/537.36 (compatible; Googlebot/2.1; +http://www.google.com/bot.html)" mail.acesolutions-ksa.com 74.220.219.162
66.249.73.232 - - [10/Feb/2026:21:28:13 -0700] "GET /?jp/001023233.html HTTP/1.1" 200 133528 "-" "Mozilla/5.0 (Linux; Android 6.0.1; Nexus 5X Build/MMB29P) AppleWebKit/537.36 (KHTML, like Gecko) Chrome/144.0.7559.132 Mobile Safari/537.36 (compatible; Googlebot/2.1; +http://www.google.com/bot.html)" mail.acesolutions-ksa.com 74.220.219.162
66.249.73.234 - - [10/Feb/2026:21:29:44 -0700] "GET /?goods/087004269 HTTP/1.1" 200 133643 "-" "Mozilla/5.0 (Linux; Android 6.0.1; Nexus 5X Build/MMB29P) AppleWebKit/537.36 (KHTML, like Gecko) Chrome/144.0.7559.132 Mobile Safari/537.36 (compatible; Googlebot/2.1; +http://www.google.com/bot.html)" mail.acesolutions-ksa.com 74.220.219.162
66.249.73.234 - - [10/Feb/2026:21:29:44 -0700] "GET /?goods/087004269 HTTP/1.1" 200 133643 "-" "Mozilla/5.0 (Linux; Android 6.0.1; Nexus 5X Build/MMB29P) AppleWebKit/537.36 (KHTML, like Gecko) Chrome/144.0.7559.132 Mobile Safari/537.36 (compatible; Googlebot/2.1; +http://www.google.com/bot.html)" mail.acesolutions-ksa.com 74.220.219.162
66.249.73.234 - - [10/Feb/2026:21:31:16 -0700] "GET /?detail/20002605558768 HTTP/1.1" 200 133952 "-" "Mozilla/5.0 (Linux; Android 6.0.1; Nexus 5X Build/MMB29P) AppleWebKit/537.36 (KHTML, like Gecko) Chrome/144.0.7559.132 Mobile Safari/537.36 (compatible; Googlebot/2.1; +http://www.google.com/bot.html)" mail.acesolutions-ksa.com 74.220.219.162
66.249.73.234 - - [10/Feb/2026:21:31:15 -0700] "GET /?detail/20002605558768 HTTP/1.1" 200 133952 "-" "Mozilla/5.0 (Linux; Android 6.0.1; Nexus 5X Build/MMB29P) AppleWebKit/537.36 (KHTML, like Gecko) Chrome/144.0.7559.132 Mobile Safari/537.36 (compatible; Googlebot/2.1; +http://www.google.com/bot.html)" mail.acesolutions-ksa.com 74.220.219.162
66.249.73.234 - - [10/Feb/2026:21:32:47 -0700] "GET /?jp/248010623.html HTTP/1.1" 200 134123 "-" "Mozilla/5.0 (Linux; Android 6.0.1; Nexus 5X Build/MMB29P) AppleWebKit/537.36 (KHTML, like Gecko) Chrome/144.0.7559.132 Mobile Safari/537.36 (compatible; Googlebot/2.1; +http://www.google.com/bot.html)" mail.acesolutions-ksa.com 74.220.219.162
66.249.73.234 - - [10/Feb/2026:21:32:47 -0700] "GET /?jp/248010623.html HTTP/1.1" 200 134123 "-" "Mozilla/5.0 (Linux; Android 6.0.1; Nexus 5X Build/MMB29P) AppleWebKit/537.36 (KHTML, like Gecko) Chrome/144.0.7559.132 Mobile Safari/537.36 (compatible; Googlebot/2.1; +http://www.google.com/bot.html)" mail.acesolutions-ksa.com 74.220.219.162
66.249.73.234 - - [10/Feb/2026:21:32:47 -0700] "GET /?goods/070012092 HTTP/1.1" 200 132975 "-" "Mozilla/5.0 (Linux; Android 6.0.1; Nexus 5X Build/MMB29P) AppleWebKit/537.36 (KHTML, like Gecko) Chrome/144.0.7559.132 Mobile Safari/537.36 (compatible; Googlebot/2.1; +http://www.google.com/bot.html)" mail.acesolutions-ksa.com 74.220.219.162
66.249.73.234 - - [10/Feb/2026:21:32:47 -0700] "GET /?goods/070012092 HTTP/1.1" 200 132975 "-" "Mozilla/5.0 (Linux; Android 6.0.1; Nexus 5X Build/MMB29P) AppleWebKit/537.36 (KHTML, like Gecko) Chrome/144.0.7559.132 Mobile Safari/537.36 (compatible; Googlebot/2.1; +http://www.google.com/bot.html)" mail.acesolutions-ksa.com 74.220.219.162
66.249.73.232 - - [10/Feb/2026:21:34:18 -0700] "GET /?goods/159042445 HTTP/1.1" 200 133869 "-" "Mozilla/5.0 (Linux; Android 6.0.1; Nexus 5X Build/MMB29P) AppleWebKit/537.36 (KHTML, like Gecko) Chrome/144.0.7559.132 Mobile Safari/537.36 (compatible; Googlebot/2.1; +http://www.google.com/bot.html)" mail.acesolutions-ksa.com 74.220.219.162
66.249.73.232 - - [10/Feb/2026:21:34:18 -0700] "GET /?goods/159042445 HTTP/1.1" 200 133869 "-" "Mozilla/5.0 (Linux; Android 6.0.1; Nexus 5X Build/MMB29P) AppleWebKit/537.36 (KHTML, like Gecko) Chrome/144.0.7559.132 Mobile Safari/537.36 (compatible; Googlebot/2.1; +http://www.google.com/bot.html)" mail.acesolutions-ksa.com 74.220.219.162
66.249.73.233 - - [10/Feb/2026:21:35:04 -0700] "GET /?goods/286025217 HTTP/1.1" 200 134886 "-" "Mozilla/5.0 (Linux; Android 6.0.1; Nexus 5X Build/MMB29P) AppleWebKit/537.36 (KHTML, like Gecko) Chrome/144.0.7559.132 Mobile Safari/537.36 (compatible; Googlebot/2.1; +http://www.google.com/bot.html)" mail.acesolutions-ksa.com 74.220.219.162
66.249.73.233 - - [10/Feb/2026:21:35:04 -0700] "GET /?goods/286025217 HTTP/1.1" 200 134886 "-" "Mozilla/5.0 (Linux; Android 6.0.1; Nexus 5X Build/MMB29P) AppleWebKit/537.36 (KHTML, like Gecko) Chrome/144.0.7559.132 Mobile Safari/537.36 (compatible; Googlebot/2.1; +http://www.google.com/bot.html)" mail.acesolutions-ksa.com 74.220.219.162
66.249.73.234 - - [10/Feb/2026:21:35:05 -0700] "GET /?s=096046761 HTTP/1.1" 200 133636 "-" "Mozilla/5.0 (Linux; Android 6.0.1; Nexus 5X Build/MMB29P) AppleWebKit/537.36 (KHTML, like Gecko) Chrome/144.0.7559.132 Mobile Safari/537.36 (compatible; Googlebot/2.1; +http://www.google.com/bot.html)" mail.acesolutions-ksa.com 74.220.219.162
66.249.73.234 - - [10/Feb/2026:21:35:05 -0700] "GET /?s=096046761 HTTP/1.1" 200 133636 "-" "Mozilla/5.0 (Linux; Android 6.0.1; Nexus 5X Build/MMB29P) AppleWebKit/537.36 (KHTML, like Gecko) Chrome/144.0.7559.132 Mobile Safari/537.36 (compatible; Googlebot/2.1; +http://www.google.com/bot.html)" mail.acesolutions-ksa.com 74.220.219.162
66.249.73.233 - - [10/Feb/2026:21:35:51 -0700] "GET /?detail/2010001533026 HTTP/1.1" 200 133286 "-" "Mozilla/5.0 (Linux; Android 6.0.1; Nexus 5X Build/MMB29P) AppleWebKit/537.36 (KHTML, like Gecko) Chrome/144.0.7559.132 Mobile Safari/537.36 (compatible; Googlebot/2.1; +http://www.google.com/bot.html)" mail.acesolutions-ksa.com 74.220.219.162
66.249.73.233 - - [10/Feb/2026:21:35:51 -0700] "GET /?detail/2010001533026 HTTP/1.1" 200 133286 "-" "Mozilla/5.0 (Linux; Android 6.0.1; Nexus 5X Build/MMB29P) AppleWebKit/537.36 (KHTML, like Gecko) Chrome/144.0.7559.132 Mobile Safari/537.36 (compatible; Googlebot/2.1; +http://www.google.com/bot.html)" mail.acesolutions-ksa.com 74.220.219.162
66.249.73.233 - - [10/Feb/2026:21:36:31 -0700] "GET /?goods/001023237 HTTP/1.1" 200 132740 "-" "Mozilla/5.0 (Linux; Android 6.0.1; Nexus 5X Build/MMB29P) AppleWebKit/537.36 (KHTML, like Gecko) Chrome/144.0.7559.132 Mobile Safari/537.36 (compatible; Googlebot/2.1; +http://www.google.com/bot.html)" mail.acesolutions-ksa.com 74.220.219.162
66.249.73.233 - - [10/Feb/2026:21:36:31 -0700] "GET /?goods/001023237 HTTP/1.1" 200 132740 "-" "Mozilla/5.0 (Linux; Android 6.0.1; Nexus 5X Build/MMB29P) AppleWebKit/537.36 (KHTML, like Gecko) Chrome/144.0.7559.132 Mobile Safari/537.36 (compatible; Googlebot/2.1; +http://www.google.com/bot.html)" mail.acesolutions-ksa.com 74.220.219.162
168.235.149.18 - - [10/Feb/2026:21:36:53 -0700] "GET /contact HTTP/2.0" 200 1838 "-" "Mozilla/5.0 (Windows NT 10.0; Win64; x64) AppleWebKit/537.36 (KHTML, like Gecko) Chrome/129.0.0.0 Safari/537.3" acesolutions-ksa.com 74.220.219.162
69.30.240.242 - - [10/Feb/2026:21:36:58 -0700] "GET /wp-content/pl5fd3ff/index.php HTTP/2.0" 500 - "https://acesolutions-ksa.com/wp-content/pl5fd3ff/index.php" "Mozilla/5.0 (Windows NT 10.0; Win64; x64) AppleWebKit/537.36 (KHTML, like Gecko) Chrome/58.0.3029.110 Safari/537.3" acesolutions-ksa.com 74.220.219.162
69.30.240.242 - - [10/Feb/2026:21:37:00 -0700] "GET /wp-content/pl5fd3ff/index.php HTTP/2.0" 200 - "https://acesolutions-ksa.com/wp-content/pl5fd3ff/index.php" "Mozilla/5.0 (Windows NT 10.0; Win64; x64) AppleWebKit/537.36 (KHTML, like Gecko) Chrome/58.0.3029.110 Safari/537.3" acesolutions-ksa.com 74.220.219.162
173.208.176.202 - - [10/Feb/2026:21:38:32 -0700] "GET /wp-content/pl5fd3ff/index.php?id=573635 HTTP/2.0" 200 - "https://acesolutions-ksa.com/wp-content/pl5fd3ff/index.php?id=573635" "Mozilla/5.0 (Windows NT 10.0; Win64; x64) AppleWebKit/537.36 (KHTML, like Gecko) Chrome/58.0.3029.110 Safari/537.3" acesolutions-ksa.com 74.220.219.162
66.249.73.233 - - [10/Feb/2026:21:40:39 -0700] "GET /?detail/118026421384 HTTP/1.1" 200 132979 "-" "Mozilla/5.0 (Linux; Android 6.0.1; Nexus 5X Build/MMB29P) AppleWebKit/537.36 (KHTML, like Gecko) Chrome/144.0.7559.132 Mobile Safari/537.36 (compatible; Googlebot/2.1; +http://www.google.com/bot.html)" mail.acesolutions-ksa.com 74.220.219.162
66.249.73.233 - - [10/Feb/2026:21:40:39 -0700] "GET /?detail/118026421384 HTTP/1.1" 200 132979 "-" "Mozilla/5.0 (Linux; Android 6.0.1; Nexus 5X Build/MMB29P) AppleWebKit/537.36 (KHTML, like Gecko) Chrome/144.0.7559.132 Mobile Safari/537.36 (compatible; Googlebot/2.1; +http://www.google.com/bot.html)" mail.acesolutions-ksa.com 74.220.219.162
66.249.73.233 - - [10/Feb/2026:21:41:25 -0700] "GET /400.shtml HTTP/1.1" 200 132917 "-" "Mozilla/5.0 (Linux; Android 6.0.1; Nexus 5X Build/MMB29P) AppleWebKit/537.36 (KHTML, like Gecko) Chrome/144.0.7559.132 Mobile Safari/537.36 (compatible; Googlebot/2.1; +http://www.google.com/bot.html)" mail.acesolutions-ksa.com 74.220.219.162
66.249.73.233 - - [10/Feb/2026:21:41:25 -0700] "GET /pcmypage?callback=/product%2Fdetail%2m80882538223 HTTP/1.1" 200 132917 "-" "Mozilla/5.0 (Linux; Android 6.0.1; Nexus 5X Build/MMB29P) AppleWebKit/537.36 (KHTML, like Gecko) Chrome/144.0.7559.132 Mobile Safari/537.36 (compatible; Googlebot/2.1; +http://www.google.com/bot.html)" mail.acesolutions-ksa.com 74.220.219.162
66.249.73.234 - - [10/Feb/2026:21:41:29 -0700] "GET /?detail/150041983851 HTTP/1.1" 200 133391 "-" "Mozilla/5.0 (Linux; Android 6.0.1; Nexus 5X Build/MMB29P) AppleWebKit/537.36 (KHTML, like Gecko) Chrome/144.0.7559.132 Mobile Safari/537.36 (compatible; Googlebot/2.1; +http://www.google.com/bot.html)" mail.acesolutions-ksa.com 74.220.219.162
66.249.73.234 - - [10/Feb/2026:21:41:29 -0700] "GET /?detail/150041983851 HTTP/1.1" 200 133391 "-" "Mozilla/5.0 (Linux; Android 6.0.1; Nexus 5X Build/MMB29P) AppleWebKit/537.36 (KHTML, like Gecko) Chrome/144.0.7559.132 Mobile Safari/537.36 (compatible; Googlebot/2.1; +http://www.google.com/bot.html)" mail.acesolutions-ksa.com 74.220.219.162
66.249.73.233 - - [10/Feb/2026:21:41:30 -0700] "GET /?jp/223010303.html HTTP/1.1" 200 134028 "-" "Mozilla/5.0 (Linux; Android 6.0.1; Nexus 5X Build/MMB29P) AppleWebKit/537.36 (KHTML, like Gecko) Chrome/144.0.7559.132 Mobile Safari/537.36 (compatible; Googlebot/2.1; +http://www.google.com/bot.html)" mail.acesolutions-ksa.com 74.220.219.162
66.249.73.233 - - [10/Feb/2026:21:41:30 -0700] "GET /?jp/223010303.html HTTP/1.1" 200 134028 "-" "Mozilla/5.0 (Linux; Android 6.0.1; Nexus 5X Build/MMB29P) AppleWebKit/537.36 (KHTML, like Gecko) Chrome/144.0.7559.132 Mobile Safari/537.36 (compatible; Googlebot/2.1; +http://www.google.com/bot.html)" mail.acesolutions-ksa.com 74.220.219.162
204.12.208.18 - - [10/Feb/2026:21:45:55 -0700] "GET /wp-includes/imcb4f51/index.php HTTP/1.1" 409 83 "https://acesolutions-ksa.ovochi.com/wp-includes/imcb4f51/index.php" "Mozilla/5.0 (Macintosh; U; Intel Mac OS X 10_5_6; ja-jp) AppleWebKit/528.16 (KHTML, like Gecko) Version/4.0 Safari/528.16" acesolutions-ksa.ovochi.com 74.220.219.162
204.12.208.18 - - [10/Feb/2026:21:45:55 -0700] "GET /wp-includes/imcb4f51/index.php HTTP/1.1" 409 83 "https://acesolutions-ksa.ovochi.com/wp-includes/imcb4f51/index.php" "Mozilla/5.0 (Macintosh; Intel Mac OS X 10_6_8) AppleWebKit/534.57.2 (KHTML, like Gecko) Version/5.1.7 Safari/534.57.2" acesolutions-ksa.ovochi.com 74.220.219.162
204.12.208.18 - - [10/Feb/2026:21:45:56 -0700] "GET /wp-includes/imcb4f51/index.php HTTP/1.1" 409 83 "https://acesolutions-ksa.ovochi.com/wp-includes/imcb4f51/index.php" "Opera/9.80 (Windows NT 6.1; U; ja) Presto/2.9.168 Version/11.50" acesolutions-ksa.ovochi.com 74.220.219.162
204.12.208.18 - - [10/Feb/2026:21:46:06 -0700] "GET /wp-includes/ad060e80/index.php HTTP/2.0" 409 83 "https://acesolutions-ksa.com/wp-includes/ad060e80/index.php" "Mozilla/5.0 (Macintosh; U; PPC Mac OS X; ja-jp) AppleWebKit/523.10.6 (KHTML, like Gecko) Version/3.0.4 Safari/523.10.6" acesolutions-ksa.com 74.220.219.162
204.12.208.18 - - [10/Feb/2026:21:46:07 -0700] "GET /wp-includes/ad060e80/index.php HTTP/2.0" 409 83 "https://acesolutions-ksa.com/wp-includes/ad060e80/index.php" "Mozilla/5.0 (Macintosh; U; PPC Mac OS X; ja-jp) AppleWebKit/523.12 (KHTML, like Gecko) Version/3.0.4 Safari/523.12" acesolutions-ksa.com 74.220.219.162
204.12.208.18 - - [10/Feb/2026:21:46:07 -0700] "GET /wp-includes/ad060e80/index.php HTTP/2.0" 409 83 "https://acesolutions-ksa.com/wp-includes/ad060e80/index.php" "Mozilla/5.0 (Macintosh; U; Intel Mac OS X 10_5_5; ja-jp) AppleWebKit/525.26.2 (KHTML, like Gecko) Version/3.2 Safari/525.26.12" acesolutions-ksa.com 74.220.219.162
204.12.208.18 - - [10/Feb/2026:21:46:20 -0700] "GET /wp-includes/ad997fce/index.php HTTP/1.1" 409 83 "https://mail.acesolutions-ksa.com/wp-includes/ad997fce/index.php" "Mozilla/5.0 (Macintosh; U; Intel Mac OS X 10_6_3; ja-jp) AppleWebKit/531.21.11 (KHTML, like Gecko) Version/4.0.4 Safari/531.21.10" mail.acesolutions-ksa.com 74.220.219.162
204.12.208.18 - - [10/Feb/2026:21:46:20 -0700] "GET /wp-includes/ad997fce/index.php HTTP/1.1" 409 83 "https://mail.acesolutions-ksa.com/wp-includes/ad997fce/index.php" "Mozilla/4.0 (compatible; MSIE 6.0; X11; Linux i686; ja) Opera 10.10" mail.acesolutions-ksa.com 74.220.219.162
204.12.208.18 - - [10/Feb/2026:21:46:20 -0700] "GET /wp-includes/ad997fce/index.php HTTP/1.1" 409 83 "https://mail.acesolutions-ksa.com/wp-includes/ad997fce/index.php" "Opera/9.80 (Macintosh; Intel Mac OS X 10.6.8; U; ja) Presto/2.10.289 Version/12.00" mail.acesolutions-ksa.com 74.220.219.162
23.180.120.132 - - [10/Feb/2026:21:50:47 -0700] "GET / HTTP/1.1" 200 1838 "-" "Mozilla/5.0 (Windows NT 10.0; Win64; x64) AppleWebKit/537.36 Chrome/122.0.0.0 Safari/537.36" mail.acesolutions-ksa.com 74.220.219.162
23.180.120.132 - - [10/Feb/2026:21:50:47 -0700] "GET / HTTP/1.1" 200 1838 "-" "Mozilla/5.0 (Windows NT 10.0; Win64; x64) AppleWebKit/537.36 Chrome/122.0.0.0 Safari/537.36" mail.acesolutions-ksa.com 74.220.219.162
104.219.215.160 - - [10/Feb/2026:21:50:54 -0700] "GET /wp-content/pl2efd21/index.php HTTP/1.1" 500 - "https://mail.acesolutions-ksa.com/wp-content/pl2efd21/index.php" "Mozilla/5.0 (Windows NT 10.0; Win64; x64) AppleWebKit/537.36 (KHTML, like Gecko) Chrome/58.0.3029.110 Safari/537.3" mail.acesolutions-ksa.com 74.220.219.162
104.219.215.160 - - [10/Feb/2026:21:50:54 -0700] "GET /wp-content/pl2efd21/index.php HTTP/1.1" 500 - "https://mail.acesolutions-ksa.com/wp-content/pl2efd21/index.php" "Mozilla/5.0 (Windows NT 10.0; Win64; x64) AppleWebKit/537.36 (KHTML, like Gecko) Chrome/58.0.3029.110 Safari/537.3" mail.acesolutions-ksa.com 74.220.219.162
104.219.215.160 - - [10/Feb/2026:21:50:52 -0700] "GET /wp-content/pl2efd21/index.php HTTP/1.1" 500 - "https://mail.acesolutions-ksa.com/wp-content/pl2efd21/index.php" "Mozilla/5.0 (Windows NT 10.0; Win64; x64) AppleWebKit/537.36 (KHTML, like Gecko) Chrome/58.0.3029.110 Safari/537.3" mail.acesolutions-ksa.com 74.220.219.162
104.219.215.160 - - [10/Feb/2026:21:50:51 -0700] "GET /wp-content/pl2efd21/index.php HTTP/1.1" 500 - "https://mail.acesolutions-ksa.com/wp-content/pl2efd21/index.php" "Mozilla/5.0 (Windows NT 10.0; Win64; x64) AppleWebKit/537.36 (KHTML, like Gecko) Chrome/58.0.3029.110 Safari/537.3" mail.acesolutions-ksa.com 74.220.219.162
66.249.73.232 - - [10/Feb/2026:21:53:21 -0700] "GET /?goods/239001963 HTTP/1.1" 200 133133 "-" "Mozilla/5.0 (Linux; Android 6.0.1; Nexus 5X Build/MMB29P) AppleWebKit/537.36 (KHTML, like Gecko) Chrome/144.0.7559.132 Mobile Safari/537.36 (compatible; Googlebot/2.1; +http://www.google.com/bot.html)" mail.acesolutions-ksa.com 74.220.219.162
66.249.73.232 - - [10/Feb/2026:21:53:21 -0700] "GET /?goods/239001963 HTTP/1.1" 200 133133 "-" "Mozilla/5.0 (Linux; Android 6.0.1; Nexus 5X Build/MMB29P) AppleWebKit/537.36 (KHTML, like Gecko) Chrome/144.0.7559.132 Mobile Safari/537.36 (compatible; Googlebot/2.1; +http://www.google.com/bot.html)" mail.acesolutions-ksa.com 74.220.219.162
66.249.73.233 - - [10/Feb/2026:22:10:29 -0700] "GET /?goods/294029551 HTTP/1.1" 200 133009 "-" "Mozilla/5.0 (Linux; Android 6.0.1; Nexus 5X Build/MMB29P) AppleWebKit/537.36 (KHTML, like Gecko) Chrome/144.0.7559.132 Mobile Safari/537.36 (compatible; Googlebot/2.1; +http://www.google.com/bot.html)" mail.acesolutions-ksa.com 74.220.219.162
66.249.73.233 - - [10/Feb/2026:22:10:29 -0700] "GET /?goods/294029551 HTTP/1.1" 200 133009 "-" "Mozilla/5.0 (Linux; Android 6.0.1; Nexus 5X Build/MMB29P) AppleWebKit/537.36 (KHTML, like Gecko) Chrome/144.0.7559.132 Mobile Safari/537.36 (compatible; Googlebot/2.1; +http://www.google.com/bot.html)" mail.acesolutions-ksa.com 74.220.219.162
101.99.88.90 - - [10/Feb/2026:22:10:54 -0700] "GET / HTTP/1.1" 200 558414 "-" "Mozilla/5.0 (compatible; Googlebot/2.1; +http://www.google.com/bot.html)" mail.acesolutions-ksa.com 74.220.219.162
101.99.88.90 - - [10/Feb/2026:22:10:54 -0700] "GET / HTTP/1.1" 200 558414 "-" "Mozilla/5.0 (compatible; Googlebot/2.1; +http://www.google.com/bot.html)" mail.acesolutions-ksa.com 74.220.219.162
66.249.73.233 - - [10/Feb/2026:22:12:01 -0700] "GET /?h=057019438 HTTP/1.1" 200 133522 "-" "Mozilla/5.0 (Linux; Android 6.0.1; Nexus 5X Build/MMB29P) AppleWebKit/537.36 (KHTML, like Gecko) Chrome/144.0.7559.132 Mobile Safari/537.36 (compatible; Googlebot/2.1; +http://www.google.com/bot.html)" mail.acesolutions-ksa.com 74.220.219.162
66.249.73.233 - - [10/Feb/2026:22:12:01 -0700] "GET /?h=057019438 HTTP/1.1" 200 133522 "-" "Mozilla/5.0 (Linux; Android 6.0.1; Nexus 5X Build/MMB29P) AppleWebKit/537.36 (KHTML, like Gecko) Chrome/144.0.7559.132 Mobile Safari/537.36 (compatible; Googlebot/2.1; +http://www.google.com/bot.html)" mail.acesolutions-ksa.com 74.220.219.162
66.249.73.233 - - [10/Feb/2026:22:14:38 -0700] "GET /?_d=231024209 HTTP/1.1" 200 132977 "-" "Mozilla/5.0 (Linux; Android 6.0.1; Nexus 5X Build/MMB29P) AppleWebKit/537.36 (KHTML, like Gecko) Chrome/144.0.7559.132 Mobile Safari/537.36 (compatible; Googlebot/2.1; +http://www.google.com/bot.html)" mail.acesolutions-ksa.com 74.220.219.162
