173.208.176.202 - - [10/Feb/2026:23:51:47 -0700] "GET /wp-content/ad408434/index.php?id=747455 HTTP/1.1" 200 - "https://mail.acesolutions-ksa.com/wp-content/ad408434/index.php?id=747455" "Mozilla/5.0 (Windows NT 10.0; Win64; x64) AppleWebKit/537.36 (KHTML, like Gecko) Chrome/58.0.3029.110 Safari/537.3" mail.acesolutions-ksa.com 74.220.219.162
173.208.176.202 - - [10/Feb/2026:23:51:47 -0700] "GET /wp-content/ad408434/index.php?id=747455 HTTP/1.1" 200 - "https://mail.acesolutions-ksa.com/wp-content/ad408434/index.php?id=747455" "Mozilla/5.0 (Windows NT 10.0; Win64; x64) AppleWebKit/537.36 (KHTML, like Gecko) Chrome/58.0.3029.110 Safari/537.3" mail.acesolutions-ksa.com 74.220.219.162
173.208.176.202 - - [10/Feb/2026:23:51:46 -0700] "GET /wp-content/js4fcc46/index.php?id=894557 HTTP/1.1" 200 - "https://mail.acesolutions-ksa.com/wp-content/js4fcc46/index.php?id=894557" "Mozilla/5.0 (Windows NT 10.0; Win64; x64) AppleWebKit/537.36 (KHTML, like Gecko) Chrome/58.0.3029.110 Safari/537.3" mail.acesolutions-ksa.com 74.220.219.162
173.208.176.202 - - [10/Feb/2026:23:51:46 -0700] "GET /wp-content/js4fcc46/index.php?id=894557 HTTP/1.1" 200 - "https://mail.acesolutions-ksa.com/wp-content/js4fcc46/index.php?id=894557" "Mozilla/5.0 (Windows NT 10.0; Win64; x64) AppleWebKit/537.36 (KHTML, like Gecko) Chrome/58.0.3029.110 Safari/537.3" mail.acesolutions-ksa.com 74.220.219.162
173.208.176.202 - - [10/Feb/2026:23:51:50 -0700] "GET /wp-includes/wpe9cc05/index.php?id=69825 HTTP/1.1" 200 - "https://mail.acesolutions-ksa.com/wp-includes/wpe9cc05/index.php?id=69825" "Mozilla/5.0 (Windows NT 10.0; Win64; x64) AppleWebKit/537.36 (KHTML, like Gecko) Chrome/58.0.3029.110 Safari/537.3" mail.acesolutions-ksa.com 74.220.219.162
173.208.176.202 - - [10/Feb/2026:23:51:50 -0700] "GET /wp-includes/wpe9cc05/index.php?id=69825 HTTP/1.1" 200 - "https://mail.acesolutions-ksa.com/wp-includes/wpe9cc05/index.php?id=69825" "Mozilla/5.0 (Windows NT 10.0; Win64; x64) AppleWebKit/537.36 (KHTML, like Gecko) Chrome/58.0.3029.110 Safari/537.3" mail.acesolutions-ksa.com 74.220.219.162
173.208.176.202 - - [10/Feb/2026:23:51:55 -0700] "GET /wp-includes/ad2f82ce/index.php?id=758406 HTTP/1.1" 200 - "https://mail.acesolutions-ksa.com/wp-includes/ad2f82ce/index.php?id=758406" "Mozilla/5.0 (Windows NT 10.0; Win64; x64) AppleWebKit/537.36 (KHTML, like Gecko) Chrome/58.0.3029.110 Safari/537.3" mail.acesolutions-ksa.com 74.220.219.162
173.208.176.202 - - [10/Feb/2026:23:51:55 -0700] "GET /wp-includes/ad2f82ce/index.php?id=758406 HTTP/1.1" 200 - "https://mail.acesolutions-ksa.com/wp-includes/ad2f82ce/index.php?id=758406" "Mozilla/5.0 (Windows NT 10.0; Win64; x64) AppleWebKit/537.36 (KHTML, like Gecko) Chrome/58.0.3029.110 Safari/537.3" mail.acesolutions-ksa.com 74.220.219.162
66.249.73.232 - - [10/Feb/2026:23:53:48 -0700] "GET /?goods/095043183 HTTP/1.1" 200 132794 "-" "Mozilla/5.0 (Linux; Android 6.0.1; Nexus 5X Build/MMB29P) AppleWebKit/537.36 (KHTML, like Gecko) Chrome/144.0.7559.132 Mobile Safari/537.36 (compatible; Googlebot/2.1; +http://www.google.com/bot.html)" mail.acesolutions-ksa.com 74.220.219.162
66.249.73.232 - - [10/Feb/2026:23:53:48 -0700] "GET /?goods/095043183 HTTP/1.1" 200 132794 "-" "Mozilla/5.0 (Linux; Android 6.0.1; Nexus 5X Build/MMB29P) AppleWebKit/537.36 (KHTML, like Gecko) Chrome/144.0.7559.132 Mobile Safari/537.36 (compatible; Googlebot/2.1; +http://www.google.com/bot.html)" mail.acesolutions-ksa.com 74.220.219.162
66.249.73.234 - - [10/Feb/2026:23:53:48 -0700] "GET /?jp/144024137.html HTTP/1.1" 200 133312 "-" "Mozilla/5.0 (Linux; Android 6.0.1; Nexus 5X Build/MMB29P) AppleWebKit/537.36 (KHTML, like Gecko) Chrome/144.0.7559.132 Mobile Safari/537.36 (compatible; Googlebot/2.1; +http://www.google.com/bot.html)" mail.acesolutions-ksa.com 74.220.219.162
66.249.73.234 - - [10/Feb/2026:23:53:48 -0700] "GET /?jp/144024137.html HTTP/1.1" 200 133312 "-" "Mozilla/5.0 (Linux; Android 6.0.1; Nexus 5X Build/MMB29P) AppleWebKit/537.36 (KHTML, like Gecko) Chrome/144.0.7559.132 Mobile Safari/537.36 (compatible; Googlebot/2.1; +http://www.google.com/bot.html)" mail.acesolutions-ksa.com 74.220.219.162
173.208.176.202 - - [10/Feb/2026:23:53:22 -0700] "GET /wp-includes/wpe9cc05/index.php?id=69825 HTTP/1.1" 200 - "https://mail.acesolutions-ksa.com/wp-includes/wpe9cc05/index.php?id=69825" "Mozilla/5.0 (Windows NT 10.0; Win64; x64) AppleWebKit/537.36 (KHTML, like Gecko) Chrome/58.0.3029.110 Safari/537.3" mail.acesolutions-ksa.com 74.220.219.162
173.208.176.202 - - [10/Feb/2026:23:53:22 -0700] "GET /wp-includes/wpe9cc05/index.php?id=69825 HTTP/1.1" 200 - "https://mail.acesolutions-ksa.com/wp-includes/wpe9cc05/index.php?id=69825" "Mozilla/5.0 (Windows NT 10.0; Win64; x64) AppleWebKit/537.36 (KHTML, like Gecko) Chrome/58.0.3029.110 Safari/537.3" mail.acesolutions-ksa.com 74.220.219.162
173.208.176.202 - - [10/Feb/2026:23:53:18 -0700] "GET /wp-content/ad408434/index.php?id=747455 HTTP/1.1" 200 - "https://mail.acesolutions-ksa.com/wp-content/ad408434/index.php?id=747455" "Mozilla/5.0 (Windows NT 10.0; Win64; x64) AppleWebKit/537.36 (KHTML, like Gecko) Chrome/58.0.3029.110 Safari/537.3" mail.acesolutions-ksa.com 74.220.219.162
173.208.176.202 - - [10/Feb/2026:23:53:18 -0700] "GET /wp-content/ad408434/index.php?id=747455 HTTP/1.1" 200 - "https://mail.acesolutions-ksa.com/wp-content/ad408434/index.php?id=747455" "Mozilla/5.0 (Windows NT 10.0; Win64; x64) AppleWebKit/537.36 (KHTML, like Gecko) Chrome/58.0.3029.110 Safari/537.3" mail.acesolutions-ksa.com 74.220.219.162
173.208.176.202 - - [10/Feb/2026:23:54:51 -0700] "GET /wp-includes/wpe9cc05/index.php?id=69825 HTTP/1.1" 200 - "https://mail.acesolutions-ksa.com/wp-includes/wpe9cc05/index.php?id=69825" "Mozilla/5.0 (Windows NT 10.0; Win64; x64) AppleWebKit/537.36 (KHTML, like Gecko) Chrome/58.0.3029.110 Safari/537.3" mail.acesolutions-ksa.com 74.220.219.162
173.208.176.202 - - [10/Feb/2026:23:54:51 -0700] "GET /wp-content/ad408434/index.php?id=747455 HTTP/1.1" 200 - "https://mail.acesolutions-ksa.com/wp-content/ad408434/index.php?id=747455" "Mozilla/5.0 (Windows NT 10.0; Win64; x64) AppleWebKit/537.36 (KHTML, like Gecko) Chrome/58.0.3029.110 Safari/537.3" mail.acesolutions-ksa.com 74.220.219.162
173.208.176.202 - - [10/Feb/2026:23:53:22 -0700] "GET /wp-content/js4fcc46/index.php?id=894557 HTTP/1.1" 200 - "https://mail.acesolutions-ksa.com/wp-content/js4fcc46/index.php?id=894557" "Mozilla/5.0 (Windows NT 10.0; Win64; x64) AppleWebKit/537.36 (KHTML, like Gecko) Chrome/58.0.3029.110 Safari/537.3" mail.acesolutions-ksa.com 74.220.219.162
173.208.176.202 - - [10/Feb/2026:23:53:22 -0700] "GET /wp-content/js4fcc46/index.php?id=894557 HTTP/1.1" 200 - "https://mail.acesolutions-ksa.com/wp-content/js4fcc46/index.php?id=894557" "Mozilla/5.0 (Windows NT 10.0; Win64; x64) AppleWebKit/537.36 (KHTML, like Gecko) Chrome/58.0.3029.110 Safari/537.3" mail.acesolutions-ksa.com 74.220.219.162
173.208.176.202 - - [10/Feb/2026:23:54:53 -0700] "GET /wp-content/js4fcc46/index.php?id=894557 HTTP/1.1" 200 - "https://mail.acesolutions-ksa.com/wp-content/js4fcc46/index.php?id=894557" "Mozilla/5.0 (Windows NT 10.0; Win64; x64) AppleWebKit/537.36 (KHTML, like Gecko) Chrome/58.0.3029.110 Safari/537.3" mail.acesolutions-ksa.com 74.220.219.162
173.208.176.202 - - [10/Feb/2026:23:53:24 -0700] "GET /wp-includes/ad2f82ce/index.php?id=758406 HTTP/1.1" 200 - "https://mail.acesolutions-ksa.com/wp-includes/ad2f82ce/index.php?id=758406" "Mozilla/5.0 (Windows NT 10.0; Win64; x64) AppleWebKit/537.36 (KHTML, like Gecko) Chrome/58.0.3029.110 Safari/537.3" mail.acesolutions-ksa.com 74.220.219.162
173.208.176.202 - - [10/Feb/2026:23:53:24 -0700] "GET /wp-includes/ad2f82ce/index.php?id=758406 HTTP/1.1" 200 - "https://mail.acesolutions-ksa.com/wp-includes/ad2f82ce/index.php?id=758406" "Mozilla/5.0 (Windows NT 10.0; Win64; x64) AppleWebKit/537.36 (KHTML, like Gecko) Chrome/58.0.3029.110 Safari/537.3" mail.acesolutions-ksa.com 74.220.219.162
173.208.176.202 - - [10/Feb/2026:23:55:00 -0700] "GET /wp-includes/ad2f82ce/index.php?id=758406 HTTP/1.1" 200 - "https://mail.acesolutions-ksa.com/wp-includes/ad2f82ce/index.php?id=758406" "Mozilla/5.0 (Windows NT 10.0; Win64; x64) AppleWebKit/537.36 (KHTML, like Gecko) Chrome/58.0.3029.110 Safari/537.3" mail.acesolutions-ksa.com 74.220.219.162
66.249.73.234 - - [10/Feb/2026:23:56:50 -0700] "GET /?detail/00103594751673 HTTP/1.1" 200 134129 "-" "Mozilla/5.0 (Linux; Android 6.0.1; Nexus 5X Build/MMB29P) AppleWebKit/537.36 (KHTML, like Gecko) Chrome/144.0.7559.132 Mobile Safari/537.36 (compatible; Googlebot/2.1; +http://www.google.com/bot.html)" mail.acesolutions-ksa.com 74.220.219.162
66.249.73.234 - - [10/Feb/2026:23:56:50 -0700] "GET /?detail/00103594751673 HTTP/1.1" 200 134129 "-" "Mozilla/5.0 (Linux; Android 6.0.1; Nexus 5X Build/MMB29P) AppleWebKit/537.36 (KHTML, like Gecko) Chrome/144.0.7559.132 Mobile Safari/537.36 (compatible; Googlebot/2.1; +http://www.google.com/bot.html)" mail.acesolutions-ksa.com 74.220.219.162
66.249.73.232 - - [10/Feb/2026:23:58:18 -0700] "GET /?jp/295003415.html HTTP/1.1" 200 134087 "-" "Mozilla/5.0 (Linux; Android 6.0.1; Nexus 5X Build/MMB29P) AppleWebKit/537.36 (KHTML, like Gecko) Chrome/144.0.7559.132 Mobile Safari/537.36 (compatible; Googlebot/2.1; +http://www.google.com/bot.html)" mail.acesolutions-ksa.com 74.220.219.162
66.249.73.232 - - [10/Feb/2026:23:58:18 -0700] "GET /?jp/295003415.html HTTP/1.1" 200 134087 "-" "Mozilla/5.0 (Linux; Android 6.0.1; Nexus 5X Build/MMB29P) AppleWebKit/537.36 (KHTML, like Gecko) Chrome/144.0.7559.132 Mobile Safari/537.36 (compatible; Googlebot/2.1; +http://www.google.com/bot.html)" mail.acesolutions-ksa.com 74.220.219.162
66.249.73.233 - - [10/Feb/2026:23:58:51 -0700] "GET /?_v=061013839 HTTP/1.1" 200 133116 "-" "Mozilla/5.0 (Linux; Android 6.0.1; Nexus 5X Build/MMB29P) AppleWebKit/537.36 (KHTML, like Gecko) Chrome/144.0.7559.132 Mobile Safari/537.36 (compatible; Googlebot/2.1; +http://www.google.com/bot.html)" mail.acesolutions-ksa.com 74.220.219.162
66.249.73.233 - - [10/Feb/2026:23:58:51 -0700] "GET /?_v=061013839 HTTP/1.1" 200 133116 "-" "Mozilla/5.0 (Linux; Android 6.0.1; Nexus 5X Build/MMB29P) AppleWebKit/537.36 (KHTML, like Gecko) Chrome/144.0.7559.132 Mobile Safari/537.36 (compatible; Googlebot/2.1; +http://www.google.com/bot.html)" mail.acesolutions-ksa.com 74.220.219.162
40.77.167.247 - - [10/Feb/2026:23:59:29 -0700] "GET /products/4021393 HTTP/2.0" 200 33 "-" "Mozilla/5.0 AppleWebKit/537.36 (KHTML, like Gecko; compatible; bingbot/2.0; +http://www.bing.com/bingbot.htm) Chrome/116.0.1938.76 Safari/537.36" acesolutions-ksa.com 74.220.219.162
66.249.73.232 - - [10/Feb/2026:23:59:52 -0700] "GET /?goods/212037172 HTTP/1.1" 200 132971 "-" "Mozilla/5.0 (Linux; Android 6.0.1; Nexus 5X Build/MMB29P) AppleWebKit/537.36 (KHTML, like Gecko) Chrome/144.0.7559.132 Mobile Safari/537.36 (compatible; Googlebot/2.1; +http://www.google.com/bot.html)" mail.acesolutions-ksa.com 74.220.219.162
66.249.73.232 - - [10/Feb/2026:23:59:51 -0700] "GET /?goods/212037172 HTTP/1.1" 200 132971 "-" "Mozilla/5.0 (Linux; Android 6.0.1; Nexus 5X Build/MMB29P) AppleWebKit/537.36 (KHTML, like Gecko) Chrome/144.0.7559.132 Mobile Safari/537.36 (compatible; Googlebot/2.1; +http://www.google.com/bot.html)" mail.acesolutions-ksa.com 74.220.219.162
45.155.68.138 - - [11/Feb/2026:00:08:58 -0700] "GET /.env HTTP/1.1" 406 226 "-" "Mozilla/5.0 (X11; Ubuntu; Linux x86_64; rv:147.0) Gecko/20100101 Firefox/147.0" cpanel.acesolutions-ksa.com 74.220.219.162
40.77.167.38 - - [11/Feb/2026:00:16:13 -0700] "GET /products/28509904 HTTP/2.0" 200 33 "-" "Mozilla/5.0 AppleWebKit/537.36 (KHTML, like Gecko; compatible; bingbot/2.0; +http://www.bing.com/bingbot.htm) Chrome/116.0.1938.76 Safari/537.36" acesolutions-ksa.com 74.220.219.162
204.12.208.18 - - [11/Feb/2026:00:19:57 -0700] "GET /wp-includes/imcb4f51/index.php HTTP/1.1" 200 26 "https://acesolutions-ksa.ovochi.com/wp-includes/imcb4f51/index.php" "Mozilla/5.0 (Macintosh; U; Intel Mac OS X 10_6_3; ja-jp) AppleWebKit/533.16 (KHTML, like Gecko) Version/5.0 Safari/533.16" acesolutions-ksa.ovochi.com 74.220.219.162
204.12.208.18 - - [11/Feb/2026:00:19:56 -0700] "GET /wp-includes/imcb4f51/index.php HTTP/1.1" 200 26 "https://acesolutions-ksa.ovochi.com/wp-includes/imcb4f51/index.php" "Mozilla/5.0 (Macintosh; U; Intel Mac OS X 10_6_3; ja-jp) AppleWebKit/533.16 (KHTML, like Gecko) Version/5.0 Safari/533.16" acesolutions-ksa.ovochi.com 74.220.219.162
204.12.208.18 - - [11/Feb/2026:00:20:11 -0700] "GET /wp-includes/ad060e80/index.php HTTP/2.0" 200 26 "https://acesolutions-ksa.com/wp-includes/ad060e80/index.php" "Mozilla/5.0 (Macintosh; U; Intel Mac OS X 10_5_6; ja-jp) AppleWebKit/525.27.1 (KHTML, like Gecko) Version/3.2.1 Safari/525.27.1" acesolutions-ksa.com 74.220.219.162
204.12.208.18 - - [11/Feb/2026:00:20:30 -0700] "GET /wp-includes/ad997fce/index.php HTTP/1.1" 200 26 "https://mail.acesolutions-ksa.com/wp-includes/ad997fce/index.php" "Mozilla/5.0 (Macintosh; U; PPC Mac OS X 10_4_11; ja-jp) AppleWebKit/525.13 (KHTML, like Gecko) Version/3.1 Safari/525.13" mail.acesolutions-ksa.com 74.220.219.162
204.12.208.18 - - [11/Feb/2026:00:20:30 -0700] "GET /wp-includes/ad997fce/index.php HTTP/1.1" 200 26 "https://mail.acesolutions-ksa.com/wp-includes/ad997fce/index.php" "Mozilla/5.0 (Macintosh; U; PPC Mac OS X 10_4_11; ja-jp) AppleWebKit/525.13 (KHTML, like Gecko) Version/3.1 Safari/525.13" mail.acesolutions-ksa.com 74.220.219.162
204.12.208.18 - - [11/Feb/2026:00:19:37 -0700] "GET /wp-includes/imcb4f51/index.php HTTP/1.1" 200 - "https://acesolutions-ksa.ovochi.com/wp-includes/imcb4f51/index.php" "Mozilla/5.0 (Macintosh; Intel Mac OS X 10.5; rv:5.0.1) Gecko/20100101 Firefox/5.0.1" acesolutions-ksa.ovochi.com 74.220.219.162
204.12.208.18 - - [11/Feb/2026:00:19:36 -0700] "GET /wp-includes/imcb4f51/index.php HTTP/1.1" 200 - "https://acesolutions-ksa.ovochi.com/wp-includes/imcb4f51/index.php" "Mozilla/5.0 (Macintosh; Intel Mac OS X 10.5; rv:5.0.1) Gecko/20100101 Firefox/5.0.1" acesolutions-ksa.ovochi.com 74.220.219.162
204.12.208.18 - - [11/Feb/2026:00:19:50 -0700] "GET /wp-includes/ad060e80/index.php HTTP/2.0" 200 - "https://acesolutions-ksa.com/wp-includes/ad060e80/index.php" "Mozilla/5.0 (Macintosh; Intel Mac OS X 10_6_8) AppleWebKit/535.1 (KHTML, like Gecko) RockMelt/0.9.64.361 Chrome/13.0.782.218 Safari/535.1" acesolutions-ksa.com 74.220.219.162
204.12.208.18 - - [11/Feb/2026:00:20:10 -0700] "GET /wp-includes/ad997fce/index.php HTTP/1.1" 200 - "https://mail.acesolutions-ksa.com/wp-includes/ad997fce/index.php" "Mozilla/5.0 (Macintosh; U; Intel Mac OS X 10_5_5; ja-jp) AppleWebKit/525.26.2 (KHTML, like Gecko) Version/3.2 Safari/525.26.12" mail.acesolutions-ksa.com 74.220.219.162
204.12.208.18 - - [11/Feb/2026:00:20:10 -0700] "GET /wp-includes/ad997fce/index.php HTTP/1.1" 200 - "https://mail.acesolutions-ksa.com/wp-includes/ad997fce/index.php" "Mozilla/5.0 (Macintosh; U; Intel Mac OS X 10_5_5; ja-jp) AppleWebKit/525.26.2 (KHTML, like Gecko) Version/3.2 Safari/525.26.12" mail.acesolutions-ksa.com 74.220.219.162
173.208.176.202 - - [11/Feb/2026:00:21:06 -0700] "GET /wp-includes/imcb4f51/index.php?id=24679 HTTP/1.1" 200 - "https://acesolutions-ksa.ovochi.com/wp-includes/imcb4f51/index.php?id=24679" "Mozilla/5.0 (Windows NT 10.0; Win64; x64) AppleWebKit/537.36 (KHTML, like Gecko) Chrome/58.0.3029.110 Safari/537.3" acesolutions-ksa.ovochi.com 74.220.219.162
173.208.176.202 - - [11/Feb/2026:00:21:06 -0700] "GET /wp-includes/imcb4f51/index.php?id=24679 HTTP/1.1" 200 - "https://acesolutions-ksa.ovochi.com/wp-includes/imcb4f51/index.php?id=24679" "Mozilla/5.0 (Windows NT 10.0; Win64; x64) AppleWebKit/537.36 (KHTML, like Gecko) Chrome/58.0.3029.110 Safari/537.3" acesolutions-ksa.ovochi.com 74.220.219.162
204.12.208.18 - - [11/Feb/2026:00:22:38 -0700] "GET /wp-content/jsb218b9/index.php HTTP/1.1" 500 - "https://acesolutions-ksa.ovochi.com/wp-content/jsb218b9/index.php" "Mozilla/5.0 (Windows NT 5.1) AppleWebKit/535.2 (KHTML, like Gecko) Chrome/15.0.874.120 Safari/535.2" acesolutions-ksa.ovochi.com 74.220.219.162
204.12.208.18 - - [11/Feb/2026:00:22:38 -0700] "GET /wp-content/jsb218b9/index.php HTTP/1.1" 500 - "https://acesolutions-ksa.ovochi.com/wp-content/jsb218b9/index.php" "Mozilla/5.0 (Windows NT 5.1) AppleWebKit/535.2 (KHTML, like Gecko) Chrome/15.0.874.120 Safari/535.2" acesolutions-ksa.ovochi.com 74.220.219.162
173.208.176.202 - - [11/Feb/2026:00:21:24 -0700] "GET /wp-includes/ad060e80/index.php?id=536270 HTTP/2.0" 200 - "https://acesolutions-ksa.com/wp-includes/ad060e80/index.php?id=536270" "Mozilla/5.0 (Windows NT 10.0; Win64; x64) AppleWebKit/537.36 (KHTML, like Gecko) Chrome/58.0.3029.110 Safari/537.3" acesolutions-ksa.com 74.220.219.162
204.12.208.18 - - [11/Feb/2026:00:23:01 -0700] "GET /wp-content/jsb218b9/index.php HTTP/1.1" 200 26 "https://acesolutions-ksa.ovochi.com/wp-content/jsb218b9/index.php" "Mozilla/5.0 (Windows NT 5.1) AppleWebKit/534.30 (KHTML, like Gecko) Chrome/12.0.742.122 Safari/534.30 ChromePlus/1.6.3.1" acesolutions-ksa.ovochi.com 74.220.219.162
204.12.208.18 - - [11/Feb/2026:00:23:01 -0700] "GET /wp-content/jsb218b9/index.php HTTP/1.1" 200 26 "https://acesolutions-ksa.ovochi.com/wp-content/jsb218b9/index.php" "Mozilla/5.0 (Windows NT 5.1) AppleWebKit/534.30 (KHTML, like Gecko) Chrome/12.0.742.122 Safari/534.30 ChromePlus/1.6.3.1" acesolutions-ksa.ovochi.com 74.220.219.162
173.208.176.202 - - [11/Feb/2026:00:21:40 -0700] "GET /wp-includes/ad997fce/index.php?id=495641 HTTP/1.1" 200 - "https://mail.acesolutions-ksa.com/wp-includes/ad997fce/index.php?id=495641" "Mozilla/5.0 (Windows NT 10.0; Win64; x64) AppleWebKit/537.36 (KHTML, like Gecko) Chrome/58.0.3029.110 Safari/537.3" mail.acesolutions-ksa.com 74.220.219.162
173.208.176.202 - - [11/Feb/2026:00:21:40 -0700] "GET /wp-includes/ad997fce/index.php?id=495641 HTTP/1.1" 200 - "https://mail.acesolutions-ksa.com/wp-includes/ad997fce/index.php?id=495641" "Mozilla/5.0 (Windows NT 10.0; Win64; x64) AppleWebKit/537.36 (KHTML, like Gecko) Chrome/58.0.3029.110 Safari/537.3" mail.acesolutions-ksa.com 74.220.219.162
204.12.208.18 - - [11/Feb/2026:00:23:50 -0700] "GET /wp-includes/ad997fce/index.php HTTP/1.1" 200 26 "https://mail.acesolutions-ksa.com/wp-includes/ad997fce/index.php" "Mozilla/4.0 (compatible; MSIE 7.0; Windows NT 6.0; SLCC1; .NET CLR 2.0.50727; Media Center PC 5.0; .NET CLR 3.0.04506; InfoPath.1)" mail.acesolutions-ksa.com 74.220.219.162
204.12.208.18 - - [11/Feb/2026:00:23:50 -0700] "GET /wp-includes/ad997fce/index.php HTTP/1.1" 200 26 "https://mail.acesolutions-ksa.com/wp-includes/ad997fce/index.php" "Mozilla/4.0 (compatible; MSIE 7.0; Windows NT 6.0; SLCC1; .NET CLR 2.0.50727; Media Center PC 5.0; .NET CLR 3.0.04506; InfoPath.1)" mail.acesolutions-ksa.com 74.220.219.162
173.208.176.202 - - [11/Feb/2026:00:22:35 -0700] "GET /wp-includes/imcb4f51/index.php?id=24679 HTTP/1.1" 200 - "https://acesolutions-ksa.ovochi.com/wp-includes/imcb4f51/index.php?id=24679" "Mozilla/5.0 (Windows NT 10.0; Win64; x64) AppleWebKit/537.36 (KHTML, like Gecko) Chrome/58.0.3029.110 Safari/537.3" acesolutions-ksa.ovochi.com 74.220.219.162
173.208.176.202 - - [11/Feb/2026:00:22:35 -0700] "GET /wp-includes/imcb4f51/index.php?id=24679 HTTP/1.1" 200 - "https://acesolutions-ksa.ovochi.com/wp-includes/imcb4f51/index.php?id=24679" "Mozilla/5.0 (Windows NT 10.0; Win64; x64) AppleWebKit/537.36 (KHTML, like Gecko) Chrome/58.0.3029.110 Safari/537.3" acesolutions-ksa.ovochi.com 74.220.219.162
204.12.208.18 - - [11/Feb/2026:00:22:41 -0700] "GET /wp-content/jsb218b9/index.php HTTP/1.1" 200 - "https://acesolutions-ksa.ovochi.com/wp-content/jsb218b9/index.php" "Mozilla/5.0 (Macintosh; Intel Mac OS X 10.5; rv:8.0.1) Gecko/20100101 Firefox/8.0.1" acesolutions-ksa.ovochi.com 74.220.219.162
204.12.208.18 - - [11/Feb/2026:00:22:41 -0700] "GET /wp-content/jsb218b9/index.php HTTP/1.1" 200 - "https://acesolutions-ksa.ovochi.com/wp-content/jsb218b9/index.php" "Mozilla/5.0 (Macintosh; Intel Mac OS X 10.5; rv:8.0.1) Gecko/20100101 Firefox/8.0.1" acesolutions-ksa.ovochi.com 74.220.219.162
173.208.176.202 - - [11/Feb/2026:00:23:09 -0700] "GET /wp-includes/ad997fce/index.php?id=495641 HTTP/1.1" 200 - "https://mail.acesolutions-ksa.com/wp-includes/ad997fce/index.php?id=495641" "Mozilla/5.0 (Windows NT 10.0; Win64; x64) AppleWebKit/537.36 (KHTML, like Gecko) Chrome/58.0.3029.110 Safari/537.3" mail.acesolutions-ksa.com 74.220.219.162
173.208.176.202 - - [11/Feb/2026:00:23:09 -0700] "GET /wp-includes/ad997fce/index.php?id=495641 HTTP/1.1" 200 - "https://mail.acesolutions-ksa.com/wp-includes/ad997fce/index.php?id=495641" "Mozilla/5.0 (Windows NT 10.0; Win64; x64) AppleWebKit/537.36 (KHTML, like Gecko) Chrome/58.0.3029.110 Safari/537.3" mail.acesolutions-ksa.com 74.220.219.162
66.249.73.233 - - [11/Feb/2026:00:25:14 -0700] "GET /?detail/2680320633295 HTTP/1.1" 200 134029 "-" "Mozilla/5.0 (Linux; Android 6.0.1; Nexus 5X Build/MMB29P) AppleWebKit/537.36 (KHTML, like Gecko) Chrome/144.0.7559.132 Mobile Safari/537.36 (compatible; Googlebot/2.1; +http://www.google.com/bot.html)" mail.acesolutions-ksa.com 74.220.219.162
66.249.73.233 - - [11/Feb/2026:00:25:14 -0700] "GET /?detail/2680320633295 HTTP/1.1" 200 134029 "-" "Mozilla/5.0 (Linux; Android 6.0.1; Nexus 5X Build/MMB29P) AppleWebKit/537.36 (KHTML, like Gecko) Chrome/144.0.7559.132 Mobile Safari/537.36 (compatible; Googlebot/2.1; +http://www.google.com/bot.html)" mail.acesolutions-ksa.com 74.220.219.162
173.208.176.202 - - [11/Feb/2026:00:24:06 -0700] "GET /wp-includes/imcb4f51/index.php?id=24679 HTTP/1.1" 200 - "https://acesolutions-ksa.ovochi.com/wp-includes/imcb4f51/index.php?id=24679" "Mozilla/5.0 (Windows NT 10.0; Win64; x64) AppleWebKit/537.36 (KHTML, like Gecko) Chrome/58.0.3029.110 Safari/537.3" acesolutions-ksa.ovochi.com 74.220.219.162
173.208.176.202 - - [11/Feb/2026:00:24:06 -0700] "GET /wp-includes/imcb4f51/index.php?id=24679 HTTP/1.1" 200 - "https://acesolutions-ksa.ovochi.com/wp-includes/imcb4f51/index.php?id=24679" "Mozilla/5.0 (Windows NT 10.0; Win64; x64) AppleWebKit/537.36 (KHTML, like Gecko) Chrome/58.0.3029.110 Safari/537.3" acesolutions-ksa.ovochi.com 74.220.219.162
173.208.176.202 - - [11/Feb/2026:00:24:15 -0700] "GET /wp-content/jsb218b9/index.php?id=845969 HTTP/1.1" 200 - "https://acesolutions-ksa.ovochi.com/wp-content/jsb218b9/index.php?id=845969" "Mozilla/5.0 (Windows NT 10.0; Win64; x64) AppleWebKit/537.36 (KHTML, like Gecko) Chrome/58.0.3029.110 Safari/537.3" acesolutions-ksa.ovochi.com 74.220.219.162
173.208.176.202 - - [11/Feb/2026:00:24:14 -0700] "GET /wp-content/jsb218b9/index.php?id=845969 HTTP/1.1" 200 - "https://acesolutions-ksa.ovochi.com/wp-content/jsb218b9/index.php?id=845969" "Mozilla/5.0 (Windows NT 10.0; Win64; x64) AppleWebKit/537.36 (KHTML, like Gecko) Chrome/58.0.3029.110 Safari/537.3" acesolutions-ksa.ovochi.com 74.220.219.162
173.208.176.202 - - [11/Feb/2026:00:24:40 -0700] "GET /wp-includes/ad997fce/index.php?id=495641 HTTP/1.1" 200 - "https://mail.acesolutions-ksa.com/wp-includes/ad997fce/index.php?id=495641" "Mozilla/5.0 (Windows NT 10.0; Win64; x64) AppleWebKit/537.36 (KHTML, like Gecko) Chrome/58.0.3029.110 Safari/537.3" mail.acesolutions-ksa.com 74.220.219.162
173.208.176.202 - - [11/Feb/2026:00:24:40 -0700] "GET /wp-includes/ad997fce/index.php?id=495641 HTTP/1.1" 200 - "https://mail.acesolutions-ksa.com/wp-includes/ad997fce/index.php?id=495641" "Mozilla/5.0 (Windows NT 10.0; Win64; x64) AppleWebKit/537.36 (KHTML, like Gecko) Chrome/58.0.3029.110 Safari/537.3" mail.acesolutions-ksa.com 74.220.219.162
173.208.176.202 - - [11/Feb/2026:00:25:37 -0700] "GET /wp-includes/imcb4f51/index.php?id=24679 HTTP/1.1" 200 - "https://acesolutions-ksa.ovochi.com/wp-includes/imcb4f51/index.php?id=24679" "Mozilla/5.0 (Windows NT 10.0; Win64; x64) AppleWebKit/537.36 (KHTML, like Gecko) Chrome/58.0.3029.110 Safari/537.3" acesolutions-ksa.ovochi.com 74.220.219.162
173.208.176.202 - - [11/Feb/2026:00:25:37 -0700] "GET /wp-includes/imcb4f51/index.php?id=24679 HTTP/1.1" 200 - "https://acesolutions-ksa.ovochi.com/wp-includes/imcb4f51/index.php?id=24679" "Mozilla/5.0 (Windows NT 10.0; Win64; x64) AppleWebKit/537.36 (KHTML, like Gecko) Chrome/58.0.3029.110 Safari/537.3" acesolutions-ksa.ovochi.com 74.220.219.162
173.208.176.202 - - [11/Feb/2026:00:25:45 -0700] "GET /wp-content/jsb218b9/index.php?id=845969 HTTP/1.1" 200 - "https://acesolutions-ksa.ovochi.com/wp-content/jsb218b9/index.php?id=845969" "Mozilla/5.0 (Windows NT 10.0; Win64; x64) AppleWebKit/537.36 (KHTML, like Gecko) Chrome/58.0.3029.110 Safari/537.3" acesolutions-ksa.ovochi.com 74.220.219.162
173.208.176.202 - - [11/Feb/2026:00:25:45 -0700] "GET /wp-content/jsb218b9/index.php?id=845969 HTTP/1.1" 200 - "https://acesolutions-ksa.ovochi.com/wp-content/jsb218b9/index.php?id=845969" "Mozilla/5.0 (Windows NT 10.0; Win64; x64) AppleWebKit/537.36 (KHTML, like Gecko) Chrome/58.0.3029.110 Safari/537.3" acesolutions-ksa.ovochi.com 74.220.219.162
173.208.176.202 - - [11/Feb/2026:00:26:09 -0700] "GET /wp-includes/ad997fce/index.php?id=495641 HTTP/1.1" 200 - "https://mail.acesolutions-ksa.com/wp-includes/ad997fce/index.php?id=495641" "Mozilla/5.0 (Windows NT 10.0; Win64; x64) AppleWebKit/537.36 (KHTML, like Gecko) Chrome/58.0.3029.110 Safari/537.3" mail.acesolutions-ksa.com 74.220.219.162
173.208.176.202 - - [11/Feb/2026:00:26:09 -0700] "GET /wp-includes/ad997fce/index.php?id=495641 HTTP/1.1" 200 - "https://mail.acesolutions-ksa.com/wp-includes/ad997fce/index.php?id=495641" "Mozilla/5.0 (Windows NT 10.0; Win64; x64) AppleWebKit/537.36 (KHTML, like Gecko) Chrome/58.0.3029.110 Safari/537.3" mail.acesolutions-ksa.com 74.220.219.162
173.208.176.202 - - [11/Feb/2026:00:27:07 -0700] "GET /wp-includes/imcb4f51/index.php?id=24679 HTTP/1.1" 200 - "https://acesolutions-ksa.ovochi.com/wp-includes/imcb4f51/index.php?id=24679" "Mozilla/5.0 (Windows NT 10.0; Win64; x64) AppleWebKit/537.36 (KHTML, like Gecko) Chrome/58.0.3029.110 Safari/537.3" acesolutions-ksa.ovochi.com 74.220.219.162
173.208.176.202 - - [11/Feb/2026:00:27:07 -0700] "GET /wp-includes/imcb4f51/index.php?id=24679 HTTP/1.1" 200 - "https://acesolutions-ksa.ovochi.com/wp-includes/imcb4f51/index.php?id=24679" "Mozilla/5.0 (Windows NT 10.0; Win64; x64) AppleWebKit/537.36 (KHTML, like Gecko) Chrome/58.0.3029.110 Safari/537.3" acesolutions-ksa.ovochi.com 74.220.219.162
173.208.176.202 - - [11/Feb/2026:00:28:41 -0700] "GET /wp-includes/imcb4f51/index.php?id=24679 HTTP/1.1" 200 - "https://acesolutions-ksa.ovochi.com/wp-includes/imcb4f51/index.php?id=24679" "Mozilla/5.0 (Windows NT 10.0; Win64; x64) AppleWebKit/537.36 (KHTML, like Gecko) Chrome/58.0.3029.110 Safari/537.3" acesolutions-ksa.ovochi.com 74.220.219.162
173.208.176.202 - - [11/Feb/2026:00:27:15 -0700] "GET /wp-content/jsb218b9/index.php?id=845969 HTTP/1.1" 200 - "https://acesolutions-ksa.ovochi.com/wp-content/jsb218b9/index.php?id=845969" "Mozilla/5.0 (Windows NT 10.0; Win64; x64) AppleWebKit/537.36 (KHTML, like Gecko) Chrome/58.0.3029.110 Safari/537.3" acesolutions-ksa.ovochi.com 74.220.219.162
173.208.176.202 - - [11/Feb/2026:00:27:15 -0700] "GET /wp-content/jsb218b9/index.php?id=845969 HTTP/1.1" 200 - "https://acesolutions-ksa.ovochi.com/wp-content/jsb218b9/index.php?id=845969" "Mozilla/5.0 (Windows NT 10.0; Win64; x64) AppleWebKit/537.36 (KHTML, like Gecko) Chrome/58.0.3029.110 Safari/537.3" acesolutions-ksa.ovochi.com 74.220.219.162
173.208.176.202 - - [11/Feb/2026:00:27:47 -0700] "GET /wp-includes/ad997fce/index.php?id=495641 HTTP/1.1" 200 - "https://mail.acesolutions-ksa.com/wp-includes/ad997fce/index.php?id=495641" "Mozilla/5.0 (Windows NT 10.0; Win64; x64) AppleWebKit/537.36 (KHTML, like Gecko) Chrome/58.0.3029.110 Safari/537.3" mail.acesolutions-ksa.com 74.220.219.162
173.208.176.202 - - [11/Feb/2026:00:27:47 -0700] "GET /wp-includes/ad997fce/index.php?id=495641 HTTP/1.1" 200 - "https://mail.acesolutions-ksa.com/wp-includes/ad997fce/index.php?id=495641" "Mozilla/5.0 (Windows NT 10.0; Win64; x64) AppleWebKit/537.36 (KHTML, like Gecko) Chrome/58.0.3029.110 Safari/537.3" mail.acesolutions-ksa.com 74.220.219.162
173.208.176.202 - - [11/Feb/2026:00:29:18 -0700] "GET /wp-includes/ad997fce/index.php?id=495641 HTTP/1.1" 200 - "https://mail.acesolutions-ksa.com/wp-includes/ad997fce/index.php?id=495641" "Mozilla/5.0 (Windows NT 10.0; Win64; x64) AppleWebKit/537.36 (KHTML, like Gecko) Chrome/58.0.3029.110 Safari/537.3" mail.acesolutions-ksa.com 74.220.219.162
173.208.176.202 - - [11/Feb/2026:00:28:48 -0700] "GET /wp-content/jsb218b9/index.php?id=845969 HTTP/1.1" 200 - "https://acesolutions-ksa.ovochi.com/wp-content/jsb218b9/index.php?id=845969" "Mozilla/5.0 (Windows NT 10.0; Win64; x64) AppleWebKit/537.36 (KHTML, like Gecko) Chrome/58.0.3029.110 Safari/537.3" acesolutions-ksa.ovochi.com 74.220.219.162
173.208.176.202 - - [11/Feb/2026:00:28:48 -0700] "GET /wp-content/jsb218b9/index.php?id=845969 HTTP/1.1" 200 - "https://acesolutions-ksa.ovochi.com/wp-content/jsb218b9/index.php?id=845969" "Mozilla/5.0 (Windows NT 10.0; Win64; x64) AppleWebKit/537.36 (KHTML, like Gecko) Chrome/58.0.3029.110 Safari/537.3" acesolutions-ksa.ovochi.com 74.220.219.162
173.208.176.202 - - [11/Feb/2026:00:30:18 -0700] "GET /wp-content/jsb218b9/index.php?id=845969 HTTP/1.1" 200 - "https://acesolutions-ksa.ovochi.com/wp-content/jsb218b9/index.php?id=845969" "Mozilla/5.0 (Windows NT 10.0; Win64; x64) AppleWebKit/537.36 (KHTML, like Gecko) Chrome/58.0.3029.110 Safari/537.3" acesolutions-ksa.ovochi.com 74.220.219.162
173.208.176.202 - - [11/Feb/2026:00:30:18 -0700] "GET /wp-content/jsb218b9/index.php?id=845969 HTTP/1.1" 200 - "https://acesolutions-ksa.ovochi.com/wp-content/jsb218b9/index.php?id=845969" "Mozilla/5.0 (Windows NT 10.0; Win64; x64) AppleWebKit/537.36 (KHTML, like Gecko) Chrome/58.0.3029.110 Safari/537.3" acesolutions-ksa.ovochi.com 74.220.219.162
173.208.176.202 - - [11/Feb/2026:00:31:48 -0700] "GET /wp-content/jsb218b9/index.php?id=845969 HTTP/1.1" 200 - "https://acesolutions-ksa.ovochi.com/wp-content/jsb218b9/index.php?id=845969" "Mozilla/5.0 (Windows NT 10.0; Win64; x64) AppleWebKit/537.36 (KHTML, like Gecko) Chrome/58.0.3029.110 Safari/537.3" acesolutions-ksa.ovochi.com 74.220.219.162
66.249.73.234 - - [11/Feb/2026:00:34:36 -0700] "GET /?goods/069039700 HTTP/1.1" 200 133552 "-" "Mozilla/5.0 (Linux; Android 6.0.1; Nexus 5X Build/MMB29P) AppleWebKit/537.36 (KHTML, like Gecko) Chrome/144.0.7559.132 Mobile Safari/537.36 (compatible; Googlebot/2.1; +http://www.google.com/bot.html)" mail.acesolutions-ksa.com 74.220.219.162
66.249.73.234 - - [11/Feb/2026:00:34:36 -0700] "GET /?goods/069039700 HTTP/1.1" 200 133552 "-" "Mozilla/5.0 (Linux; Android 6.0.1; Nexus 5X Build/MMB29P) AppleWebKit/537.36 (KHTML, like Gecko) Chrome/144.0.7559.132 Mobile Safari/537.36 (compatible; Googlebot/2.1; +http://www.google.com/bot.html)" mail.acesolutions-ksa.com 74.220.219.162
66.249.73.232 - - [11/Feb/2026:00:36:50 -0700] "GET /?jp/001039579.html HTTP/1.1" 200 134365 "-" "Mozilla/5.0 (Linux; Android 6.0.1; Nexus 5X Build/MMB29P) AppleWebKit/537.36 (KHTML, like Gecko) Chrome/144.0.7559.132 Mobile Safari/537.36 (compatible; Googlebot/2.1; +http://www.google.com/bot.html)" mail.acesolutions-ksa.com 74.220.219.162
66.249.73.232 - - [11/Feb/2026:00:36:50 -0700] "GET /?jp/001039579.html HTTP/1.1" 200 134365 "-" "Mozilla/5.0 (Linux; Android 6.0.1; Nexus 5X Build/MMB29P) AppleWebKit/537.36 (KHTML, like Gecko) Chrome/144.0.7559.132 Mobile Safari/537.36 (compatible; Googlebot/2.1; +http://www.google.com/bot.html)" mail.acesolutions-ksa.com 74.220.219.162
52.167.144.167 - - [11/Feb/2026:00:36:51 -0700] "GET /sitemap782.xml HTTP/2.0" 200 33 "-" "Mozilla/5.0 AppleWebKit/537.36 (KHTML, like Gecko; compatible; bingbot/2.0; +http://www.bing.com/bingbot.htm) Chrome/116.0.1938.76 Safari/537.36" acesolutions-ksa.com 74.220.219.162
45.39.130.175 - - [11/Feb/2026:00:40:01 -0700] "GET /contact HTTP/2.0" 200 1876 "-" "Mozilla/5.0 (Windows NT 10.0; Win64; x64) AppleWebKit/537.36 (KHTML, like Gecko) Chrome/129.0.0.0 Safari/537.3" acesolutions-ksa.com 74.220.219.162
69.30.240.242 - - [11/Feb/2026:00:40:07 -0700] "GET /wp-content/x3a7e31/index.php HTTP/2.0" 500 - "https://acesolutions-ksa.com/wp-content/x3a7e31/index.php" "Mozilla/5.0 (Windows NT 10.0; Win64; x64) AppleWebKit/537.36 (KHTML, like Gecko) Chrome/58.0.3029.110 Safari/537.3" acesolutions-ksa.com 74.220.219.162
52.167.144.174 - - [11/Feb/2026:00:40:40 -0700] "GET /sitemap317.xml HTTP/2.0" 200 33 "-" "Mozilla/5.0 AppleWebKit/537.36 (KHTML, like Gecko; compatible; bingbot/2.0; +http://www.bing.com/bingbot.htm) Chrome/116.0.1938.76 Safari/537.36" acesolutions-ksa.com 74.220.219.162
69.30.240.242 - - [11/Feb/2026:00:40:24 -0700] "GET /wp-content/x3a7e31/index.php HTTP/2.0" 200 - "https://acesolutions-ksa.com/wp-content/x3a7e31/index.php" "Mozilla/5.0 (Windows NT 10.0; Win64; x64) AppleWebKit/537.36 (KHTML, like Gecko) Chrome/58.0.3029.110 Safari/537.3" acesolutions-ksa.com 74.220.219.162
66.249.73.233 - - [11/Feb/2026:00:42:52 -0700] "GET /?_w=057035595 HTTP/1.1" 200 132667 "-" "Mozilla/5.0 (Linux; Android 6.0.1; Nexus 5X Build/MMB29P) AppleWebKit/537.36 (KHTML, like Gecko) Chrome/144.0.7559.132 Mobile Safari/537.36 (compatible; Googlebot/2.1; +http://www.google.com/bot.html)" mail.acesolutions-ksa.com 74.220.219.162
66.249.73.233 - - [11/Feb/2026:00:42:52 -0700] "GET /?_w=057035595 HTTP/1.1" 200 132667 "-" "Mozilla/5.0 (Linux; Android 6.0.1; Nexus 5X Build/MMB29P) AppleWebKit/537.36 (KHTML, like Gecko) Chrome/144.0.7559.132 Mobile Safari/537.36 (compatible; Googlebot/2.1; +http://www.google.com/bot.html)" mail.acesolutions-ksa.com 74.220.219.162
203.210.6.132 - - [11/Feb/2026:00:43:06 -0700] "GET /.trash7309/f/txets.php HTTP/1.1" 200 208 "https://www.google.com/" "Mozilla/5.0 (Windows NT 10.0; Win64; x64) AppleWebKit/537.36 (KHTML, like Gecko) Chrome/144.0.0.0 Safari/537.36" mail.acesolutions-ksa.com 74.220.219.162
203.210.6.132 - - [11/Feb/2026:00:43:06 -0700] "GET /.trash7309/f/txets.php HTTP/2.0" 200 208 "https://www.google.com/" "Mozilla/5.0 (Windows NT 10.0; Win64; x64) AppleWebKit/537.36 (KHTML, like Gecko) Chrome/144.0.0.0 Safari/537.36" mail.acesolutions-ksa.com 74.220.219.162
156.226.16.124 - - [11/Feb/2026:00:43:02 -0700] "GET /.trash7309/f/txets.php HTTP/1.1" 200 1876 "-" "Mozilla/5.0 (Windows NT 10.0; Win64; x64) AppleWebKit/537.36 (KHTML, like Gecko) Chrome/144.0.0.0 Safari/537.36" mail.acesolutions-ksa.com 74.220.219.162
156.226.16.124 - - [11/Feb/2026:00:43:02 -0700] "GET /.trash7309/f/txets.php HTTP/2.0" 200 1876 "-" "Mozilla/5.0 (Windows NT 10.0; Win64; x64) AppleWebKit/537.36 (KHTML, like Gecko) Chrome/144.0.0.0 Safari/537.36" mail.acesolutions-ksa.com 74.220.219.162
69.30.215.34 - - [11/Feb/2026:00:43:07 -0700] "GET /wp-content/qq3716d0/index.php HTTP/1.1" 500 - "https://mail.acesolutions-ksa.com/wp-content/qq3716d0/index.php" "Mozilla/5.0 (Windows NT 10.0; Win64; x64) AppleWebKit/537.36 (KHTML, like Gecko) Chrome/58.0.3029.110 Safari/537.3" mail.acesolutions-ksa.com 74.220.219.162
69.30.215.34 - - [11/Feb/2026:00:43:07 -0700] "GET /wp-content/qq3716d0/index.php HTTP/1.1" 500 - "https://mail.acesolutions-ksa.com/wp-content/qq3716d0/index.php" "Mozilla/5.0 (Windows NT 10.0; Win64; x64) AppleWebKit/537.36 (KHTML, like Gecko) Chrome/58.0.3029.110 Safari/537.3" mail.acesolutions-ksa.com 74.220.219.162
173.208.176.202 - - [11/Feb/2026:00:41:54 -0700] "GET /wp-content/x3a7e31/index.php?id=888994 HTTP/2.0" 200 - "https://acesolutions-ksa.com/wp-content/x3a7e31/index.php?id=888994" "Mozilla/5.0 (Windows NT 10.0; Win64; x64) AppleWebKit/537.36 (KHTML, like Gecko) Chrome/58.0.3029.110 Safari/537.3" acesolutions-ksa.com 74.220.219.162
156.226.16.124 - - [11/Feb/2026:00:43:25 -0700] "GET /favicon.ico HTTP/1.1" 200 1876 "https://mail.acesolutions-ksa.com/.trash7309/f/txets.php" "Mozilla/5.0 (Windows NT 10.0; Win64; x64) AppleWebKit/537.36 (KHTML, like Gecko) Chrome/144.0.0.0 Safari/537.36" mail.acesolutions-ksa.com 74.220.219.162
156.226.16.124 - - [11/Feb/2026:00:43:25 -0700] "GET /favicon.ico HTTP/2.0" 200 1876 "https://mail.acesolutions-ksa.com/.trash7309/f/txets.php" "Mozilla/5.0 (Windows NT 10.0; Win64; x64) AppleWebKit/537.36 (KHTML, like Gecko) Chrome/144.0.0.0 Safari/537.36" mail.acesolutions-ksa.com 74.220.219.162
104.219.215.160 - - [11/Feb/2026:00:43:29 -0700] "GET /wp-content/adada5ad/index.php HTTP/1.1" 500 - "https://mail.acesolutions-ksa.com/wp-content/adada5ad/index.php" "Mozilla/5.0 (Windows NT 10.0; Win64; x64) AppleWebKit/537.36 (KHTML, like Gecko) Chrome/58.0.3029.110 Safari/537.3" mail.acesolutions-ksa.com 74.220.219.162
104.219.215.160 - - [11/Feb/2026:00:43:29 -0700] "GET /wp-content/adada5ad/index.php HTTP/1.1" 500 - "https://mail.acesolutions-ksa.com/wp-content/adada5ad/index.php" "Mozilla/5.0 (Windows NT 10.0; Win64; x64) AppleWebKit/537.36 (KHTML, like Gecko) Chrome/58.0.3029.110 Safari/537.3" mail.acesolutions-ksa.com 74.220.219.162
69.30.215.34 - - [11/Feb/2026:00:43:09 -0700] "GET /wp-content/qq3716d0/index.php HTTP/1.1" 200 - "https://mail.acesolutions-ksa.com/wp-content/qq3716d0/index.php" "Mozilla/5.0 (Windows NT 10.0; Win64; x64) AppleWebKit/537.36 (KHTML, like Gecko) Chrome/58.0.3029.110 Safari/537.3" mail.acesolutions-ksa.com 74.220.219.162
69.30.215.34 - - [11/Feb/2026:00:43:09 -0700] "GET /wp-content/qq3716d0/index.php HTTP/1.1" 200 - "https://mail.acesolutions-ksa.com/wp-content/qq3716d0/index.php" "Mozilla/5.0 (Windows NT 10.0; Win64; x64) AppleWebKit/537.36 (KHTML, like Gecko) Chrome/58.0.3029.110 Safari/537.3" mail.acesolutions-ksa.com 74.220.219.162
104.219.215.160 - - [11/Feb/2026:00:43:31 -0700] "GET /wp-content/adada5ad/index.php HTTP/1.1" 200 - "https://mail.acesolutions-ksa.com/wp-content/adada5ad/index.php" "Mozilla/5.0 (Windows NT 10.0; Win64; x64) AppleWebKit/537.36 (KHTML, like Gecko) Chrome/58.0.3029.110 Safari/537.3" mail.acesolutions-ksa.com 74.220.219.162
104.219.215.160 - - [11/Feb/2026:00:43:31 -0700] "GET /wp-content/adada5ad/index.php HTTP/1.1" 200 - "https://mail.acesolutions-ksa.com/wp-content/adada5ad/index.php" "Mozilla/5.0 (Windows NT 10.0; Win64; x64) AppleWebKit/537.36 (KHTML, like Gecko) Chrome/58.0.3029.110 Safari/537.3" mail.acesolutions-ksa.com 74.220.219.162
52.167.144.142 - - [11/Feb/2026:00:45:18 -0700] "GET /products/28353293 HTTP/2.0" 200 33 "-" "Mozilla/5.0 AppleWebKit/537.36 (KHTML, like Gecko; compatible; bingbot/2.0; +http://www.bing.com/bingbot.htm) Chrome/116.0.1938.76 Safari/537.36" acesolutions-ksa.com 74.220.219.162
173.208.176.202 - - [11/Feb/2026:00:44:43 -0700] "GET /wp-content/qq3716d0/index.php?id=495750 HTTP/1.1" 200 - "https://mail.acesolutions-ksa.com/wp-content/qq3716d0/index.php?id=495750" "Mozilla/5.0 (Windows NT 10.0; Win64; x64) AppleWebKit/537.36 (KHTML, like Gecko) Chrome/58.0.3029.110 Safari/537.3" mail.acesolutions-ksa.com 74.220.219.162
173.208.176.202 - - [11/Feb/2026:00:44:43 -0700] "GET /wp-content/qq3716d0/index.php?id=495750 HTTP/1.1" 200 - "https://mail.acesolutions-ksa.com/wp-content/qq3716d0/index.php?id=495750" "Mozilla/5.0 (Windows NT 10.0; Win64; x64) AppleWebKit/537.36 (KHTML, like Gecko) Chrome/58.0.3029.110 Safari/537.3" mail.acesolutions-ksa.com 74.220.219.162
173.208.148.34 - - [11/Feb/2026:00:46:14 -0700] "GET / HTTP/1.1" 200 8218 "-" "Mozilla/5.0 (Windows NT 10.0; Win64; x64) AppleWebKit/537.36 (KHTML, like Gecko) Chrome/131.0.0.0 Safari/537.36" mail.acesolutions-ksa.com 74.220.219.162
173.208.148.34 - - [11/Feb/2026:00:46:14 -0700] "GET / HTTP/1.1" 200 8218 "-" "Mozilla/5.0 (Windows NT 10.0; Win64; x64) AppleWebKit/537.36 (KHTML, like Gecko) Chrome/131.0.0.0 Safari/537.36" mail.acesolutions-ksa.com 74.220.219.162
173.208.148.34 - - [11/Feb/2026:00:46:18 -0700] "GET / HTTP/1.1" 200 565769 "-" "Mozilla/5.0 (compatible; Googlebot/2.1; +http://www.google.com/bot.html)" mail.acesolutions-ksa.com 74.220.219.162
173.208.148.34 - - [11/Feb/2026:00:46:18 -0700] "GET / HTTP/1.1" 200 565769 "-" "Mozilla/5.0 (compatible; Googlebot/2.1; +http://www.google.com/bot.html)" mail.acesolutions-ksa.com 74.220.219.162
147.185.132.114 - - [11/Feb/2026:00:46:20 -0700] "GET / HTTP/1.1" 200 565769 "-" "Hello from Palo Alto Networks, find out more about our scans in https://docs-cortex.paloaltonetworks.com/r/1/Cortex-Xpanse/Scanning-activity" mail.acesolutions-ksa.com 74.220.219.162
107.150.52.58 - - [11/Feb/2026:00:46:18 -0700] "GET /wp-content/ad73ff30/index.php HTTP/1.1" 500 - "https://mail.acesolutions-ksa.com/wp-content/ad73ff30/index.php" "Mozilla/5.0 (Windows NT 10.0; Win64; x64) AppleWebKit/537.36 (KHTML, like Gecko) Chrome/58.0.3029.110 Safari/537.3" mail.acesolutions-ksa.com 74.220.219.162
107.150.52.58 - - [11/Feb/2026:00:46:18 -0700] "GET /wp-content/ad73ff30/index.php HTTP/1.1" 500 - "https://mail.acesolutions-ksa.com/wp-content/ad73ff30/index.php" "Mozilla/5.0 (Windows NT 10.0; Win64; x64) AppleWebKit/537.36 (KHTML, like Gecko) Chrome/58.0.3029.110 Safari/537.3" mail.acesolutions-ksa.com 74.220.219.162
173.208.148.34 - - [11/Feb/2026:00:46:19 -0700] "GET /index.php?params=1 HTTP/1.1" 200 8218 "-" "Mozilla/5.0 (Windows NT 10.0; Win64; x64) AppleWebKit/537.36 (KHTML, like Gecko) Chrome/131.0.0.0 Safari/537.36" mail.acesolutions-ksa.com 74.220.219.162
173.208.148.34 - - [11/Feb/2026:00:46:19 -0700] "GET /index.php?params=1 HTTP/1.1" 200 8218 "-" "Mozilla/5.0 (Windows NT 10.0; Win64; x64) AppleWebKit/537.36 (KHTML, like Gecko) Chrome/131.0.0.0 Safari/537.36" mail.acesolutions-ksa.com 74.220.219.162
107.150.52.58 - - [11/Feb/2026:00:46:22 -0700] "GET /wp-content/qqb3a027/index.php HTTP/1.1" 500 - "https://mail.acesolutions-ksa.com/wp-content/qqb3a027/index.php" "Mozilla/5.0 (Windows NT 10.0; Win64; x64) AppleWebKit/537.36 (KHTML, like Gecko) Chrome/58.0.3029.110 Safari/537.3" mail.acesolutions-ksa.com 74.220.219.162
107.150.52.58 - - [11/Feb/2026:00:46:22 -0700] "GET /wp-content/qqb3a027/index.php HTTP/1.1" 500 - "https://mail.acesolutions-ksa.com/wp-content/qqb3a027/index.php" "Mozilla/5.0 (Windows NT 10.0; Win64; x64) AppleWebKit/537.36 (KHTML, like Gecko) Chrome/58.0.3029.110 Safari/537.3" mail.acesolutions-ksa.com 74.220.219.162
173.208.176.202 - - [11/Feb/2026:00:45:00 -0700] "GET /wp-content/adada5ad/index.php?id=522957 HTTP/1.1" 200 - "https://mail.acesolutions-ksa.com/wp-content/adada5ad/index.php?id=522957" "Mozilla/5.0 (Windows NT 10.0; Win64; x64) AppleWebKit/537.36 (KHTML, like Gecko) Chrome/58.0.3029.110 Safari/537.3" mail.acesolutions-ksa.com 74.220.219.162
173.208.176.202 - - [11/Feb/2026:00:45:00 -0700] "GET /wp-content/adada5ad/index.php?id=522957 HTTP/1.1" 200 - "https://mail.acesolutions-ksa.com/wp-content/adada5ad/index.php?id=522957" "Mozilla/5.0 (Windows NT 10.0; Win64; x64) AppleWebKit/537.36 (KHTML, like Gecko) Chrome/58.0.3029.110 Safari/537.3" mail.acesolutions-ksa.com 74.220.219.162
66.249.73.232 - - [11/Feb/2026:00:46:52 -0700] "GET /?_g=028036202 HTTP/1.1" 200 133300 "-" "Mozilla/5.0 (Linux; Android 6.0.1; Nexus 5X Build/MMB29P) AppleWebKit/537.36 (KHTML, like Gecko) Chrome/144.0.7559.132 Mobile Safari/537.36 (compatible; Googlebot/2.1; +http://www.google.com/bot.html)" mail.acesolutions-ksa.com 74.220.219.162
66.249.73.232 - - [11/Feb/2026:00:46:52 -0700] "GET /?_g=028036202 HTTP/1.1" 200 133300 "-" "Mozilla/5.0 (Linux; Android 6.0.1; Nexus 5X Build/MMB29P) AppleWebKit/537.36 (KHTML, like Gecko) Chrome/144.0.7559.132 Mobile Safari/537.36 (compatible; Googlebot/2.1; +http://www.google.com/bot.html)" mail.acesolutions-ksa.com 74.220.219.162
173.208.176.202 - - [11/Feb/2026:00:46:13 -0700] "GET /wp-content/qq3716d0/index.php?id=495750 HTTP/1.1" 200 - "https://mail.acesolutions-ksa.com/wp-content/qq3716d0/index.php?id=495750" "Mozilla/5.0 (Windows NT 10.0; Win64; x64) AppleWebKit/537.36 (KHTML, like Gecko) Chrome/58.0.3029.110 Safari/537.3" mail.acesolutions-ksa.com 74.220.219.162
173.208.176.202 - - [11/Feb/2026:00:46:13 -0700] "GET /wp-content/qq3716d0/index.php?id=495750 HTTP/1.1" 200 - "https://mail.acesolutions-ksa.com/wp-content/qq3716d0/index.php?id=495750" "Mozilla/5.0 (Windows NT 10.0; Win64; x64) AppleWebKit/537.36 (KHTML, like Gecko) Chrome/58.0.3029.110 Safari/537.3" mail.acesolutions-ksa.com 74.220.219.162
107.150.52.58 - - [11/Feb/2026:00:46:20 -0700] "GET /wp-content/ad73ff30/index.php HTTP/1.1" 200 - "https://mail.acesolutions-ksa.com/wp-content/ad73ff30/index.php" "Mozilla/5.0 (Windows NT 10.0; Win64; x64) AppleWebKit/537.36 (KHTML, like Gecko) Chrome/58.0.3029.110 Safari/537.3" mail.acesolutions-ksa.com 74.220.219.162
107.150.52.58 - - [11/Feb/2026:00:46:20 -0700] "GET /wp-content/ad73ff30/index.php HTTP/1.1" 200 - "https://mail.acesolutions-ksa.com/wp-content/ad73ff30/index.php" "Mozilla/5.0 (Windows NT 10.0; Win64; x64) AppleWebKit/537.36 (KHTML, like Gecko) Chrome/58.0.3029.110 Safari/537.3" mail.acesolutions-ksa.com 74.220.219.162
107.150.52.58 - - [11/Feb/2026:00:46:24 -0700] "GET /wp-content/qqb3a027/index.php HTTP/1.1" 200 - "https://mail.acesolutions-ksa.com/wp-content/qqb3a027/index.php" "Mozilla/5.0 (Windows NT 10.0; Win64; x64) AppleWebKit/537.36 (KHTML, like Gecko) Chrome/58.0.3029.110 Safari/537.3" mail.acesolutions-ksa.com 74.220.219.162
107.150.52.58 - - [11/Feb/2026:00:46:24 -0700] "GET /wp-content/qqb3a027/index.php HTTP/1.1" 200 - "https://mail.acesolutions-ksa.com/wp-content/qqb3a027/index.php" "Mozilla/5.0 (Windows NT 10.0; Win64; x64) AppleWebKit/537.36 (KHTML, like Gecko) Chrome/58.0.3029.110 Safari/537.3" mail.acesolutions-ksa.com 74.220.219.162
173.208.176.202 - - [11/Feb/2026:00:46:29 -0700] "GET /wp-content/adada5ad/index.php?id=522957 HTTP/1.1" 200 - "https://mail.acesolutions-ksa.com/wp-content/adada5ad/index.php?id=522957" "Mozilla/5.0 (Windows NT 10.0; Win64; x64) AppleWebKit/537.36 (KHTML, like Gecko) Chrome/58.0.3029.110 Safari/537.3" mail.acesolutions-ksa.com 74.220.219.162
173.208.176.202 - - [11/Feb/2026:00:46:29 -0700] "GET /wp-content/adada5ad/index.php?id=522957 HTTP/1.1" 200 - "https://mail.acesolutions-ksa.com/wp-content/adada5ad/index.php?id=522957" "Mozilla/5.0 (Windows NT 10.0; Win64; x64) AppleWebKit/537.36 (KHTML, like Gecko) Chrome/58.0.3029.110 Safari/537.3" mail.acesolutions-ksa.com 74.220.219.162
156.226.16.124 - - [11/Feb/2026:00:48:25 -0700] "GET /.trash7309/f/ HTTP/1.1" 200 1876 "-" "Mozilla/5.0 (Windows NT 10.0; Win64; x64) AppleWebKit/537.36 (KHTML, like Gecko) Chrome/105.0.0.0 Safari/537.36" mail.acesolutions-ksa.com 74.220.219.162
156.226.16.124 - - [11/Feb/2026:00:48:25 -0700] "GET /.trash7309/f/ HTTP/1.1" 200 1876 "-" "Mozilla/5.0 (Windows NT 10.0; Win64; x64) AppleWebKit/537.36 (KHTML, like Gecko) Chrome/105.0.0.0 Safari/537.36" mail.acesolutions-ksa.com 74.220.219.162
156.226.16.124 - - [11/Feb/2026:00:48:30 -0700] "POST /.trash7309/f/ HTTP/1.1" 302 - "-" "Mozilla/5.0 (Windows NT 10.0; Win64; x64) AppleWebKit/537.36 (KHTML, like Gecko) Chrome/105.0.0.0 Safari/537.36" mail.acesolutions-ksa.com 74.220.219.162
69.30.240.242 - - [11/Feb/2026:00:48:30 -0700] "GET /wp-includes/js935be3/index.php HTTP/1.1" 500 - "https://mail.acesolutions-ksa.com/wp-includes/js935be3/index.php" "Mozilla/5.0 (Windows NT 10.0; Win64; x64) AppleWebKit/537.36 (KHTML, like Gecko) Chrome/58.0.3029.110 Safari/537.3" mail.acesolutions-ksa.com 74.220.219.162
69.30.240.242 - - [11/Feb/2026:00:48:30 -0700] "GET /wp-includes/js935be3/index.php HTTP/1.1" 500 - "https://mail.acesolutions-ksa.com/wp-includes/js935be3/index.php" "Mozilla/5.0 (Windows NT 10.0; Win64; x64) AppleWebKit/537.36 (KHTML, like Gecko) Chrome/58.0.3029.110 Safari/537.3" mail.acesolutions-ksa.com 74.220.219.162
156.226.16.124 - - [11/Feb/2026:00:48:30 -0700] "GET /.trash7309/f/?p=Ahome1Aimmorth6Apublic_htmlAacesolutionsksaAwp-contentAmu-plugins HTTP/1.1" 200 1944 "-" "Mozilla/5.0 (Windows NT 10.0; Win64; x64) AppleWebKit/537.36 (KHTML, like Gecko) Chrome/105.0.0.0 Safari/537.36" mail.acesolutions-ksa.com 74.220.219.162
156.226.16.124 - - [11/Feb/2026:00:48:30 -0700] "GET /.trash7309/f/?p=Ahome1Aimmorth6Apublic_htmlAacesolutionsksaAwp-contentAmu-plugins HTTP/1.1" 200 1944 "-" "Mozilla/5.0 (Windows NT 10.0; Win64; x64) AppleWebKit/537.36 (KHTML, like Gecko) Chrome/105.0.0.0 Safari/537.36" mail.acesolutions-ksa.com 74.220.219.162
69.30.215.34 - - [11/Feb/2026:00:48:34 -0700] "GET /wp-content/wp2d10a3/index.php HTTP/1.1" 500 - "https://mail.acesolutions-ksa.com/wp-content/wp2d10a3/index.php" "Mozilla/5.0 (Windows NT 10.0; Win64; x64) AppleWebKit/537.36 (KHTML, like Gecko) Chrome/58.0.3029.110 Safari/537.3" mail.acesolutions-ksa.com 74.220.219.162
69.30.215.34 - - [11/Feb/2026:00:48:33 -0700] "GET /wp-content/wp2d10a3/index.php HTTP/1.1" 500 - "https://mail.acesolutions-ksa.com/wp-content/wp2d10a3/index.php" "Mozilla/5.0 (Windows NT 10.0; Win64; x64) AppleWebKit/537.36 (KHTML, like Gecko) Chrome/58.0.3029.110 Safari/537.3" mail.acesolutions-ksa.com 74.220.219.162
156.226.16.124 - - [11/Feb/2026:00:48:35 -0700] "GET /.trash7309/f/about.php HTTP/1.1" 200 1944 "-" "Mozilla/5.0 (Windows NT 10.0; Win64; x64) AppleWebKit/537.36 (KHTML, like Gecko) Chrome/105.0.0.0 Safari/537.36" mail.acesolutions-ksa.com 74.220.219.162
156.226.16.124 - - [11/Feb/2026:00:48:34 -0700] "GET /.trash7309/f/about.php HTTP/1.1" 200 1944 "-" "Mozilla/5.0 (Windows NT 10.0; Win64; x64) AppleWebKit/537.36 (KHTML, like Gecko) Chrome/105.0.0.0 Safari/537.36" mail.acesolutions-ksa.com 74.220.219.162
107.150.52.58 - - [11/Feb/2026:00:48:42 -0700] "GET /wp-content/brfc35f9/index.php HTTP/1.1" 500 - "https://mail.acesolutions-ksa.com/wp-content/brfc35f9/index.php" "Mozilla/5.0 (Windows NT 10.0; Win64; x64) AppleWebKit/537.36 (KHTML, like Gecko) Chrome/58.0.3029.110 Safari/537.3" mail.acesolutions-ksa.com 74.220.219.162
107.150.52.58 - - [11/Feb/2026:00:48:42 -0700] "GET /wp-content/brfc35f9/index.php HTTP/1.1" 500 - "https://mail.acesolutions-ksa.com/wp-content/brfc35f9/index.php" "Mozilla/5.0 (Windows NT 10.0; Win64; x64) AppleWebKit/537.36 (KHTML, like Gecko) Chrome/58.0.3029.110 Safari/537.3" mail.acesolutions-ksa.com 74.220.219.162
