204.12.208.18 - - [10/Feb/2026:18:39:22 -0700] "GET /wp-includes/imcb4f51/index.php HTTP/1.1" 409 83 "https://acesolutions-ksa.ovochi.com/wp-includes/imcb4f51/index.php" "Mozilla/5.0 (Macintosh; U; PPC Mac OS X 10_4_11; ja-jp) AppleWebKit/525.13 (KHTML, like Gecko) Version/3.1 Safari/525.13" acesolutions-ksa.ovochi.com 74.220.219.162
204.12.208.18 - - [10/Feb/2026:18:39:31 -0700] "GET /wp-includes/ad060e80/index.php HTTP/2.0" 409 83 "https://acesolutions-ksa.com/wp-includes/ad060e80/index.php" "Mozilla/5.0 (Macintosh; Intel Mac OS X 10_6_8) AppleWebKit/534.24 (KHTML, like Gecko) Chrome/11.0.696.71 Safari/534.24" acesolutions-ksa.com 74.220.219.162
204.12.208.18 - - [10/Feb/2026:18:39:31 -0700] "GET /wp-includes/ad060e80/index.php HTTP/2.0" 409 83 "https://acesolutions-ksa.com/wp-includes/ad060e80/index.php" "Mozilla/5.0 (Macintosh; Intel Mac OS X 10_6_8) AppleWebKit/534.30 (KHTML, like Gecko) Chrome/12.0.742.112 Safari/534.30" acesolutions-ksa.com 74.220.219.162
204.12.208.18 - - [10/Feb/2026:18:39:31 -0700] "GET /wp-includes/ad060e80/index.php HTTP/2.0" 409 83 "https://acesolutions-ksa.com/wp-includes/ad060e80/index.php" "Mozilla/5.0 (Macintosh; Intel Mac OS X 10_6_8) AppleWebKit/535.1 (KHTML, like Gecko) RockMelt/0.9.64.361 Chrome/13.0.782.218 Safari/535.1" acesolutions-ksa.com 74.220.219.162
204.12.208.18 - - [10/Feb/2026:18:39:44 -0700] "GET /wp-includes/ad997fce/index.php HTTP/1.1" 409 83 "https://mail.acesolutions-ksa.com/wp-includes/ad997fce/index.php" "Mozilla/5.0 (Windows NT 6.1; WOW64) AppleWebKit/535.1 (KHTML, like Gecko) Chrome/14.0.835.202 Safari/535.1" mail.acesolutions-ksa.com 74.220.219.162
204.12.208.18 - - [10/Feb/2026:18:39:45 -0700] "GET /wp-includes/ad997fce/index.php HTTP/1.1" 409 83 "https://mail.acesolutions-ksa.com/wp-includes/ad997fce/index.php" "Mozilla/5.0 (Windows NT 6.1; WOW64) AppleWebKit/535.7 (KHTML, like Gecko) Chrome/16.0.912.75 Safari/535.7" mail.acesolutions-ksa.com 74.220.219.162
204.12.208.18 - - [10/Feb/2026:18:39:45 -0700] "GET /wp-includes/ad997fce/index.php HTTP/1.1" 409 83 "https://mail.acesolutions-ksa.com/wp-includes/ad997fce/index.php" "Mozilla/5.0 (Macintosh; Intel Mac OS X 10.5; rv:5.0.1) Gecko/20100101 Firefox/5.0.1" mail.acesolutions-ksa.com 74.220.219.162
66.249.73.233 - - [10/Feb/2026:18:42:11 -0700] "GET /pcmypage?callback=product/review/5664_1576_1 HTTP/1.1" 200 132791 "-" "Mozilla/5.0 (Linux; Android 6.0.1; Nexus 5X Build/MMB29P) AppleWebKit/537.36 (KHTML, like Gecko) Chrome/144.0.7559.132 Mobile Safari/537.36 (compatible; GoogleOther)" mail.acesolutions-ksa.com 74.220.219.162
66.249.73.233 - - [10/Feb/2026:18:42:11 -0700] "GET /pcmypage?callback=product/review/5664_1576_1 HTTP/1.1" 200 132791 "-" "Mozilla/5.0 (Linux; Android 6.0.1; Nexus 5X Build/MMB29P) AppleWebKit/537.36 (KHTML, like Gecko) Chrome/144.0.7559.132 Mobile Safari/537.36 (compatible; GoogleOther)" mail.acesolutions-ksa.com 74.220.219.162
66.249.73.233 - - [10/Feb/2026:18:42:40 -0700] "GET /?jp/078044641.html HTTP/1.1" 200 133172 "-" "Mozilla/5.0 (Linux; Android 6.0.1; Nexus 5X Build/MMB29P) AppleWebKit/537.36 (KHTML, like Gecko) Chrome/144.0.7559.132 Mobile Safari/537.36 (compatible; GoogleOther)" mail.acesolutions-ksa.com 74.220.219.162
66.249.73.233 - - [10/Feb/2026:18:42:40 -0700] "GET /?jp/078044641.html HTTP/1.1" 200 133172 "-" "Mozilla/5.0 (Linux; Android 6.0.1; Nexus 5X Build/MMB29P) AppleWebKit/537.36 (KHTML, like Gecko) Chrome/144.0.7559.132 Mobile Safari/537.36 (compatible; GoogleOther)" mail.acesolutions-ksa.com 74.220.219.162
66.249.73.233 - - [10/Feb/2026:18:43:16 -0700] "GET /?jp/003029760.html HTTP/1.1" 200 133067 "-" "Mozilla/5.0 (Linux; Android 6.0.1; Nexus 5X Build/MMB29P) AppleWebKit/537.36 (KHTML, like Gecko) Chrome/144.0.7559.132 Mobile Safari/537.36 (compatible; GoogleOther)" mail.acesolutions-ksa.com 74.220.219.162
66.249.73.233 - - [10/Feb/2026:18:43:16 -0700] "GET /?jp/003029760.html HTTP/1.1" 200 133067 "-" "Mozilla/5.0 (Linux; Android 6.0.1; Nexus 5X Build/MMB29P) AppleWebKit/537.36 (KHTML, like Gecko) Chrome/144.0.7559.132 Mobile Safari/537.36 (compatible; GoogleOther)" mail.acesolutions-ksa.com 74.220.219.162
66.249.73.232 - - [10/Feb/2026:18:49:34 -0700] "GET /product/049031670 HTTP/1.1" 200 134091 "-" "Mozilla/5.0 (Linux; Android 6.0.1; Nexus 5X Build/MMB29P) AppleWebKit/537.36 (KHTML, like Gecko) Chrome/144.0.7559.132 Mobile Safari/537.36 (compatible; GoogleOther)" mail.acesolutions-ksa.com 74.220.219.162
66.249.73.232 - - [10/Feb/2026:18:49:34 -0700] "GET /product/049031670 HTTP/1.1" 200 134091 "-" "Mozilla/5.0 (Linux; Android 6.0.1; Nexus 5X Build/MMB29P) AppleWebKit/537.36 (KHTML, like Gecko) Chrome/144.0.7559.132 Mobile Safari/537.36 (compatible; GoogleOther)" mail.acesolutions-ksa.com 74.220.219.162
66.249.73.234 - - [10/Feb/2026:18:51:21 -0700] "GET /?_f=096027622 HTTP/1.1" 200 134357 "-" "Mozilla/5.0 (Linux; Android 6.0.1; Nexus 5X Build/MMB29P) AppleWebKit/537.36 (KHTML, like Gecko) Chrome/144.0.7559.132 Mobile Safari/537.36 (compatible; Googlebot/2.1; +http://www.google.com/bot.html)" mail.acesolutions-ksa.com 74.220.219.162
66.249.73.234 - - [10/Feb/2026:18:51:21 -0700] "GET /?_f=096027622 HTTP/1.1" 200 134357 "-" "Mozilla/5.0 (Linux; Android 6.0.1; Nexus 5X Build/MMB29P) AppleWebKit/537.36 (KHTML, like Gecko) Chrome/144.0.7559.132 Mobile Safari/537.36 (compatible; Googlebot/2.1; +http://www.google.com/bot.html)" mail.acesolutions-ksa.com 74.220.219.162
66.249.73.233 - - [10/Feb/2026:18:54:17 -0700] "GET /?goods/225015755 HTTP/1.1" 200 133102 "-" "Mozilla/5.0 (Linux; Android 6.0.1; Nexus 5X Build/MMB29P) AppleWebKit/537.36 (KHTML, like Gecko) Chrome/144.0.7559.132 Mobile Safari/537.36 (compatible; Googlebot/2.1; +http://www.google.com/bot.html)" mail.acesolutions-ksa.com 74.220.219.162
66.249.73.233 - - [10/Feb/2026:18:54:17 -0700] "GET /?goods/225015755 HTTP/1.1" 200 133102 "-" "Mozilla/5.0 (Linux; Android 6.0.1; Nexus 5X Build/MMB29P) AppleWebKit/537.36 (KHTML, like Gecko) Chrome/144.0.7559.132 Mobile Safari/537.36 (compatible; Googlebot/2.1; +http://www.google.com/bot.html)" mail.acesolutions-ksa.com 74.220.219.162
66.249.73.234 - - [10/Feb/2026:18:56:28 -0700] "GET /?k=015006056 HTTP/1.1" 200 133526 "-" "Mozilla/5.0 (Linux; Android 6.0.1; Nexus 5X Build/MMB29P) AppleWebKit/537.36 (KHTML, like Gecko) Chrome/144.0.7559.132 Mobile Safari/537.36 (compatible; Googlebot/2.1; +http://www.google.com/bot.html)" mail.acesolutions-ksa.com 74.220.219.162
66.249.73.234 - - [10/Feb/2026:18:56:28 -0700] "GET /?k=015006056 HTTP/1.1" 200 133526 "-" "Mozilla/5.0 (Linux; Android 6.0.1; Nexus 5X Build/MMB29P) AppleWebKit/537.36 (KHTML, like Gecko) Chrome/144.0.7559.132 Mobile Safari/537.36 (compatible; Googlebot/2.1; +http://www.google.com/bot.html)" mail.acesolutions-ksa.com 74.220.219.162
66.249.73.232 - - [10/Feb/2026:18:56:40 -0700] "GET /?n=225021672 HTTP/1.1" 200 133232 "-" "Mozilla/5.0 (Linux; Android 6.0.1; Nexus 5X Build/MMB29P) AppleWebKit/537.36 (KHTML, like Gecko) Chrome/144.0.7559.132 Mobile Safari/537.36 (compatible; Googlebot/2.1; +http://www.google.com/bot.html)" mail.acesolutions-ksa.com 74.220.219.162
66.249.73.232 - - [10/Feb/2026:18:56:40 -0700] "GET /?n=225021672 HTTP/1.1" 200 133232 "-" "Mozilla/5.0 (Linux; Android 6.0.1; Nexus 5X Build/MMB29P) AppleWebKit/537.36 (KHTML, like Gecko) Chrome/144.0.7559.132 Mobile Safari/537.36 (compatible; Googlebot/2.1; +http://www.google.com/bot.html)" mail.acesolutions-ksa.com 74.220.219.162
104.219.215.160 - - [10/Feb/2026:18:57:20 -0700] "GET /wp-includes/plec4327/index.php HTTP/2.0" 500 - "https://acesolutions-ksa.com/wp-includes/plec4327/index.php" "Mozilla/5.0 (Windows NT 10.0; Win64; x64) AppleWebKit/537.36 (KHTML, like Gecko) Chrome/58.0.3029.110 Safari/537.3" acesolutions-ksa.com 74.220.219.162
130.180.255.146 - - [10/Feb/2026:18:57:16 -0700] "GET /contact HTTP/2.0" 200 1838 "-" "Mozilla/5.0 (Windows NT 10.0; Win64; x64) AppleWebKit/537.36 (KHTML, like Gecko) Chrome/129.0.0.0 Safari/537.3" acesolutions-ksa.com 74.220.219.162
104.219.215.160 - - [10/Feb/2026:18:57:21 -0700] "GET /wp-includes/plec4327/index.php HTTP/2.0" 200 - "https://acesolutions-ksa.com/wp-includes/plec4327/index.php" "Mozilla/5.0 (Windows NT 10.0; Win64; x64) AppleWebKit/537.36 (KHTML, like Gecko) Chrome/58.0.3029.110 Safari/537.3" acesolutions-ksa.com 74.220.219.162
66.249.73.233 - - [10/Feb/2026:18:59:03 -0700] "GET /?s=043007538 HTTP/1.1" 200 133600 "-" "Mozilla/5.0 (Linux; Android 6.0.1; Nexus 5X Build/MMB29P) AppleWebKit/537.36 (KHTML, like Gecko) Chrome/144.0.7559.132 Mobile Safari/537.36 (compatible; Googlebot/2.1; +http://www.google.com/bot.html)" mail.acesolutions-ksa.com 74.220.219.162
66.249.73.233 - - [10/Feb/2026:18:59:03 -0700] "GET /?s=043007538 HTTP/1.1" 200 133600 "-" "Mozilla/5.0 (Linux; Android 6.0.1; Nexus 5X Build/MMB29P) AppleWebKit/537.36 (KHTML, like Gecko) Chrome/144.0.7559.132 Mobile Safari/537.36 (compatible; Googlebot/2.1; +http://www.google.com/bot.html)" mail.acesolutions-ksa.com 74.220.219.162
66.249.73.233 - - [10/Feb/2026:19:00:15 -0700] "GET /?_r=164006320 HTTP/1.1" 200 132910 "-" "Mozilla/5.0 (Linux; Android 6.0.1; Nexus 5X Build/MMB29P) AppleWebKit/537.36 (KHTML, like Gecko) Chrome/144.0.7559.132 Mobile Safari/537.36 (compatible; Googlebot/2.1; +http://www.google.com/bot.html)" mail.acesolutions-ksa.com 74.220.219.162
66.249.73.233 - - [10/Feb/2026:19:00:15 -0700] "GET /?_r=164006320 HTTP/1.1" 200 132910 "-" "Mozilla/5.0 (Linux; Android 6.0.1; Nexus 5X Build/MMB29P) AppleWebKit/537.36 (KHTML, like Gecko) Chrome/144.0.7559.132 Mobile Safari/537.36 (compatible; Googlebot/2.1; +http://www.google.com/bot.html)" mail.acesolutions-ksa.com 74.220.219.162
173.208.176.202 - - [10/Feb/2026:18:58:50 -0700] "GET /wp-includes/plec4327/index.php?id=280982 HTTP/2.0" 200 - "https://acesolutions-ksa.com/wp-includes/plec4327/index.php?id=280982" "Mozilla/5.0 (Windows NT 10.0; Win64; x64) AppleWebKit/537.36 (KHTML, like Gecko) Chrome/58.0.3029.110 Safari/537.3" acesolutions-ksa.com 74.220.219.162
40.77.167.57 - - [10/Feb/2026:19:01:39 -0700] "GET /sitemap640.xml HTTP/2.0" 200 33 "-" "Mozilla/5.0 AppleWebKit/537.36 (KHTML, like Gecko; compatible; bingbot/2.0; +http://www.bing.com/bingbot.htm) Chrome/116.0.1938.76 Safari/537.36" acesolutions-ksa.com 74.220.219.162
101.99.88.90 - - [10/Feb/2026:19:02:14 -0700] "GET / HTTP/1.1" 200 556022 "-" "Mozilla/5.0 (compatible; Googlebot/2.1; +http://www.google.com/bot.html)" acesolutions-ksa.ovochi.com 74.220.219.162
101.99.88.90 - - [10/Feb/2026:19:02:14 -0700] "GET / HTTP/1.1" 200 556022 "-" "Mozilla/5.0 (compatible; Googlebot/2.1; +http://www.google.com/bot.html)" acesolutions-ksa.ovochi.com 74.220.219.162
66.249.73.232 - - [10/Feb/2026:19:02:38 -0700] "GET /?_n=225038635 HTTP/1.1" 200 132829 "-" "Mozilla/5.0 (Linux; Android 6.0.1; Nexus 5X Build/MMB29P) AppleWebKit/537.36 (KHTML, like Gecko) Chrome/144.0.7559.132 Mobile Safari/537.36 (compatible; Googlebot/2.1; +http://www.google.com/bot.html)" mail.acesolutions-ksa.com 74.220.219.162
66.249.73.232 - - [10/Feb/2026:19:02:38 -0700] "GET /?_n=225038635 HTTP/1.1" 200 132829 "-" "Mozilla/5.0 (Linux; Android 6.0.1; Nexus 5X Build/MMB29P) AppleWebKit/537.36 (KHTML, like Gecko) Chrome/144.0.7559.132 Mobile Safari/537.36 (compatible; Googlebot/2.1; +http://www.google.com/bot.html)" mail.acesolutions-ksa.com 74.220.219.162
66.249.73.232 - - [10/Feb/2026:19:03:38 -0700] "GET /?m=225038646 HTTP/1.1" 200 132637 "-" "Mozilla/5.0 (Linux; Android 6.0.1; Nexus 5X Build/MMB29P) AppleWebKit/537.36 (KHTML, like Gecko) Chrome/144.0.7559.132 Mobile Safari/537.36 (compatible; Googlebot/2.1; +http://www.google.com/bot.html)" mail.acesolutions-ksa.com 74.220.219.162
66.249.73.232 - - [10/Feb/2026:19:03:38 -0700] "GET /?m=225038646 HTTP/1.1" 200 132637 "-" "Mozilla/5.0 (Linux; Android 6.0.1; Nexus 5X Build/MMB29P) AppleWebKit/537.36 (KHTML, like Gecko) Chrome/144.0.7559.132 Mobile Safari/537.36 (compatible; Googlebot/2.1; +http://www.google.com/bot.html)" mail.acesolutions-ksa.com 74.220.219.162
66.249.73.234 - - [10/Feb/2026:19:04:32 -0700] "GET /?i=218045159 HTTP/1.1" 200 133429 "-" "Mozilla/5.0 (Linux; Android 6.0.1; Nexus 5X Build/MMB29P) AppleWebKit/537.36 (KHTML, like Gecko) Chrome/144.0.7559.132 Mobile Safari/537.36 (compatible; Googlebot/2.1; +http://www.google.com/bot.html)" mail.acesolutions-ksa.com 74.220.219.162
66.249.73.234 - - [10/Feb/2026:19:04:32 -0700] "GET /?i=218045159 HTTP/1.1" 200 133429 "-" "Mozilla/5.0 (Linux; Android 6.0.1; Nexus 5X Build/MMB29P) AppleWebKit/537.36 (KHTML, like Gecko) Chrome/144.0.7559.132 Mobile Safari/537.36 (compatible; Googlebot/2.1; +http://www.google.com/bot.html)" mail.acesolutions-ksa.com 74.220.219.162
66.249.73.232 - - [10/Feb/2026:19:06:15 -0700] "GET /?q=024011755 HTTP/1.1" 200 133840 "-" "Mozilla/5.0 (Linux; Android 6.0.1; Nexus 5X Build/MMB29P) AppleWebKit/537.36 (KHTML, like Gecko) Chrome/144.0.7559.132 Mobile Safari/537.36 (compatible; Googlebot/2.1; +http://www.google.com/bot.html)" mail.acesolutions-ksa.com 74.220.219.162
66.249.73.232 - - [10/Feb/2026:19:06:15 -0700] "GET /?q=024011755 HTTP/1.1" 200 133840 "-" "Mozilla/5.0 (Linux; Android 6.0.1; Nexus 5X Build/MMB29P) AppleWebKit/537.36 (KHTML, like Gecko) Chrome/144.0.7559.132 Mobile Safari/537.36 (compatible; Googlebot/2.1; +http://www.google.com/bot.html)" mail.acesolutions-ksa.com 74.220.219.162
57.141.0.27 - - [10/Feb/2026:19:06:28 -0700] "GET /products/17972860 HTTP/2.0" 200 1838 "-" "meta-externalagent/1.1 (+https://developers.facebook.com/docs/sharing/webmasters/crawler)" acesolutions-ksa.com 74.220.219.162
104.219.215.141 - - [10/Feb/2026:19:06:31 -0700] "GET /wp-content/wp0854ef/index.php HTTP/2.0" 500 - "https://acesolutions-ksa.com/wp-content/wp0854ef/index.php" "Mozilla/5.0 (Windows NT 10.0; Win64; x64) AppleWebKit/537.36 (KHTML, like Gecko) Chrome/58.0.3029.110 Safari/537.3" acesolutions-ksa.com 74.220.219.162
57.141.0.58 - - [10/Feb/2026:19:06:38 -0700] "GET /products/12335026 HTTP/2.0" 200 1838 "-" "meta-externalagent/1.1 (+https://developers.facebook.com/docs/sharing/webmasters/crawler)" acesolutions-ksa.com 74.220.219.162
107.150.52.58 - - [10/Feb/2026:19:06:41 -0700] "GET /wp-includes/qqf98347/index.php HTTP/2.0" 500 - "https://acesolutions-ksa.com/wp-includes/qqf98347/index.php" "Mozilla/5.0 (Windows NT 10.0; Win64; x64) AppleWebKit/537.36 (KHTML, like Gecko) Chrome/58.0.3029.110 Safari/537.3" acesolutions-ksa.com 74.220.219.162
57.141.0.53 - - [10/Feb/2026:19:06:41 -0700] "GET /products/23250037 HTTP/2.0" 200 1838 "-" "meta-externalagent/1.1 (+https://developers.facebook.com/docs/sharing/webmasters/crawler)" acesolutions-ksa.com 74.220.219.162
104.219.215.160 - - [10/Feb/2026:19:06:44 -0700] "GET /wp-includes/js164c16/index.php HTTP/2.0" 500 - "https://acesolutions-ksa.com/wp-includes/js164c16/index.php" "Mozilla/5.0 (Windows NT 10.0; Win64; x64) AppleWebKit/537.36 (KHTML, like Gecko) Chrome/58.0.3029.110 Safari/537.3" acesolutions-ksa.com 74.220.219.162
57.141.0.77 - - [10/Feb/2026:19:06:43 -0700] "GET /products/20925804 HTTP/2.0" 200 1838 "-" "meta-externalagent/1.1 (+https://developers.facebook.com/docs/sharing/webmasters/crawler)" acesolutions-ksa.com 74.220.219.162
104.219.215.160 - - [10/Feb/2026:19:06:47 -0700] "GET /wp-includes/wp42efa3/index.php HTTP/2.0" 500 - "https://acesolutions-ksa.com/wp-includes/wp42efa3/index.php" "Mozilla/5.0 (Windows NT 10.0; Win64; x64) AppleWebKit/537.36 (KHTML, like Gecko) Chrome/58.0.3029.110 Safari/537.3" acesolutions-ksa.com 74.220.219.162
57.141.0.38 - - [10/Feb/2026:19:06:50 -0700] "GET /products/18992837 HTTP/2.0" 200 1838 "-" "meta-externalagent/1.1 (+https://developers.facebook.com/docs/sharing/webmasters/crawler)" acesolutions-ksa.com 74.220.219.162
57.141.0.77 - - [10/Feb/2026:19:06:51 -0700] "GET /products/3837826 HTTP/2.0" 200 1838 "-" "meta-externalagent/1.1 (+https://developers.facebook.com/docs/sharing/webmasters/crawler)" acesolutions-ksa.com 74.220.219.162
57.141.0.74 - - [10/Feb/2026:19:06:52 -0700] "GET /products/23968515 HTTP/2.0" 200 1838 "-" "meta-externalagent/1.1 (+https://developers.facebook.com/docs/sharing/webmasters/crawler)" acesolutions-ksa.com 74.220.219.162
104.219.215.160 - - [10/Feb/2026:19:06:55 -0700] "GET /wp-content/brbcc5b5/index.php HTTP/2.0" 500 - "https://acesolutions-ksa.com/wp-content/brbcc5b5/index.php" "Mozilla/5.0 (Windows NT 10.0; Win64; x64) AppleWebKit/537.36 (KHTML, like Gecko) Chrome/58.0.3029.110 Safari/537.3" acesolutions-ksa.com 74.220.219.162
104.219.215.160 - - [10/Feb/2026:19:06:53 -0700] "GET /wp-content/x03c0a7/index.php HTTP/2.0" 500 - "https://acesolutions-ksa.com/wp-content/x03c0a7/index.php" "Mozilla/5.0 (Windows NT 10.0; Win64; x64) AppleWebKit/537.36 (KHTML, like Gecko) Chrome/58.0.3029.110 Safari/537.3" acesolutions-ksa.com 74.220.219.162
57.141.0.8 - - [10/Feb/2026:19:06:55 -0700] "GET /products/18813826 HTTP/2.0" 200 1838 "-" "meta-externalagent/1.1 (+https://developers.facebook.com/docs/sharing/webmasters/crawler)" acesolutions-ksa.com 74.220.219.162
104.219.215.141 - - [10/Feb/2026:19:06:58 -0700] "GET /wp-content/qq12a96f/index.php HTTP/2.0" 500 - "https://acesolutions-ksa.com/wp-content/qq12a96f/index.php" "Mozilla/5.0 (Windows NT 10.0; Win64; x64) AppleWebKit/537.36 (KHTML, like Gecko) Chrome/58.0.3029.110 Safari/537.3" acesolutions-ksa.com 74.220.219.162
57.141.0.49 - - [10/Feb/2026:19:06:57 -0700] "GET /products/22615660 HTTP/2.0" 200 1838 "-" "meta-externalagent/1.1 (+https://developers.facebook.com/docs/sharing/webmasters/crawler)" acesolutions-ksa.com 74.220.219.162
104.219.215.160 - - [10/Feb/2026:19:07:01 -0700] "GET /wp-content/jsc0497c/index.php HTTP/2.0" 500 - "https://acesolutions-ksa.com/wp-content/jsc0497c/index.php" "Mozilla/5.0 (Windows NT 10.0; Win64; x64) AppleWebKit/537.36 (KHTML, like Gecko) Chrome/58.0.3029.110 Safari/537.3" acesolutions-ksa.com 74.220.219.162
104.219.215.160 - - [10/Feb/2026:19:06:55 -0700] "GET /wp-content/wp2b79ad/index.php HTTP/2.0" 500 - "https://acesolutions-ksa.com/wp-content/wp2b79ad/index.php" "Mozilla/5.0 (Windows NT 10.0; Win64; x64) AppleWebKit/537.36 (KHTML, like Gecko) Chrome/58.0.3029.110 Safari/537.3" acesolutions-ksa.com 74.220.219.162
57.141.0.15 - - [10/Feb/2026:19:07:07 -0700] "GET /products/8305426 HTTP/2.0" 200 1838 "-" "meta-externalagent/1.1 (+https://developers.facebook.com/docs/sharing/webmasters/crawler)" acesolutions-ksa.com 74.220.219.162
57.141.0.19 - - [10/Feb/2026:19:07:08 -0700] "GET /products/26806593 HTTP/2.0" 200 1838 "-" "meta-externalagent/1.1 (+https://developers.facebook.com/docs/sharing/webmasters/crawler)" acesolutions-ksa.com 74.220.219.162
69.30.240.242 - - [10/Feb/2026:19:07:10 -0700] "GET /wp-includes/br41f317/index.php HTTP/2.0" 500 - "https://acesolutions-ksa.com/wp-includes/br41f317/index.php" "Mozilla/5.0 (Windows NT 10.0; Win64; x64) AppleWebKit/537.36 (KHTML, like Gecko) Chrome/58.0.3029.110 Safari/537.3" acesolutions-ksa.com 74.220.219.162
107.150.52.58 - - [10/Feb/2026:19:07:11 -0700] "GET /wp-includes/x2b07af/index.php HTTP/2.0" 500 - "https://acesolutions-ksa.com/wp-includes/x2b07af/index.php" "Mozilla/5.0 (Windows NT 10.0; Win64; x64) AppleWebKit/537.36 (KHTML, like Gecko) Chrome/58.0.3029.110 Safari/537.3" acesolutions-ksa.com 74.220.219.162
57.141.0.44 - - [10/Feb/2026:19:07:13 -0700] "GET /products/21655871 HTTP/2.0" 200 1838 "-" "meta-externalagent/1.1 (+https://developers.facebook.com/docs/sharing/webmasters/crawler)" acesolutions-ksa.com 74.220.219.162
104.219.215.141 - - [10/Feb/2026:19:07:16 -0700] "GET /wp-includes/ad639a66/index.php HTTP/2.0" 500 - "https://acesolutions-ksa.com/wp-includes/ad639a66/index.php" "Mozilla/5.0 (Windows NT 10.0; Win64; x64) AppleWebKit/537.36 (KHTML, like Gecko) Chrome/58.0.3029.110 Safari/537.3" acesolutions-ksa.com 74.220.219.162
57.141.0.59 - - [10/Feb/2026:19:07:16 -0700] "GET /products/10547982 HTTP/2.0" 200 1838 "-" "meta-externalagent/1.1 (+https://developers.facebook.com/docs/sharing/webmasters/crawler)" acesolutions-ksa.com 74.220.219.162
104.219.215.141 - - [10/Feb/2026:19:07:18 -0700] "GET /wp-content/qq0fd18b/index.php HTTP/2.0" 500 - "https://acesolutions-ksa.com/wp-content/qq0fd18b/index.php" "Mozilla/5.0 (Windows NT 10.0; Win64; x64) AppleWebKit/537.36 (KHTML, like Gecko) Chrome/58.0.3029.110 Safari/537.3" acesolutions-ksa.com 74.220.219.162
57.141.0.62 - - [10/Feb/2026:19:07:17 -0700] "GET /products/20044037 HTTP/2.0" 200 1838 "-" "meta-externalagent/1.1 (+https://developers.facebook.com/docs/sharing/webmasters/crawler)" acesolutions-ksa.com 74.220.219.162
57.141.0.1 - - [10/Feb/2026:19:07:18 -0700] "GET /products/6290626 HTTP/2.0" 200 1838 "-" "meta-externalagent/1.1 (+https://developers.facebook.com/docs/sharing/webmasters/crawler)" acesolutions-ksa.com 74.220.219.162
107.150.52.58 - - [10/Feb/2026:19:07:21 -0700] "GET /wp-includes/x09529d/index.php HTTP/2.0" 500 - "https://acesolutions-ksa.com/wp-includes/x09529d/index.php" "Mozilla/5.0 (Windows NT 10.0; Win64; x64) AppleWebKit/537.36 (KHTML, like Gecko) Chrome/58.0.3029.110 Safari/537.3" acesolutions-ksa.com 74.220.219.162
104.219.215.141 - - [10/Feb/2026:19:07:20 -0700] "GET /wp-includes/qq645adb/index.php HTTP/2.0" 500 - "https://acesolutions-ksa.com/wp-includes/qq645adb/index.php" "Mozilla/5.0 (Windows NT 10.0; Win64; x64) AppleWebKit/537.36 (KHTML, like Gecko) Chrome/58.0.3029.110 Safari/537.3" acesolutions-ksa.com 74.220.219.162
66.249.73.234 - - [10/Feb/2026:19:07:27 -0700] "GET /?p=225021682 HTTP/1.1" 200 133209 "-" "Mozilla/5.0 (Linux; Android 6.0.1; Nexus 5X Build/MMB29P) AppleWebKit/537.36 (KHTML, like Gecko) Chrome/144.0.7559.132 Mobile Safari/537.36 (compatible; Googlebot/2.1; +http://www.google.com/bot.html)" mail.acesolutions-ksa.com 74.220.219.162
66.249.73.234 - - [10/Feb/2026:19:07:27 -0700] "GET /?p=225021682 HTTP/1.1" 200 133209 "-" "Mozilla/5.0 (Linux; Android 6.0.1; Nexus 5X Build/MMB29P) AppleWebKit/537.36 (KHTML, like Gecko) Chrome/144.0.7559.132 Mobile Safari/537.36 (compatible; Googlebot/2.1; +http://www.google.com/bot.html)" mail.acesolutions-ksa.com 74.220.219.162
57.141.0.3 - - [10/Feb/2026:19:07:30 -0700] "GET /products/19812460 HTTP/2.0" 200 1838 "-" "meta-externalagent/1.1 (+https://developers.facebook.com/docs/sharing/webmasters/crawler)" acesolutions-ksa.com 74.220.219.162
104.219.215.141 - - [10/Feb/2026:19:07:33 -0700] "GET /wp-content/wpc2a2af/index.php HTTP/2.0" 500 - "https://acesolutions-ksa.com/wp-content/wpc2a2af/index.php" "Mozilla/5.0 (Windows NT 10.0; Win64; x64) AppleWebKit/537.36 (KHTML, like Gecko) Chrome/58.0.3029.110 Safari/537.3" acesolutions-ksa.com 74.220.219.162
57.141.0.1 - - [10/Feb/2026:19:07:36 -0700] "GET /products/13193715 HTTP/2.0" 200 1838 "-" "meta-externalagent/1.1 (+https://developers.facebook.com/docs/sharing/webmasters/crawler)" acesolutions-ksa.com 74.220.219.162
104.219.215.160 - - [10/Feb/2026:19:07:40 -0700] "GET /wp-content/br4a15b1/index.php HTTP/2.0" 500 - "https://acesolutions-ksa.com/wp-content/br4a15b1/index.php" "Mozilla/5.0 (Windows NT 10.0; Win64; x64) AppleWebKit/537.36 (KHTML, like Gecko) Chrome/58.0.3029.110 Safari/537.3" acesolutions-ksa.com 74.220.219.162
57.141.0.31 - - [10/Feb/2026:19:07:40 -0700] "GET /products/18432193 HTTP/2.0" 200 1838 "-" "meta-externalagent/1.1 (+https://developers.facebook.com/docs/sharing/webmasters/crawler)" acesolutions-ksa.com 74.220.219.162
107.150.52.58 - - [10/Feb/2026:19:07:43 -0700] "GET /wp-includes/js393567/index.php HTTP/2.0" 500 - "https://acesolutions-ksa.com/wp-includes/js393567/index.php" "Mozilla/5.0 (Windows NT 10.0; Win64; x64) AppleWebKit/537.36 (KHTML, like Gecko) Chrome/58.0.3029.110 Safari/537.3" acesolutions-ksa.com 74.220.219.162
57.141.0.75 - - [10/Feb/2026:19:07:40 -0700] "GET /products/16273426 HTTP/2.0" 200 1838 "-" "meta-externalagent/1.1 (+https://developers.facebook.com/docs/sharing/webmasters/crawler)" acesolutions-ksa.com 74.220.219.162
104.219.215.160 - - [10/Feb/2026:19:07:44 -0700] "GET /wp-content/ad393567/index.php HTTP/2.0" 500 - "https://acesolutions-ksa.com/wp-content/ad393567/index.php" "Mozilla/5.0 (Windows NT 10.0; Win64; x64) AppleWebKit/537.36 (KHTML, like Gecko) Chrome/58.0.3029.110 Safari/537.3" acesolutions-ksa.com 74.220.219.162
57.141.0.42 - - [10/Feb/2026:19:07:48 -0700] "GET /products/29300360 HTTP/2.0" 200 1838 "-" "meta-externalagent/1.1 (+https://developers.facebook.com/docs/sharing/webmasters/crawler)" acesolutions-ksa.com 74.220.219.162
57.141.0.10 - - [10/Feb/2026:19:07:48 -0700] "GET /products/4365793 HTTP/2.0" 200 1838 "-" "meta-externalagent/1.1 (+https://developers.facebook.com/docs/sharing/webmasters/crawler)" acesolutions-ksa.com 74.220.219.162
107.150.52.58 - - [10/Feb/2026:19:07:51 -0700] "GET /wp-content/bra63a5f/index.php HTTP/2.0" 500 - "https://acesolutions-ksa.com/wp-content/bra63a5f/index.php" "Mozilla/5.0 (Windows NT 10.0; Win64; x64) AppleWebKit/537.36 (KHTML, like Gecko) Chrome/58.0.3029.110 Safari/537.3" acesolutions-ksa.com 74.220.219.162
107.150.52.58 - - [10/Feb/2026:19:07:51 -0700] "GET /wp-includes/bre1219a/index.php HTTP/2.0" 500 - "https://acesolutions-ksa.com/wp-includes/bre1219a/index.php" "Mozilla/5.0 (Windows NT 10.0; Win64; x64) AppleWebKit/537.36 (KHTML, like Gecko) Chrome/58.0.3029.110 Safari/537.3" acesolutions-ksa.com 74.220.219.162
57.141.0.1 - - [10/Feb/2026:19:07:51 -0700] "GET /products/25282359 HTTP/2.0" 200 1838 "-" "meta-externalagent/1.1 (+https://developers.facebook.com/docs/sharing/webmasters/crawler)" acesolutions-ksa.com 74.220.219.162
57.141.0.53 - - [10/Feb/2026:19:07:52 -0700] "GET /products/28523559 HTTP/2.0" 200 1838 "-" "meta-externalagent/1.1 (+https://developers.facebook.com/docs/sharing/webmasters/crawler)" acesolutions-ksa.com 74.220.219.162
107.150.52.58 - - [10/Feb/2026:19:07:55 -0700] "GET /wp-includes/qq9b47a0/index.php HTTP/2.0" 500 - "https://acesolutions-ksa.com/wp-includes/qq9b47a0/index.php" "Mozilla/5.0 (Windows NT 10.0; Win64; x64) AppleWebKit/537.36 (KHTML, like Gecko) Chrome/58.0.3029.110 Safari/537.3" acesolutions-ksa.com 74.220.219.162
104.219.215.141 - - [10/Feb/2026:19:07:55 -0700] "GET /wp-content/ad92dd5c/index.php HTTP/2.0" 500 - "https://acesolutions-ksa.com/wp-content/ad92dd5c/index.php" "Mozilla/5.0 (Windows NT 10.0; Win64; x64) AppleWebKit/537.36 (KHTML, like Gecko) Chrome/58.0.3029.110 Safari/537.3" acesolutions-ksa.com 74.220.219.162
104.219.215.141 - - [10/Feb/2026:19:06:34 -0700] "GET /wp-content/wp0854ef/index.php HTTP/2.0" 200 - "https://acesolutions-ksa.com/wp-content/wp0854ef/index.php" "Mozilla/5.0 (Windows NT 10.0; Win64; x64) AppleWebKit/537.36 (KHTML, like Gecko) Chrome/58.0.3029.110 Safari/537.3" acesolutions-ksa.com 74.220.219.162
66.249.73.234 - - [10/Feb/2026:19:08:03 -0700] "GET /?k=099027550 HTTP/1.1" 200 133218 "-" "Mozilla/5.0 (Linux; Android 6.0.1; Nexus 5X Build/MMB29P) AppleWebKit/537.36 (KHTML, like Gecko) Chrome/144.0.7559.132 Mobile Safari/537.36 (compatible; Googlebot/2.1; +http://www.google.com/bot.html)" mail.acesolutions-ksa.com 74.220.219.162
66.249.73.234 - - [10/Feb/2026:19:08:03 -0700] "GET /?k=099027550 HTTP/1.1" 200 133218 "-" "Mozilla/5.0 (Linux; Android 6.0.1; Nexus 5X Build/MMB29P) AppleWebKit/537.36 (KHTML, like Gecko) Chrome/144.0.7559.132 Mobile Safari/537.36 (compatible; Googlebot/2.1; +http://www.google.com/bot.html)" mail.acesolutions-ksa.com 74.220.219.162
107.150.52.58 - - [10/Feb/2026:19:06:41 -0700] "GET /wp-includes/qqf98347/index.php HTTP/2.0" 200 - "https://acesolutions-ksa.com/wp-includes/qqf98347/index.php" "Mozilla/5.0 (Windows NT 10.0; Win64; x64) AppleWebKit/537.36 (KHTML, like Gecko) Chrome/58.0.3029.110 Safari/537.3" acesolutions-ksa.com 74.220.219.162
104.219.215.160 - - [10/Feb/2026:19:06:45 -0700] "GET /wp-includes/js164c16/index.php HTTP/2.0" 200 - "https://acesolutions-ksa.com/wp-includes/js164c16/index.php" "Mozilla/5.0 (Windows NT 10.0; Win64; x64) AppleWebKit/537.36 (KHTML, like Gecko) Chrome/58.0.3029.110 Safari/537.3" acesolutions-ksa.com 74.220.219.162
104.219.215.160 - - [10/Feb/2026:19:06:47 -0700] "GET /wp-includes/wp42efa3/index.php HTTP/2.0" 200 - "https://acesolutions-ksa.com/wp-includes/wp42efa3/index.php" "Mozilla/5.0 (Windows NT 10.0; Win64; x64) AppleWebKit/537.36 (KHTML, like Gecko) Chrome/58.0.3029.110 Safari/537.3" acesolutions-ksa.com 74.220.219.162
57.141.0.55 - - [10/Feb/2026:19:08:16 -0700] "GET /products/14293660 HTTP/2.0" 200 1838 "-" "meta-externalagent/1.1 (+https://developers.facebook.com/docs/sharing/webmasters/crawler)" acesolutions-ksa.com 74.220.219.162
69.30.215.34 - - [10/Feb/2026:19:08:20 -0700] "GET /wp-content/qq03ad01/index.php HTTP/2.0" 500 - "https://acesolutions-ksa.com/wp-content/qq03ad01/index.php" "Mozilla/5.0 (Windows NT 10.0; Win64; x64) AppleWebKit/537.36 (KHTML, like Gecko) Chrome/58.0.3029.110 Safari/537.3" acesolutions-ksa.com 74.220.219.162
104.219.215.160 - - [10/Feb/2026:19:06:55 -0700] "GET /wp-content/brbcc5b5/index.php HTTP/2.0" 200 - "https://acesolutions-ksa.com/wp-content/brbcc5b5/index.php" "Mozilla/5.0 (Windows NT 10.0; Win64; x64) AppleWebKit/537.36 (KHTML, like Gecko) Chrome/58.0.3029.110 Safari/537.3" acesolutions-ksa.com 74.220.219.162
57.141.0.77 - - [10/Feb/2026:19:08:22 -0700] "GET /products/19138760 HTTP/2.0" 200 1838 "-" "meta-externalagent/1.1 (+https://developers.facebook.com/docs/sharing/webmasters/crawler)" acesolutions-ksa.com 74.220.219.162
57.141.0.41 - - [10/Feb/2026:19:08:23 -0700] "GET /products/26666437 HTTP/2.0" 200 1838 "-" "meta-externalagent/1.1 (+https://developers.facebook.com/docs/sharing/webmasters/crawler)" acesolutions-ksa.com 74.220.219.162
104.219.215.160 - - [10/Feb/2026:19:07:01 -0700] "GET /wp-content/jsc0497c/index.php HTTP/2.0" 200 - "https://acesolutions-ksa.com/wp-content/jsc0497c/index.php" "Mozilla/5.0 (Windows NT 10.0; Win64; x64) AppleWebKit/537.36 (KHTML, like Gecko) Chrome/58.0.3029.110 Safari/537.3" acesolutions-ksa.com 74.220.219.162
104.219.215.160 - - [10/Feb/2026:19:07:02 -0700] "GET /wp-content/wp2b79ad/index.php HTTP/2.0" 200 - "https://acesolutions-ksa.com/wp-content/wp2b79ad/index.php" "Mozilla/5.0 (Windows NT 10.0; Win64; x64) AppleWebKit/537.36 (KHTML, like Gecko) Chrome/58.0.3029.110 Safari/537.3" acesolutions-ksa.com 74.220.219.162
69.30.215.34 - - [10/Feb/2026:19:08:26 -0700] "GET /wp-content/wp523c5e/index.php HTTP/2.0" 500 - "https://acesolutions-ksa.com/wp-content/wp523c5e/index.php" "Mozilla/5.0 (Windows NT 10.0; Win64; x64) AppleWebKit/537.36 (KHTML, like Gecko) Chrome/58.0.3029.110 Safari/537.3" acesolutions-ksa.com 74.220.219.162
104.219.215.160 - - [10/Feb/2026:19:08:27 -0700] "GET /wp-includes/wpde7156/index.php HTTP/2.0" 500 - "https://acesolutions-ksa.com/wp-includes/wpde7156/index.php" "Mozilla/5.0 (Windows NT 10.0; Win64; x64) AppleWebKit/537.36 (KHTML, like Gecko) Chrome/58.0.3029.110 Safari/537.3" acesolutions-ksa.com 74.220.219.162
104.219.215.160 - - [10/Feb/2026:19:06:56 -0700] "GET /wp-content/x03c0a7/index.php HTTP/2.0" 200 - "https://acesolutions-ksa.com/wp-content/x03c0a7/index.php" "Mozilla/5.0 (Windows NT 10.0; Win64; x64) AppleWebKit/537.36 (KHTML, like Gecko) Chrome/58.0.3029.110 Safari/537.3" acesolutions-ksa.com 74.220.219.162
57.141.0.51 - - [10/Feb/2026:19:08:24 -0700] "GET /products/20776060 HTTP/2.0" 200 1838 "-" "meta-externalagent/1.1 (+https://developers.facebook.com/docs/sharing/webmasters/crawler)" acesolutions-ksa.com 74.220.219.162
57.141.0.33 - - [10/Feb/2026:19:08:24 -0700] "GET /products/24248671 HTTP/2.0" 200 1838 "-" "meta-externalagent/1.1 (+https://developers.facebook.com/docs/sharing/webmasters/crawler)" acesolutions-ksa.com 74.220.219.162
104.219.215.141 - - [10/Feb/2026:19:06:58 -0700] "GET /wp-content/qq12a96f/index.php HTTP/2.0" 200 - "https://acesolutions-ksa.com/wp-content/qq12a96f/index.php" "Mozilla/5.0 (Windows NT 10.0; Win64; x64) AppleWebKit/537.36 (KHTML, like Gecko) Chrome/58.0.3029.110 Safari/537.3" acesolutions-ksa.com 74.220.219.162
104.219.215.141 - - [10/Feb/2026:19:08:31 -0700] "GET /wp-content/qq4c36bb/index.php HTTP/2.0" 500 - "https://acesolutions-ksa.com/wp-content/qq4c36bb/index.php" "Mozilla/5.0 (Windows NT 10.0; Win64; x64) AppleWebKit/537.36 (KHTML, like Gecko) Chrome/58.0.3029.110 Safari/537.3" acesolutions-ksa.com 74.220.219.162
107.150.52.58 - - [10/Feb/2026:19:07:11 -0700] "GET /wp-includes/x2b07af/index.php HTTP/2.0" 200 - "https://acesolutions-ksa.com/wp-includes/x2b07af/index.php" "Mozilla/5.0 (Windows NT 10.0; Win64; x64) AppleWebKit/537.36 (KHTML, like Gecko) Chrome/58.0.3029.110 Safari/537.3" acesolutions-ksa.com 74.220.219.162
69.30.240.242 - - [10/Feb/2026:19:07:11 -0700] "GET /wp-includes/br41f317/index.php HTTP/2.0" 200 - "https://acesolutions-ksa.com/wp-includes/br41f317/index.php" "Mozilla/5.0 (Windows NT 10.0; Win64; x64) AppleWebKit/537.36 (KHTML, like Gecko) Chrome/58.0.3029.110 Safari/537.3" acesolutions-ksa.com 74.220.219.162
69.30.240.242 - - [10/Feb/2026:19:08:32 -0700] "GET /wp-includes/js645f52/index.php HTTP/2.0" 500 - "https://acesolutions-ksa.com/wp-includes/js645f52/index.php" "Mozilla/5.0 (Windows NT 10.0; Win64; x64) AppleWebKit/537.36 (KHTML, like Gecko) Chrome/58.0.3029.110 Safari/537.3" acesolutions-ksa.com 74.220.219.162
57.141.0.38 - - [10/Feb/2026:19:08:31 -0700] "GET /products/1647826 HTTP/2.0" 200 1838 "-" "meta-externalagent/1.1 (+https://developers.facebook.com/docs/sharing/webmasters/crawler)" acesolutions-ksa.com 74.220.219.162
104.219.215.141 - - [10/Feb/2026:19:07:17 -0700] "GET /wp-includes/ad639a66/index.php HTTP/2.0" 200 - "https://acesolutions-ksa.com/wp-includes/ad639a66/index.php" "Mozilla/5.0 (Windows NT 10.0; Win64; x64) AppleWebKit/537.36 (KHTML, like Gecko) Chrome/58.0.3029.110 Safari/537.3" acesolutions-ksa.com 74.220.219.162
104.219.215.141 - - [10/Feb/2026:19:07:19 -0700] "GET /wp-content/qq0fd18b/index.php HTTP/2.0" 200 - "https://acesolutions-ksa.com/wp-content/qq0fd18b/index.php" "Mozilla/5.0 (Windows NT 10.0; Win64; x64) AppleWebKit/537.36 (KHTML, like Gecko) Chrome/58.0.3029.110 Safari/537.3" acesolutions-ksa.com 74.220.219.162
66.249.73.233 - - [10/Feb/2026:19:08:39 -0700] "GET /?jp/161040278.html HTTP/1.1" 200 133352 "-" "Mozilla/5.0 (Linux; Android 6.0.1; Nexus 5X Build/MMB29P) AppleWebKit/537.36 (KHTML, like Gecko) Chrome/144.0.7559.132 Mobile Safari/537.36 (compatible; Googlebot/2.1; +http://www.google.com/bot.html)" mail.acesolutions-ksa.com 74.220.219.162
66.249.73.233 - - [10/Feb/2026:19:08:39 -0700] "GET /?jp/161040278.html HTTP/1.1" 200 133352 "-" "Mozilla/5.0 (Linux; Android 6.0.1; Nexus 5X Build/MMB29P) AppleWebKit/537.36 (KHTML, like Gecko) Chrome/144.0.7559.132 Mobile Safari/537.36 (compatible; Googlebot/2.1; +http://www.google.com/bot.html)" mail.acesolutions-ksa.com 74.220.219.162
57.141.0.27 - - [10/Feb/2026:19:08:34 -0700] "GET /products/23631826 HTTP/2.0" 200 1838 "-" "meta-externalagent/1.1 (+https://developers.facebook.com/docs/sharing/webmasters/crawler)" acesolutions-ksa.com 74.220.219.162
107.150.52.58 - - [10/Feb/2026:19:07:22 -0700] "GET /wp-includes/x09529d/index.php HTTP/2.0" 200 - "https://acesolutions-ksa.com/wp-includes/x09529d/index.php" "Mozilla/5.0 (Windows NT 10.0; Win64; x64) AppleWebKit/537.36 (KHTML, like Gecko) Chrome/58.0.3029.110 Safari/537.3" acesolutions-ksa.com 74.220.219.162
104.219.215.141 - - [10/Feb/2026:19:07:22 -0700] "GET /wp-includes/qq645adb/index.php HTTP/2.0" 200 - "https://acesolutions-ksa.com/wp-includes/qq645adb/index.php" "Mozilla/5.0 (Windows NT 10.0; Win64; x64) AppleWebKit/537.36 (KHTML, like Gecko) Chrome/58.0.3029.110 Safari/537.3" acesolutions-ksa.com 74.220.219.162
57.141.0.3 - - [10/Feb/2026:19:08:41 -0700] "GET /products/27052037 HTTP/2.0" 200 1838 "-" "meta-externalagent/1.1 (+https://developers.facebook.com/docs/sharing/webmasters/crawler)" acesolutions-ksa.com 74.220.219.162
104.219.215.160 - - [10/Feb/2026:19:08:43 -0700] "GET /wp-includes/wpc9a163/index.php HTTP/2.0" 500 - "https://acesolutions-ksa.com/wp-includes/wpc9a163/index.php" "Mozilla/5.0 (Windows NT 10.0; Win64; x64) AppleWebKit/537.36 (KHTML, like Gecko) Chrome/58.0.3029.110 Safari/537.3" acesolutions-ksa.com 74.220.219.162
57.141.0.1 - - [10/Feb/2026:19:08:44 -0700] "GET /products/12681826 HTTP/2.0" 200 1838 "-" "meta-externalagent/1.1 (+https://developers.facebook.com/docs/sharing/webmasters/crawler)" acesolutions-ksa.com 74.220.219.162
104.219.215.141 - - [10/Feb/2026:19:07:33 -0700] "GET /wp-content/wpc2a2af/index.php HTTP/2.0" 200 - "https://acesolutions-ksa.com/wp-content/wpc2a2af/index.php" "Mozilla/5.0 (Windows NT 10.0; Win64; x64) AppleWebKit/537.36 (KHTML, like Gecko) Chrome/58.0.3029.110 Safari/537.3" acesolutions-ksa.com 74.220.219.162
104.219.215.141 - - [10/Feb/2026:19:08:47 -0700] "GET /wp-includes/pl4e58cb/index.php HTTP/2.0" 500 - "https://acesolutions-ksa.com/wp-includes/pl4e58cb/index.php" "Mozilla/5.0 (Windows NT 10.0; Win64; x64) AppleWebKit/537.36 (KHTML, like Gecko) Chrome/58.0.3029.110 Safari/537.3" acesolutions-ksa.com 74.220.219.162
57.141.0.5 - - [10/Feb/2026:19:08:47 -0700] "GET /products/26859159 HTTP/2.0" 200 1838 "-" "meta-externalagent/1.1 (+https://developers.facebook.com/docs/sharing/webmasters/crawler)" acesolutions-ksa.com 74.220.219.162
107.150.52.58 - - [10/Feb/2026:19:07:44 -0700] "GET /wp-includes/js393567/index.php HTTP/2.0" 200 - "https://acesolutions-ksa.com/wp-includes/js393567/index.php" "Mozilla/5.0 (Windows NT 10.0; Win64; x64) AppleWebKit/537.36 (KHTML, like Gecko) Chrome/58.0.3029.110 Safari/537.3" acesolutions-ksa.com 74.220.219.162
104.219.215.160 - - [10/Feb/2026:19:07:44 -0700] "GET /wp-content/ad393567/index.php HTTP/2.0" 200 - "https://acesolutions-ksa.com/wp-content/ad393567/index.php" "Mozilla/5.0 (Windows NT 10.0; Win64; x64) AppleWebKit/537.36 (KHTML, like Gecko) Chrome/58.0.3029.110 Safari/537.3" acesolutions-ksa.com 74.220.219.162
104.219.215.160 - - [10/Feb/2026:19:07:41 -0700] "GET /wp-content/br4a15b1/index.php HTTP/2.0" 200 - "https://acesolutions-ksa.com/wp-content/br4a15b1/index.php" "Mozilla/5.0 (Windows NT 10.0; Win64; x64) AppleWebKit/537.36 (KHTML, like Gecko) Chrome/58.0.3029.110 Safari/537.3" acesolutions-ksa.com 74.220.219.162
104.219.215.160 - - [10/Feb/2026:19:08:50 -0700] "GET /wp-includes/qqef9a8b/index.php HTTP/2.0" 500 - "https://acesolutions-ksa.com/wp-includes/qqef9a8b/index.php" "Mozilla/5.0 (Windows NT 10.0; Win64; x64) AppleWebKit/537.36 (KHTML, like Gecko) Chrome/58.0.3029.110 Safari/537.3" acesolutions-ksa.com 74.220.219.162
107.150.52.58 - - [10/Feb/2026:19:07:52 -0700] "GET /wp-includes/bre1219a/index.php HTTP/2.0" 200 - "https://acesolutions-ksa.com/wp-includes/bre1219a/index.php" "Mozilla/5.0 (Windows NT 10.0; Win64; x64) AppleWebKit/537.36 (KHTML, like Gecko) Chrome/58.0.3029.110 Safari/537.3" acesolutions-ksa.com 74.220.219.162
107.150.52.58 - - [10/Feb/2026:19:07:52 -0700] "GET /wp-content/bra63a5f/index.php HTTP/2.0" 200 - "https://acesolutions-ksa.com/wp-content/bra63a5f/index.php" "Mozilla/5.0 (Windows NT 10.0; Win64; x64) AppleWebKit/537.36 (KHTML, like Gecko) Chrome/58.0.3029.110 Safari/537.3" acesolutions-ksa.com 74.220.219.162
104.219.215.141 - - [10/Feb/2026:19:08:53 -0700] "GET /wp-content/plfc8bf2/index.php HTTP/2.0" 500 - "https://acesolutions-ksa.com/wp-content/plfc8bf2/index.php" "Mozilla/5.0 (Windows NT 10.0; Win64; x64) AppleWebKit/537.36 (KHTML, like Gecko) Chrome/58.0.3029.110 Safari/537.3" acesolutions-ksa.com 74.220.219.162
57.141.0.55 - - [10/Feb/2026:19:08:55 -0700] "GET /products/18607393 HTTP/2.0" 200 1838 "-" "meta-externalagent/1.1 (+https://developers.facebook.com/docs/sharing/webmasters/crawler)" acesolutions-ksa.com 74.220.219.162
107.150.52.58 - - [10/Feb/2026:19:07:56 -0700] "GET /wp-includes/qq9b47a0/index.php HTTP/2.0" 200 - "https://acesolutions-ksa.com/wp-includes/qq9b47a0/index.php" "Mozilla/5.0 (Windows NT 10.0; Win64; x64) AppleWebKit/537.36 (KHTML, like Gecko) Chrome/58.0.3029.110 Safari/537.3" acesolutions-ksa.com 74.220.219.162
104.219.215.141 - - [10/Feb/2026:19:07:56 -0700] "GET /wp-content/ad92dd5c/index.php HTTP/2.0" 200 - "https://acesolutions-ksa.com/wp-content/ad92dd5c/index.php" "Mozilla/5.0 (Windows NT 10.0; Win64; x64) AppleWebKit/537.36 (KHTML, like Gecko) Chrome/58.0.3029.110 Safari/537.3" acesolutions-ksa.com 74.220.219.162
57.141.0.58 - - [10/Feb/2026:19:09:03 -0700] "GET /products/16931248 HTTP/2.0" 200 1838 "-" "meta-externalagent/1.1 (+https://developers.facebook.com/docs/sharing/webmasters/crawler)" acesolutions-ksa.com 74.220.219.162
57.141.0.75 - - [10/Feb/2026:19:09:03 -0700] "GET /products/26561315 HTTP/2.0" 200 1838 "-" "meta-externalagent/1.1 (+https://developers.facebook.com/docs/sharing/webmasters/crawler)" acesolutions-ksa.com 74.220.219.162
107.150.52.58 - - [10/Feb/2026:19:09:05 -0700] "GET /wp-content/qqcdb87c/index.php HTTP/2.0" 500 - "https://acesolutions-ksa.com/wp-content/qqcdb87c/index.php" "Mozilla/5.0 (Windows NT 10.0; Win64; x64) AppleWebKit/537.36 (KHTML, like Gecko) Chrome/58.0.3029.110 Safari/537.3" acesolutions-ksa.com 74.220.219.162
57.141.0.23 - - [10/Feb/2026:19:09:05 -0700] "GET /products/20417726 HTTP/2.0" 200 1838 "-" "meta-externalagent/1.1 (+https://developers.facebook.com/docs/sharing/webmasters/crawler)" acesolutions-ksa.com 74.220.219.162
57.141.0.19 - - [10/Feb/2026:19:09:06 -0700] "GET /products/27577471 HTTP/2.0" 200 1838 "-" "meta-externalagent/1.1 (+https://developers.facebook.com/docs/sharing/webmasters/crawler)" acesolutions-ksa.com 74.220.219.162
173.208.176.202 - - [10/Feb/2026:19:08:04 -0700] "GET /wp-content/wp0854ef/index.php?id=129207 HTTP/2.0" 200 - "https://acesolutions-ksa.com/wp-content/wp0854ef/index.php?id=129207" "Mozilla/5.0 (Windows NT 10.0; Win64; x64) AppleWebKit/537.36 (KHTML, like Gecko) Chrome/58.0.3029.110 Safari/537.3" acesolutions-ksa.com 74.220.219.162
173.208.176.202 - - [10/Feb/2026:19:08:10 -0700] "GET /wp-includes/qqf98347/index.php?id=719459 HTTP/2.0" 200 - "https://acesolutions-ksa.com/wp-includes/qqf98347/index.php?id=719459" "Mozilla/5.0 (Windows NT 10.0; Win64; x64) AppleWebKit/537.36 (KHTML, like Gecko) Chrome/58.0.3029.110 Safari/537.3" acesolutions-ksa.com 74.220.219.162
66.249.73.232 - - [10/Feb/2026:19:09:15 -0700] "GET /?jp/011010788.html HTTP/1.1" 200 133193 "-" "Mozilla/5.0 (Linux; Android 6.0.1; Nexus 5X Build/MMB29P) AppleWebKit/537.36 (KHTML, like Gecko) Chrome/144.0.7559.132 Mobile Safari/537.36 (compatible; Googlebot/2.1; +http://www.google.com/bot.html)" mail.acesolutions-ksa.com 74.220.219.162
66.249.73.232 - - [10/Feb/2026:19:09:15 -0700] "GET /?jp/011010788.html HTTP/1.1" 200 133193 "-" "Mozilla/5.0 (Linux; Android 6.0.1; Nexus 5X Build/MMB29P) AppleWebKit/537.36 (KHTML, like Gecko) Chrome/144.0.7559.132 Mobile Safari/537.36 (compatible; Googlebot/2.1; +http://www.google.com/bot.html)" mail.acesolutions-ksa.com 74.220.219.162
173.208.176.202 - - [10/Feb/2026:19:08:15 -0700] "GET /wp-includes/wp42efa3/index.php?id=500100 HTTP/2.0" 200 - "https://acesolutions-ksa.com/wp-includes/wp42efa3/index.php?id=500100" "Mozilla/5.0 (Windows NT 10.0; Win64; x64) AppleWebKit/537.36 (KHTML, like Gecko) Chrome/58.0.3029.110 Safari/537.3" acesolutions-ksa.com 74.220.219.162
173.208.176.202 - - [10/Feb/2026:19:08:13 -0700] "GET /wp-includes/js164c16/index.php?id=548090 HTTP/2.0" 200 - "https://acesolutions-ksa.com/wp-includes/js164c16/index.php?id=548090" "Mozilla/5.0 (Windows NT 10.0; Win64; x64) AppleWebKit/537.36 (KHTML, like Gecko) Chrome/58.0.3029.110 Safari/537.3" acesolutions-ksa.com 74.220.219.162
69.30.215.34 - - [10/Feb/2026:19:08:21 -0700] "GET /wp-content/qq03ad01/index.php HTTP/2.0" 200 - "https://acesolutions-ksa.com/wp-content/qq03ad01/index.php" "Mozilla/5.0 (Windows NT 10.0; Win64; x64) AppleWebKit/537.36 (KHTML, like Gecko) Chrome/58.0.3029.110 Safari/537.3" acesolutions-ksa.com 74.220.219.162
173.208.176.202 - - [10/Feb/2026:19:08:24 -0700] "GET /wp-content/brbcc5b5/index.php?id=363192 HTTP/2.0" 200 - "https://acesolutions-ksa.com/wp-content/brbcc5b5/index.php?id=363192" "Mozilla/5.0 (Windows NT 10.0; Win64; x64) AppleWebKit/537.36 (KHTML, like Gecko) Chrome/58.0.3029.110 Safari/537.3" acesolutions-ksa.com 74.220.219.162
107.150.52.58 - - [10/Feb/2026:19:09:23 -0700] "GET /wp-includes/ima67958/index.php HTTP/2.0" 500 - "https://acesolutions-ksa.com/wp-includes/ima67958/index.php" "Mozilla/5.0 (Windows NT 10.0; Win64; x64) AppleWebKit/537.36 (KHTML, like Gecko) Chrome/58.0.3029.110 Safari/537.3" acesolutions-ksa.com 74.220.219.162
69.30.215.34 - - [10/Feb/2026:19:08:29 -0700] "GET /wp-content/wp523c5e/index.php HTTP/2.0" 200 - "https://acesolutions-ksa.com/wp-content/wp523c5e/index.php" "Mozilla/5.0 (Windows NT 10.0; Win64; x64) AppleWebKit/537.36 (KHTML, like Gecko) Chrome/58.0.3029.110 Safari/537.3" acesolutions-ksa.com 74.220.219.162
173.208.176.202 - - [10/Feb/2026:19:08:29 -0700] "GET /wp-content/jsc0497c/index.php?id=25302 HTTP/2.0" 200 - "https://acesolutions-ksa.com/wp-content/jsc0497c/index.php?id=25302" "Mozilla/5.0 (Windows NT 10.0; Win64; x64) AppleWebKit/537.36 (KHTML, like Gecko) Chrome/58.0.3029.110 Safari/537.3" acesolutions-ksa.com 74.220.219.162
104.219.215.160 - - [10/Feb/2026:19:08:29 -0700] "GET /wp-includes/wpde7156/index.php HTTP/2.0" 200 - "https://acesolutions-ksa.com/wp-includes/wpde7156/index.php" "Mozilla/5.0 (Windows NT 10.0; Win64; x64) AppleWebKit/537.36 (KHTML, like Gecko) Chrome/58.0.3029.110 Safari/537.3" acesolutions-ksa.com 74.220.219.162
107.150.52.58 - - [10/Feb/2026:19:09:27 -0700] "GET /wp-content/js47a227/index.php HTTP/2.0" 500 - "https://acesolutions-ksa.com/wp-content/js47a227/index.php" "Mozilla/5.0 (Windows NT 10.0; Win64; x64) AppleWebKit/537.36 (KHTML, like Gecko) Chrome/58.0.3029.110 Safari/537.3" acesolutions-ksa.com 74.220.219.162
69.30.240.242 - - [10/Feb/2026:19:09:28 -0700] "GET /wp-includes/x5fdf22/index.php HTTP/2.0" 500 - "https://acesolutions-ksa.com/wp-includes/x5fdf22/index.php" "Mozilla/5.0 (Windows NT 10.0; Win64; x64) AppleWebKit/537.36 (KHTML, like Gecko) Chrome/58.0.3029.110 Safari/537.3" acesolutions-ksa.com 74.220.219.162
173.208.176.202 - - [10/Feb/2026:19:08:30 -0700] "GET /wp-content/wp2b79ad/index.php?id=20448 HTTP/2.0" 200 - "https://acesolutions-ksa.com/wp-content/wp2b79ad/index.php?id=20448" "Mozilla/5.0 (Windows NT 10.0; Win64; x64) AppleWebKit/537.36 (KHTML, like Gecko) Chrome/58.0.3029.110 Safari/537.3" acesolutions-ksa.com 74.220.219.162
107.150.52.58 - - [10/Feb/2026:19:09:33 -0700] "GET /wp-content/ad71296a/index.php HTTP/2.0" 500 - "https://acesolutions-ksa.com/wp-content/ad71296a/index.php" "Mozilla/5.0 (Windows NT 10.0; Win64; x64) AppleWebKit/537.36 (KHTML, like Gecko) Chrome/58.0.3029.110 Safari/537.3" acesolutions-ksa.com 74.220.219.162
107.150.52.58 - - [10/Feb/2026:19:09:31 -0700] "GET /wp-includes/wp4f070c/index.php HTTP/2.0" 500 - "https://acesolutions-ksa.com/wp-includes/wp4f070c/index.php" "Mozilla/5.0 (Windows NT 10.0; Win64; x64) AppleWebKit/537.36 (KHTML, like Gecko) Chrome/58.0.3029.110 Safari/537.3" acesolutions-ksa.com 74.220.219.162
173.208.176.202 - - [10/Feb/2026:19:08:33 -0700] "GET /wp-content/qq12a96f/index.php?id=55839 HTTP/2.0" 200 - "https://acesolutions-ksa.com/wp-content/qq12a96f/index.php?id=55839" "Mozilla/5.0 (Windows NT 10.0; Win64; x64) AppleWebKit/537.36 (KHTML, like Gecko) Chrome/58.0.3029.110 Safari/537.3" acesolutions-ksa.com 74.220.219.162
173.208.176.202 - - [10/Feb/2026:19:08:31 -0700] "GET /wp-content/x03c0a7/index.php?id=561292 HTTP/2.0" 200 - "https://acesolutions-ksa.com/wp-content/x03c0a7/index.php?id=561292" "Mozilla/5.0 (Windows NT 10.0; Win64; x64) AppleWebKit/537.36 (KHTML, like Gecko) Chrome/58.0.3029.110 Safari/537.3" acesolutions-ksa.com 74.220.219.162
173.208.176.202 - - [10/Feb/2026:19:08:41 -0700] "GET /wp-includes/x2b07af/index.php?id=923278 HTTP/2.0" 200 - "https://acesolutions-ksa.com/wp-includes/x2b07af/index.php?id=923278" "Mozilla/5.0 (Windows NT 10.0; Win64; x64) AppleWebKit/537.36 (KHTML, like Gecko) Chrome/58.0.3029.110 Safari/537.3" acesolutions-ksa.com 74.220.219.162
69.30.240.242 - - [10/Feb/2026:19:08:41 -0700] "GET /wp-includes/js645f52/index.php HTTP/2.0" 200 - "https://acesolutions-ksa.com/wp-includes/js645f52/index.php" "Mozilla/5.0 (Windows NT 10.0; Win64; x64) AppleWebKit/537.36 (KHTML, like Gecko) Chrome/58.0.3029.110 Safari/537.3" acesolutions-ksa.com 74.220.219.162
173.208.176.202 - - [10/Feb/2026:19:08:42 -0700] "GET /wp-includes/br41f317/index.php?id=218603 HTTP/2.0" 200 - "https://acesolutions-ksa.com/wp-includes/br41f317/index.php?id=218603" "Mozilla/5.0 (Windows NT 10.0; Win64; x64) AppleWebKit/537.36 (KHTML, like Gecko) Chrome/58.0.3029.110 Safari/537.3" acesolutions-ksa.com 74.220.219.162
104.219.215.141 - - [10/Feb/2026:19:08:36 -0700] "GET /wp-content/qq4c36bb/index.php HTTP/2.0" 200 - "https://acesolutions-ksa.com/wp-content/qq4c36bb/index.php" "Mozilla/5.0 (Windows NT 10.0; Win64; x64) AppleWebKit/537.36 (KHTML, like Gecko) Chrome/58.0.3029.110 Safari/537.3" acesolutions-ksa.com 74.220.219.162
66.249.73.232 - - [10/Feb/2026:19:10:31 -0700] "GET /?jp/137040070.html HTTP/1.1" 200 133629 "-" "Mozilla/5.0 (Linux; Android 6.0.1; Nexus 5X Build/MMB29P) AppleWebKit/537.36 (KHTML, like Gecko) Chrome/144.0.7559.132 Mobile Safari/537.36 (compatible; Googlebot/2.1; +http://www.google.com/bot.html)" mail.acesolutions-ksa.com 74.220.219.162
66.249.73.232 - - [10/Feb/2026:19:10:30 -0700] "GET /?jp/137040070.html HTTP/1.1" 200 133629 "-" "Mozilla/5.0 (Linux; Android 6.0.1; Nexus 5X Build/MMB29P) AppleWebKit/537.36 (KHTML, like Gecko) Chrome/144.0.7559.132 Mobile Safari/537.36 (compatible; Googlebot/2.1; +http://www.google.com/bot.html)" mail.acesolutions-ksa.com 74.220.219.162
66.249.73.234 - - [10/Feb/2026:19:11:04 -0700] "GET /?jp/098037312.html HTTP/1.1" 200 133380 "-" "Mozilla/5.0 (Linux; Android 6.0.1; Nexus 5X Build/MMB29P) AppleWebKit/537.36 (KHTML, like Gecko) Chrome/144.0.7559.132 Mobile Safari/537.36 (compatible; Googlebot/2.1; +http://www.google.com/bot.html)" mail.acesolutions-ksa.com 74.220.219.162
