52.167.144.174 - - [11/Feb/2026:00:49:52 -0700] "GET /sitemap612.xml HTTP/2.0" 200 33 "-" "Mozilla/5.0 AppleWebKit/537.36 (KHTML, like Gecko; compatible; bingbot/2.0; +http://www.bing.com/bingbot.htm) Chrome/116.0.1938.76 Safari/537.36" acesolutions-ksa.com 74.220.219.162
173.208.176.202 - - [11/Feb/2026:00:49:18 -0700] "GET /wp-content/qq3716d0/index.php?id=495750 HTTP/1.1" 200 - "https://mail.acesolutions-ksa.com/wp-content/qq3716d0/index.php?id=495750" "Mozilla/5.0 (Windows NT 10.0; Win64; x64) AppleWebKit/537.36 (KHTML, like Gecko) Chrome/58.0.3029.110 Safari/537.3" mail.acesolutions-ksa.com 74.220.219.162
173.208.176.202 - - [11/Feb/2026:00:49:18 -0700] "GET /wp-content/qq3716d0/index.php?id=495750 HTTP/1.1" 200 - "https://mail.acesolutions-ksa.com/wp-content/qq3716d0/index.php?id=495750" "Mozilla/5.0 (Windows NT 10.0; Win64; x64) AppleWebKit/537.36 (KHTML, like Gecko) Chrome/58.0.3029.110 Safari/537.3" mail.acesolutions-ksa.com 74.220.219.162
173.208.176.202 - - [11/Feb/2026:00:49:22 -0700] "GET /wp-content/ad73ff30/index.php?id=39192 HTTP/1.1" 200 - "https://mail.acesolutions-ksa.com/wp-content/ad73ff30/index.php?id=39192" "Mozilla/5.0 (Windows NT 10.0; Win64; x64) AppleWebKit/537.36 (KHTML, like Gecko) Chrome/58.0.3029.110 Safari/537.3" mail.acesolutions-ksa.com 74.220.219.162
173.208.176.202 - - [11/Feb/2026:00:49:22 -0700] "GET /wp-content/ad73ff30/index.php?id=39192 HTTP/1.1" 200 - "https://mail.acesolutions-ksa.com/wp-content/ad73ff30/index.php?id=39192" "Mozilla/5.0 (Windows NT 10.0; Win64; x64) AppleWebKit/537.36 (KHTML, like Gecko) Chrome/58.0.3029.110 Safari/537.3" mail.acesolutions-ksa.com 74.220.219.162
173.208.176.202 - - [11/Feb/2026:00:49:26 -0700] "GET /wp-content/qqb3a027/index.php?id=545237 HTTP/1.1" 200 - "https://mail.acesolutions-ksa.com/wp-content/qqb3a027/index.php?id=545237" "Mozilla/5.0 (Windows NT 10.0; Win64; x64) AppleWebKit/537.36 (KHTML, like Gecko) Chrome/58.0.3029.110 Safari/537.3" mail.acesolutions-ksa.com 74.220.219.162
173.208.176.202 - - [11/Feb/2026:00:49:26 -0700] "GET /wp-content/qqb3a027/index.php?id=545237 HTTP/1.1" 200 - "https://mail.acesolutions-ksa.com/wp-content/qqb3a027/index.php?id=545237" "Mozilla/5.0 (Windows NT 10.0; Win64; x64) AppleWebKit/537.36 (KHTML, like Gecko) Chrome/58.0.3029.110 Safari/537.3" mail.acesolutions-ksa.com 74.220.219.162
173.208.176.202 - - [11/Feb/2026:00:49:30 -0700] "GET /wp-content/adada5ad/index.php?id=522957 HTTP/1.1" 200 - "https://mail.acesolutions-ksa.com/wp-content/adada5ad/index.php?id=522957" "Mozilla/5.0 (Windows NT 10.0; Win64; x64) AppleWebKit/537.36 (KHTML, like Gecko) Chrome/58.0.3029.110 Safari/537.3" mail.acesolutions-ksa.com 74.220.219.162
173.208.176.202 - - [11/Feb/2026:00:49:30 -0700] "GET /wp-content/adada5ad/index.php?id=522957 HTTP/1.1" 200 - "https://mail.acesolutions-ksa.com/wp-content/adada5ad/index.php?id=522957" "Mozilla/5.0 (Windows NT 10.0; Win64; x64) AppleWebKit/537.36 (KHTML, like Gecko) Chrome/58.0.3029.110 Safari/537.3" mail.acesolutions-ksa.com 74.220.219.162
173.208.176.202 - - [11/Feb/2026:00:50:08 -0700] "GET /wp-includes/js935be3/index.php?id=551683 HTTP/1.1" 200 - "https://mail.acesolutions-ksa.com/wp-includes/js935be3/index.php?id=551683" "Mozilla/5.0 (Windows NT 10.0; Win64; x64) AppleWebKit/537.36 (KHTML, like Gecko) Chrome/58.0.3029.110 Safari/537.3" mail.acesolutions-ksa.com 74.220.219.162
173.208.176.202 - - [11/Feb/2026:00:50:08 -0700] "GET /wp-includes/js935be3/index.php?id=551683 HTTP/1.1" 200 - "https://mail.acesolutions-ksa.com/wp-includes/js935be3/index.php?id=551683" "Mozilla/5.0 (Windows NT 10.0; Win64; x64) AppleWebKit/537.36 (KHTML, like Gecko) Chrome/58.0.3029.110 Safari/537.3" mail.acesolutions-ksa.com 74.220.219.162
173.208.176.202 - - [11/Feb/2026:00:50:14 -0700] "GET /wp-content/brfc35f9/index.php?id=323722 HTTP/1.1" 200 - "https://mail.acesolutions-ksa.com/wp-content/brfc35f9/index.php?id=323722" "Mozilla/5.0 (Windows NT 10.0; Win64; x64) AppleWebKit/537.36 (KHTML, like Gecko) Chrome/58.0.3029.110 Safari/537.3" mail.acesolutions-ksa.com 74.220.219.162
173.208.176.202 - - [11/Feb/2026:00:50:14 -0700] "GET /wp-content/brfc35f9/index.php?id=323722 HTTP/1.1" 200 - "https://mail.acesolutions-ksa.com/wp-content/brfc35f9/index.php?id=323722" "Mozilla/5.0 (Windows NT 10.0; Win64; x64) AppleWebKit/537.36 (KHTML, like Gecko) Chrome/58.0.3029.110 Safari/537.3" mail.acesolutions-ksa.com 74.220.219.162
173.208.176.202 - - [11/Feb/2026:00:50:08 -0700] "GET /wp-content/wp2d10a3/index.php?id=222061 HTTP/1.1" 200 - "https://mail.acesolutions-ksa.com/wp-content/wp2d10a3/index.php?id=222061" "Mozilla/5.0 (Windows NT 10.0; Win64; x64) AppleWebKit/537.36 (KHTML, like Gecko) Chrome/58.0.3029.110 Safari/537.3" mail.acesolutions-ksa.com 74.220.219.162
173.208.176.202 - - [11/Feb/2026:00:50:08 -0700] "GET /wp-content/wp2d10a3/index.php?id=222061 HTTP/1.1" 200 - "https://mail.acesolutions-ksa.com/wp-content/wp2d10a3/index.php?id=222061" "Mozilla/5.0 (Windows NT 10.0; Win64; x64) AppleWebKit/537.36 (KHTML, like Gecko) Chrome/58.0.3029.110 Safari/537.3" mail.acesolutions-ksa.com 74.220.219.162
173.208.176.202 - - [11/Feb/2026:00:50:48 -0700] "GET /wp-content/qq3716d0/index.php?id=495750 HTTP/1.1" 200 - "https://mail.acesolutions-ksa.com/wp-content/qq3716d0/index.php?id=495750" "Mozilla/5.0 (Windows NT 10.0; Win64; x64) AppleWebKit/537.36 (KHTML, like Gecko) Chrome/58.0.3029.110 Safari/537.3" mail.acesolutions-ksa.com 74.220.219.162
173.208.176.202 - - [11/Feb/2026:00:50:48 -0700] "GET /wp-content/qq3716d0/index.php?id=495750 HTTP/1.1" 200 - "https://mail.acesolutions-ksa.com/wp-content/qq3716d0/index.php?id=495750" "Mozilla/5.0 (Windows NT 10.0; Win64; x64) AppleWebKit/537.36 (KHTML, like Gecko) Chrome/58.0.3029.110 Safari/537.3" mail.acesolutions-ksa.com 74.220.219.162
173.208.176.202 - - [11/Feb/2026:00:52:18 -0700] "GET /wp-content/qq3716d0/index.php?id=495750 HTTP/1.1" 200 - "https://mail.acesolutions-ksa.com/wp-content/qq3716d0/index.php?id=495750" "Mozilla/5.0 (Windows NT 10.0; Win64; x64) AppleWebKit/537.36 (KHTML, like Gecko) Chrome/58.0.3029.110 Safari/537.3" mail.acesolutions-ksa.com 74.220.219.162
173.208.176.202 - - [11/Feb/2026:00:50:53 -0700] "GET /wp-content/ad73ff30/index.php?id=39192 HTTP/1.1" 200 - "https://mail.acesolutions-ksa.com/wp-content/ad73ff30/index.php?id=39192" "Mozilla/5.0 (Windows NT 10.0; Win64; x64) AppleWebKit/537.36 (KHTML, like Gecko) Chrome/58.0.3029.110 Safari/537.3" mail.acesolutions-ksa.com 74.220.219.162
173.208.176.202 - - [11/Feb/2026:00:50:53 -0700] "GET /wp-content/ad73ff30/index.php?id=39192 HTTP/1.1" 200 - "https://mail.acesolutions-ksa.com/wp-content/ad73ff30/index.php?id=39192" "Mozilla/5.0 (Windows NT 10.0; Win64; x64) AppleWebKit/537.36 (KHTML, like Gecko) Chrome/58.0.3029.110 Safari/537.3" mail.acesolutions-ksa.com 74.220.219.162
173.208.176.202 - - [11/Feb/2026:00:50:58 -0700] "GET /wp-content/qqb3a027/index.php?id=545237 HTTP/1.1" 200 - "https://mail.acesolutions-ksa.com/wp-content/qqb3a027/index.php?id=545237" "Mozilla/5.0 (Windows NT 10.0; Win64; x64) AppleWebKit/537.36 (KHTML, like Gecko) Chrome/58.0.3029.110 Safari/537.3" mail.acesolutions-ksa.com 74.220.219.162
173.208.176.202 - - [11/Feb/2026:00:50:58 -0700] "GET /wp-content/qqb3a027/index.php?id=545237 HTTP/1.1" 200 - "https://mail.acesolutions-ksa.com/wp-content/qqb3a027/index.php?id=545237" "Mozilla/5.0 (Windows NT 10.0; Win64; x64) AppleWebKit/537.36 (KHTML, like Gecko) Chrome/58.0.3029.110 Safari/537.3" mail.acesolutions-ksa.com 74.220.219.162
173.208.176.202 - - [11/Feb/2026:00:51:03 -0700] "GET /wp-content/adada5ad/index.php?id=522957 HTTP/1.1" 200 - "https://mail.acesolutions-ksa.com/wp-content/adada5ad/index.php?id=522957" "Mozilla/5.0 (Windows NT 10.0; Win64; x64) AppleWebKit/537.36 (KHTML, like Gecko) Chrome/58.0.3029.110 Safari/537.3" mail.acesolutions-ksa.com 74.220.219.162
173.208.176.202 - - [11/Feb/2026:00:51:03 -0700] "GET /wp-content/adada5ad/index.php?id=522957 HTTP/1.1" 200 - "https://mail.acesolutions-ksa.com/wp-content/adada5ad/index.php?id=522957" "Mozilla/5.0 (Windows NT 10.0; Win64; x64) AppleWebKit/537.36 (KHTML, like Gecko) Chrome/58.0.3029.110 Safari/537.3" mail.acesolutions-ksa.com 74.220.219.162
173.208.176.202 - - [11/Feb/2026:00:52:37 -0700] "GET /wp-content/adada5ad/index.php?id=522957 HTTP/1.1" 200 - "https://mail.acesolutions-ksa.com/wp-content/adada5ad/index.php?id=522957" "Mozilla/5.0 (Windows NT 10.0; Win64; x64) AppleWebKit/537.36 (KHTML, like Gecko) Chrome/58.0.3029.110 Safari/537.3" mail.acesolutions-ksa.com 74.220.219.162
101.99.88.90 - - [11/Feb/2026:00:52:46 -0700] "GET /.trash7309/f/ HTTP/1.1" 200 8987 "-" "Mozilla/5.0 (Windows NT 10.0; Win64; x64) AppleWebKit/537.36 (KHTML, like Gecko) Chrome/120.0.0.0 Safari/537.36" acesolutions-ksa.ovochi.com 74.220.219.162
101.99.88.90 - - [11/Feb/2026:00:52:46 -0700] "GET /.trash7309/f/ HTTP/1.1" 200 8987 "-" "Mozilla/5.0 (Windows NT 10.0; Win64; x64) AppleWebKit/537.36 (KHTML, like Gecko) Chrome/120.0.0.0 Safari/537.36" acesolutions-ksa.ovochi.com 74.220.219.162
104.219.215.141 - - [11/Feb/2026:00:52:50 -0700] "GET /wp-includes/ad90f07d/index.php HTTP/1.1" 500 - "https://acesolutions-ksa.ovochi.com/wp-includes/ad90f07d/index.php" "Mozilla/5.0 (Windows NT 10.0; Win64; x64) AppleWebKit/537.36 (KHTML, like Gecko) Chrome/58.0.3029.110 Safari/537.3" acesolutions-ksa.ovochi.com 74.220.219.162
104.219.215.141 - - [11/Feb/2026:00:52:50 -0700] "GET /wp-includes/ad90f07d/index.php HTTP/1.1" 500 - "https://acesolutions-ksa.ovochi.com/wp-includes/ad90f07d/index.php" "Mozilla/5.0 (Windows NT 10.0; Win64; x64) AppleWebKit/537.36 (KHTML, like Gecko) Chrome/58.0.3029.110 Safari/537.3" acesolutions-ksa.ovochi.com 74.220.219.162
101.99.88.90 - - [11/Feb/2026:00:52:50 -0700] "GET /.trash7309/f/ HTTP/1.1" 200 8987 "-" "GuzzleHttp/7" acesolutions-ksa.ovochi.com 74.220.219.162
101.99.88.90 - - [11/Feb/2026:00:52:50 -0700] "GET /.trash7309/f/ HTTP/1.1" 200 8987 "-" "GuzzleHttp/7" acesolutions-ksa.ovochi.com 74.220.219.162
101.99.88.90 - - [11/Feb/2026:00:52:54 -0700] "POST /.trash7309/f/ HTTP/1.1" 302 - "-" "GuzzleHttp/7" acesolutions-ksa.ovochi.com 74.220.219.162
69.30.215.34 - - [11/Feb/2026:00:52:54 -0700] "GET /wp-content/wp1f6757/index.php HTTP/1.1" 500 - "https://acesolutions-ksa.ovochi.com/wp-content/wp1f6757/index.php" "Mozilla/5.0 (Windows NT 10.0; Win64; x64) AppleWebKit/537.36 (KHTML, like Gecko) Chrome/58.0.3029.110 Safari/537.3" acesolutions-ksa.ovochi.com 74.220.219.162
69.30.215.34 - - [11/Feb/2026:00:52:54 -0700] "GET /wp-content/wp1f6757/index.php HTTP/1.1" 500 - "https://acesolutions-ksa.ovochi.com/wp-content/wp1f6757/index.php" "Mozilla/5.0 (Windows NT 10.0; Win64; x64) AppleWebKit/537.36 (KHTML, like Gecko) Chrome/58.0.3029.110 Safari/537.3" acesolutions-ksa.ovochi.com 74.220.219.162
101.99.88.90 - - [11/Feb/2026:00:52:54 -0700] "GET /.trash7309/f/?p=Ahome1Aimmorth6Apublic_htmlAacesolutionsksaAwp-contentAmu-plugins HTTP/1.1" 200 9736 "-" "GuzzleHttp/7" acesolutions-ksa.ovochi.com 74.220.219.162
101.99.88.90 - - [11/Feb/2026:00:52:54 -0700] "GET /.trash7309/f/?p=Ahome1Aimmorth6Apublic_htmlAacesolutionsksaAwp-contentAmu-plugins HTTP/1.1" 200 9736 "-" "GuzzleHttp/7" acesolutions-ksa.ovochi.com 74.220.219.162
101.99.88.90 - - [11/Feb/2026:00:52:59 -0700] "POST /.trash7309/f/ HTTP/1.1" 302 - "-" "GuzzleHttp/7" acesolutions-ksa.ovochi.com 74.220.219.162
104.219.215.141 - - [11/Feb/2026:00:52:58 -0700] "GET /wp-content/pl831452/index.php HTTP/1.1" 500 - "https://acesolutions-ksa.ovochi.com/wp-content/pl831452/index.php" "Mozilla/5.0 (Windows NT 10.0; Win64; x64) AppleWebKit/537.36 (KHTML, like Gecko) Chrome/58.0.3029.110 Safari/537.3" acesolutions-ksa.ovochi.com 74.220.219.162
104.219.215.141 - - [11/Feb/2026:00:52:58 -0700] "GET /wp-content/pl831452/index.php HTTP/1.1" 500 - "https://acesolutions-ksa.ovochi.com/wp-content/pl831452/index.php" "Mozilla/5.0 (Windows NT 10.0; Win64; x64) AppleWebKit/537.36 (KHTML, like Gecko) Chrome/58.0.3029.110 Safari/537.3" acesolutions-ksa.ovochi.com 74.220.219.162
101.99.88.90 - - [11/Feb/2026:00:52:59 -0700] "GET /.trash7309/f/?p=Ahome1Aimmorth6Apublic_htmlAacesolutionsksaAwp-contentAmu-plugins HTTP/1.1" 200 9738 "-" "GuzzleHttp/7" acesolutions-ksa.ovochi.com 74.220.219.162
101.99.88.90 - - [11/Feb/2026:00:52:59 -0700] "GET /.trash7309/f/?p=Ahome1Aimmorth6Apublic_htmlAacesolutionsksaAwp-contentAmu-plugins HTTP/1.1" 200 9738 "-" "GuzzleHttp/7" acesolutions-ksa.ovochi.com 74.220.219.162
101.99.88.90 - - [11/Feb/2026:00:53:02 -0700] "GET /.trash7309/f/radio.php HTTP/1.1" 409 83 "-" "GuzzleHttp/7" acesolutions-ksa.ovochi.com 74.220.219.162
69.30.240.242 - - [11/Feb/2026:00:53:02 -0700] "GET /wp-includes/x4da4d9/index.php HTTP/1.1" 500 - "https://acesolutions-ksa.ovochi.com/wp-includes/x4da4d9/index.php" "Mozilla/5.0 (Windows NT 10.0; Win64; x64) AppleWebKit/537.36 (KHTML, like Gecko) Chrome/58.0.3029.110 Safari/537.3" acesolutions-ksa.ovochi.com 74.220.219.162
69.30.240.242 - - [11/Feb/2026:00:53:02 -0700] "GET /wp-includes/x4da4d9/index.php HTTP/1.1" 500 - "https://acesolutions-ksa.ovochi.com/wp-includes/x4da4d9/index.php" "Mozilla/5.0 (Windows NT 10.0; Win64; x64) AppleWebKit/537.36 (KHTML, like Gecko) Chrome/58.0.3029.110 Safari/537.3" acesolutions-ksa.ovochi.com 74.220.219.162
173.208.176.202 - - [11/Feb/2026:00:51:41 -0700] "GET /wp-includes/js935be3/index.php?id=551683 HTTP/1.1" 200 - "https://mail.acesolutions-ksa.com/wp-includes/js935be3/index.php?id=551683" "Mozilla/5.0 (Windows NT 10.0; Win64; x64) AppleWebKit/537.36 (KHTML, like Gecko) Chrome/58.0.3029.110 Safari/537.3" mail.acesolutions-ksa.com 74.220.219.162
173.208.176.202 - - [11/Feb/2026:00:51:41 -0700] "GET /wp-includes/js935be3/index.php?id=551683 HTTP/1.1" 200 - "https://mail.acesolutions-ksa.com/wp-includes/js935be3/index.php?id=551683" "Mozilla/5.0 (Windows NT 10.0; Win64; x64) AppleWebKit/537.36 (KHTML, like Gecko) Chrome/58.0.3029.110 Safari/537.3" mail.acesolutions-ksa.com 74.220.219.162
173.208.176.202 - - [11/Feb/2026:00:51:48 -0700] "GET /wp-content/brfc35f9/index.php?id=323722 HTTP/1.1" 200 - "https://mail.acesolutions-ksa.com/wp-content/brfc35f9/index.php?id=323722" "Mozilla/5.0 (Windows NT 10.0; Win64; x64) AppleWebKit/537.36 (KHTML, like Gecko) Chrome/58.0.3029.110 Safari/537.3" mail.acesolutions-ksa.com 74.220.219.162
173.208.176.202 - - [11/Feb/2026:00:51:48 -0700] "GET /wp-content/brfc35f9/index.php?id=323722 HTTP/1.1" 200 - "https://mail.acesolutions-ksa.com/wp-content/brfc35f9/index.php?id=323722" "Mozilla/5.0 (Windows NT 10.0; Win64; x64) AppleWebKit/537.36 (KHTML, like Gecko) Chrome/58.0.3029.110 Safari/537.3" mail.acesolutions-ksa.com 74.220.219.162
173.208.176.202 - - [11/Feb/2026:00:52:11 -0700] "GET /wp-content/wp2d10a3/index.php?id=222061 HTTP/1.1" 200 - "https://mail.acesolutions-ksa.com/wp-content/wp2d10a3/index.php?id=222061" "Mozilla/5.0 (Windows NT 10.0; Win64; x64) AppleWebKit/537.36 (KHTML, like Gecko) Chrome/58.0.3029.110 Safari/537.3" mail.acesolutions-ksa.com 74.220.219.162
173.208.176.202 - - [11/Feb/2026:00:52:11 -0700] "GET /wp-content/wp2d10a3/index.php?id=222061 HTTP/1.1" 200 - "https://mail.acesolutions-ksa.com/wp-content/wp2d10a3/index.php?id=222061" "Mozilla/5.0 (Windows NT 10.0; Win64; x64) AppleWebKit/537.36 (KHTML, like Gecko) Chrome/58.0.3029.110 Safari/537.3" mail.acesolutions-ksa.com 74.220.219.162
173.208.176.202 - - [11/Feb/2026:00:52:23 -0700] "GET /wp-content/ad73ff30/index.php?id=39192 HTTP/1.1" 200 - "https://mail.acesolutions-ksa.com/wp-content/ad73ff30/index.php?id=39192" "Mozilla/5.0 (Windows NT 10.0; Win64; x64) AppleWebKit/537.36 (KHTML, like Gecko) Chrome/58.0.3029.110 Safari/537.3" mail.acesolutions-ksa.com 74.220.219.162
173.208.176.202 - - [11/Feb/2026:00:52:23 -0700] "GET /wp-content/ad73ff30/index.php?id=39192 HTTP/1.1" 200 - "https://mail.acesolutions-ksa.com/wp-content/ad73ff30/index.php?id=39192" "Mozilla/5.0 (Windows NT 10.0; Win64; x64) AppleWebKit/537.36 (KHTML, like Gecko) Chrome/58.0.3029.110 Safari/537.3" mail.acesolutions-ksa.com 74.220.219.162
173.208.176.202 - - [11/Feb/2026:00:52:35 -0700] "GET /wp-content/qqb3a027/index.php?id=545237 HTTP/1.1" 200 - "https://mail.acesolutions-ksa.com/wp-content/qqb3a027/index.php?id=545237" "Mozilla/5.0 (Windows NT 10.0; Win64; x64) AppleWebKit/537.36 (KHTML, like Gecko) Chrome/58.0.3029.110 Safari/537.3" mail.acesolutions-ksa.com 74.220.219.162
173.208.176.202 - - [11/Feb/2026:00:52:35 -0700] "GET /wp-content/qqb3a027/index.php?id=545237 HTTP/1.1" 200 - "https://mail.acesolutions-ksa.com/wp-content/qqb3a027/index.php?id=545237" "Mozilla/5.0 (Windows NT 10.0; Win64; x64) AppleWebKit/537.36 (KHTML, like Gecko) Chrome/58.0.3029.110 Safari/537.3" mail.acesolutions-ksa.com 74.220.219.162
104.219.215.141 - - [11/Feb/2026:00:52:52 -0700] "GET /wp-includes/ad90f07d/index.php HTTP/1.1" 200 - "https://acesolutions-ksa.ovochi.com/wp-includes/ad90f07d/index.php" "Mozilla/5.0 (Windows NT 10.0; Win64; x64) AppleWebKit/537.36 (KHTML, like Gecko) Chrome/58.0.3029.110 Safari/537.3" acesolutions-ksa.ovochi.com 74.220.219.162
104.219.215.141 - - [11/Feb/2026:00:52:52 -0700] "GET /wp-includes/ad90f07d/index.php HTTP/1.1" 200 - "https://acesolutions-ksa.ovochi.com/wp-includes/ad90f07d/index.php" "Mozilla/5.0 (Windows NT 10.0; Win64; x64) AppleWebKit/537.36 (KHTML, like Gecko) Chrome/58.0.3029.110 Safari/537.3" acesolutions-ksa.ovochi.com 74.220.219.162
69.30.215.34 - - [11/Feb/2026:00:52:55 -0700] "GET /wp-content/wp1f6757/index.php HTTP/1.1" 200 - "https://acesolutions-ksa.ovochi.com/wp-content/wp1f6757/index.php" "Mozilla/5.0 (Windows NT 10.0; Win64; x64) AppleWebKit/537.36 (KHTML, like Gecko) Chrome/58.0.3029.110 Safari/537.3" acesolutions-ksa.ovochi.com 74.220.219.162
69.30.215.34 - - [11/Feb/2026:00:52:55 -0700] "GET /wp-content/wp1f6757/index.php HTTP/1.1" 200 - "https://acesolutions-ksa.ovochi.com/wp-content/wp1f6757/index.php" "Mozilla/5.0 (Windows NT 10.0; Win64; x64) AppleWebKit/537.36 (KHTML, like Gecko) Chrome/58.0.3029.110 Safari/537.3" acesolutions-ksa.ovochi.com 74.220.219.162
104.219.215.141 - - [11/Feb/2026:00:53:00 -0700] "GET /wp-content/pl831452/index.php HTTP/1.1" 200 - "https://acesolutions-ksa.ovochi.com/wp-content/pl831452/index.php" "Mozilla/5.0 (Windows NT 10.0; Win64; x64) AppleWebKit/537.36 (KHTML, like Gecko) Chrome/58.0.3029.110 Safari/537.3" acesolutions-ksa.ovochi.com 74.220.219.162
104.219.215.141 - - [11/Feb/2026:00:53:00 -0700] "GET /wp-content/pl831452/index.php HTTP/1.1" 200 - "https://acesolutions-ksa.ovochi.com/wp-content/pl831452/index.php" "Mozilla/5.0 (Windows NT 10.0; Win64; x64) AppleWebKit/537.36 (KHTML, like Gecko) Chrome/58.0.3029.110 Safari/537.3" acesolutions-ksa.ovochi.com 74.220.219.162
69.30.240.242 - - [11/Feb/2026:00:53:04 -0700] "GET /wp-includes/x4da4d9/index.php HTTP/1.1" 200 - "https://acesolutions-ksa.ovochi.com/wp-includes/x4da4d9/index.php" "Mozilla/5.0 (Windows NT 10.0; Win64; x64) AppleWebKit/537.36 (KHTML, like Gecko) Chrome/58.0.3029.110 Safari/537.3" acesolutions-ksa.ovochi.com 74.220.219.162
69.30.240.242 - - [11/Feb/2026:00:53:04 -0700] "GET /wp-includes/x4da4d9/index.php HTTP/1.1" 200 - "https://acesolutions-ksa.ovochi.com/wp-includes/x4da4d9/index.php" "Mozilla/5.0 (Windows NT 10.0; Win64; x64) AppleWebKit/537.36 (KHTML, like Gecko) Chrome/58.0.3029.110 Safari/537.3" acesolutions-ksa.ovochi.com 74.220.219.162
173.208.176.202 - - [11/Feb/2026:00:53:12 -0700] "GET /wp-includes/js935be3/index.php?id=551683 HTTP/1.1" 200 - "https://mail.acesolutions-ksa.com/wp-includes/js935be3/index.php?id=551683" "Mozilla/5.0 (Windows NT 10.0; Win64; x64) AppleWebKit/537.36 (KHTML, like Gecko) Chrome/58.0.3029.110 Safari/537.3" mail.acesolutions-ksa.com 74.220.219.162
173.208.176.202 - - [11/Feb/2026:00:53:11 -0700] "GET /wp-includes/js935be3/index.php?id=551683 HTTP/1.1" 200 - "https://mail.acesolutions-ksa.com/wp-includes/js935be3/index.php?id=551683" "Mozilla/5.0 (Windows NT 10.0; Win64; x64) AppleWebKit/537.36 (KHTML, like Gecko) Chrome/58.0.3029.110 Safari/537.3" mail.acesolutions-ksa.com 74.220.219.162
173.208.176.202 - - [11/Feb/2026:00:53:17 -0700] "GET /wp-content/brfc35f9/index.php?id=323722 HTTP/1.1" 200 - "https://mail.acesolutions-ksa.com/wp-content/brfc35f9/index.php?id=323722" "Mozilla/5.0 (Windows NT 10.0; Win64; x64) AppleWebKit/537.36 (KHTML, like Gecko) Chrome/58.0.3029.110 Safari/537.3" mail.acesolutions-ksa.com 74.220.219.162
173.208.176.202 - - [11/Feb/2026:00:53:17 -0700] "GET /wp-content/brfc35f9/index.php?id=323722 HTTP/1.1" 200 - "https://mail.acesolutions-ksa.com/wp-content/brfc35f9/index.php?id=323722" "Mozilla/5.0 (Windows NT 10.0; Win64; x64) AppleWebKit/537.36 (KHTML, like Gecko) Chrome/58.0.3029.110 Safari/537.3" mail.acesolutions-ksa.com 74.220.219.162
173.208.176.202 - - [11/Feb/2026:00:53:44 -0700] "GET /wp-content/wp2d10a3/index.php?id=222061 HTTP/1.1" 200 - "https://mail.acesolutions-ksa.com/wp-content/wp2d10a3/index.php?id=222061" "Mozilla/5.0 (Windows NT 10.0; Win64; x64) AppleWebKit/537.36 (KHTML, like Gecko) Chrome/58.0.3029.110 Safari/537.3" mail.acesolutions-ksa.com 74.220.219.162
173.208.176.202 - - [11/Feb/2026:00:53:44 -0700] "GET /wp-content/wp2d10a3/index.php?id=222061 HTTP/1.1" 200 - "https://mail.acesolutions-ksa.com/wp-content/wp2d10a3/index.php?id=222061" "Mozilla/5.0 (Windows NT 10.0; Win64; x64) AppleWebKit/537.36 (KHTML, like Gecko) Chrome/58.0.3029.110 Safari/537.3" mail.acesolutions-ksa.com 74.220.219.162
173.208.176.202 - - [11/Feb/2026:00:53:52 -0700] "GET /wp-content/ad73ff30/index.php?id=39192 HTTP/1.1" 200 - "https://mail.acesolutions-ksa.com/wp-content/ad73ff30/index.php?id=39192" "Mozilla/5.0 (Windows NT 10.0; Win64; x64) AppleWebKit/537.36 (KHTML, like Gecko) Chrome/58.0.3029.110 Safari/537.3" mail.acesolutions-ksa.com 74.220.219.162
173.208.176.202 - - [11/Feb/2026:00:53:52 -0700] "GET /wp-content/ad73ff30/index.php?id=39192 HTTP/1.1" 200 - "https://mail.acesolutions-ksa.com/wp-content/ad73ff30/index.php?id=39192" "Mozilla/5.0 (Windows NT 10.0; Win64; x64) AppleWebKit/537.36 (KHTML, like Gecko) Chrome/58.0.3029.110 Safari/537.3" mail.acesolutions-ksa.com 74.220.219.162
173.208.176.202 - - [11/Feb/2026:00:55:22 -0700] "GET /wp-content/ad73ff30/index.php?id=39192 HTTP/1.1" 200 - "https://mail.acesolutions-ksa.com/wp-content/ad73ff30/index.php?id=39192" "Mozilla/5.0 (Windows NT 10.0; Win64; x64) AppleWebKit/537.36 (KHTML, like Gecko) Chrome/58.0.3029.110 Safari/537.3" mail.acesolutions-ksa.com 74.220.219.162
173.208.176.202 - - [11/Feb/2026:00:54:04 -0700] "GET /wp-content/qqb3a027/index.php?id=545237 HTTP/1.1" 200 - "https://mail.acesolutions-ksa.com/wp-content/qqb3a027/index.php?id=545237" "Mozilla/5.0 (Windows NT 10.0; Win64; x64) AppleWebKit/537.36 (KHTML, like Gecko) Chrome/58.0.3029.110 Safari/537.3" mail.acesolutions-ksa.com 74.220.219.162
173.208.176.202 - - [11/Feb/2026:00:54:04 -0700] "GET /wp-content/qqb3a027/index.php?id=545237 HTTP/1.1" 200 - "https://mail.acesolutions-ksa.com/wp-content/qqb3a027/index.php?id=545237" "Mozilla/5.0 (Windows NT 10.0; Win64; x64) AppleWebKit/537.36 (KHTML, like Gecko) Chrome/58.0.3029.110 Safari/537.3" mail.acesolutions-ksa.com 74.220.219.162
173.208.176.202 - - [11/Feb/2026:00:55:35 -0700] "GET /wp-content/qqb3a027/index.php?id=545237 HTTP/1.1" 200 - "https://mail.acesolutions-ksa.com/wp-content/qqb3a027/index.php?id=545237" "Mozilla/5.0 (Windows NT 10.0; Win64; x64) AppleWebKit/537.36 (KHTML, like Gecko) Chrome/58.0.3029.110 Safari/537.3" mail.acesolutions-ksa.com 74.220.219.162
173.208.176.202 - - [11/Feb/2026:00:54:22 -0700] "GET /wp-includes/ad90f07d/index.php?id=850070 HTTP/1.1" 200 - "https://acesolutions-ksa.ovochi.com/wp-includes/ad90f07d/index.php?id=850070" "Mozilla/5.0 (Windows NT 10.0; Win64; x64) AppleWebKit/537.36 (KHTML, like Gecko) Chrome/58.0.3029.110 Safari/537.3" acesolutions-ksa.ovochi.com 74.220.219.162
173.208.176.202 - - [11/Feb/2026:00:54:22 -0700] "GET /wp-includes/ad90f07d/index.php?id=850070 HTTP/1.1" 200 - "https://acesolutions-ksa.ovochi.com/wp-includes/ad90f07d/index.php?id=850070" "Mozilla/5.0 (Windows NT 10.0; Win64; x64) AppleWebKit/537.36 (KHTML, like Gecko) Chrome/58.0.3029.110 Safari/537.3" acesolutions-ksa.ovochi.com 74.220.219.162
173.208.176.202 - - [11/Feb/2026:00:54:40 -0700] "GET /wp-includes/x4da4d9/index.php?id=277127 HTTP/1.1" 200 - "https://acesolutions-ksa.ovochi.com/wp-includes/x4da4d9/index.php?id=277127" "Mozilla/5.0 (Windows NT 10.0; Win64; x64) AppleWebKit/537.36 (KHTML, like Gecko) Chrome/58.0.3029.110 Safari/537.3" acesolutions-ksa.ovochi.com 74.220.219.162
173.208.176.202 - - [11/Feb/2026:00:54:40 -0700] "GET /wp-includes/x4da4d9/index.php?id=277127 HTTP/1.1" 200 - "https://acesolutions-ksa.ovochi.com/wp-includes/x4da4d9/index.php?id=277127" "Mozilla/5.0 (Windows NT 10.0; Win64; x64) AppleWebKit/537.36 (KHTML, like Gecko) Chrome/58.0.3029.110 Safari/537.3" acesolutions-ksa.ovochi.com 74.220.219.162
173.208.176.202 - - [11/Feb/2026:00:54:45 -0700] "GET /wp-includes/js935be3/index.php?id=551683 HTTP/1.1" 200 - "https://mail.acesolutions-ksa.com/wp-includes/js935be3/index.php?id=551683" "Mozilla/5.0 (Windows NT 10.0; Win64; x64) AppleWebKit/537.36 (KHTML, like Gecko) Chrome/58.0.3029.110 Safari/537.3" mail.acesolutions-ksa.com 74.220.219.162
173.208.176.202 - - [11/Feb/2026:00:54:45 -0700] "GET /wp-includes/js935be3/index.php?id=551683 HTTP/1.1" 200 - "https://mail.acesolutions-ksa.com/wp-includes/js935be3/index.php?id=551683" "Mozilla/5.0 (Windows NT 10.0; Win64; x64) AppleWebKit/537.36 (KHTML, like Gecko) Chrome/58.0.3029.110 Safari/537.3" mail.acesolutions-ksa.com 74.220.219.162
173.208.176.202 - - [11/Feb/2026:00:54:39 -0700] "GET /wp-content/pl831452/index.php?id=343171 HTTP/1.1" 200 - "https://acesolutions-ksa.ovochi.com/wp-content/pl831452/index.php?id=343171" "Mozilla/5.0 (Windows NT 10.0; Win64; x64) AppleWebKit/537.36 (KHTML, like Gecko) Chrome/58.0.3029.110 Safari/537.3" acesolutions-ksa.ovochi.com 74.220.219.162
173.208.176.202 - - [11/Feb/2026:00:54:39 -0700] "GET /wp-content/pl831452/index.php?id=343171 HTTP/1.1" 200 - "https://acesolutions-ksa.ovochi.com/wp-content/pl831452/index.php?id=343171" "Mozilla/5.0 (Windows NT 10.0; Win64; x64) AppleWebKit/537.36 (KHTML, like Gecko) Chrome/58.0.3029.110 Safari/537.3" acesolutions-ksa.ovochi.com 74.220.219.162
173.208.176.202 - - [11/Feb/2026:00:54:47 -0700] "GET /wp-content/brfc35f9/index.php?id=323722 HTTP/1.1" 200 - "https://mail.acesolutions-ksa.com/wp-content/brfc35f9/index.php?id=323722" "Mozilla/5.0 (Windows NT 10.0; Win64; x64) AppleWebKit/537.36 (KHTML, like Gecko) Chrome/58.0.3029.110 Safari/537.3" mail.acesolutions-ksa.com 74.220.219.162
173.208.176.202 - - [11/Feb/2026:00:54:47 -0700] "GET /wp-content/brfc35f9/index.php?id=323722 HTTP/1.1" 200 - "https://mail.acesolutions-ksa.com/wp-content/brfc35f9/index.php?id=323722" "Mozilla/5.0 (Windows NT 10.0; Win64; x64) AppleWebKit/537.36 (KHTML, like Gecko) Chrome/58.0.3029.110 Safari/537.3" mail.acesolutions-ksa.com 74.220.219.162
173.208.176.202 - - [11/Feb/2026:00:54:26 -0700] "GET /wp-content/wp1f6757/index.php?id=744631 HTTP/1.1" 200 - "https://acesolutions-ksa.ovochi.com/wp-content/wp1f6757/index.php?id=744631" "Mozilla/5.0 (Windows NT 10.0; Win64; x64) AppleWebKit/537.36 (KHTML, like Gecko) Chrome/58.0.3029.110 Safari/537.3" acesolutions-ksa.ovochi.com 74.220.219.162
173.208.176.202 - - [11/Feb/2026:00:54:26 -0700] "GET /wp-content/wp1f6757/index.php?id=744631 HTTP/1.1" 200 - "https://acesolutions-ksa.ovochi.com/wp-content/wp1f6757/index.php?id=744631" "Mozilla/5.0 (Windows NT 10.0; Win64; x64) AppleWebKit/537.36 (KHTML, like Gecko) Chrome/58.0.3029.110 Safari/537.3" acesolutions-ksa.ovochi.com 74.220.219.162
156.226.16.124 - - [11/Feb/2026:00:56:23 -0700] "GET /.trash7309/f/ HTTP/1.1" 200 1979 "-" "Mozilla/5.0 (Windows NT 10.0; Win64; x64) AppleWebKit/537.36 (KHTML, like Gecko) Chrome/105.0.0.0 Safari/537.36" mail.acesolutions-ksa.com 74.220.219.162
156.226.16.124 - - [11/Feb/2026:00:56:23 -0700] "GET /.trash7309/f/ HTTP/1.1" 200 1979 "-" "Mozilla/5.0 (Windows NT 10.0; Win64; x64) AppleWebKit/537.36 (KHTML, like Gecko) Chrome/105.0.0.0 Safari/537.36" mail.acesolutions-ksa.com 74.220.219.162
156.226.16.124 - - [11/Feb/2026:00:56:28 -0700] "POST /.trash7309/f/ HTTP/1.1" 302 - "-" "Mozilla/5.0 (Windows NT 10.0; Win64; x64) AppleWebKit/537.36 (KHTML, like Gecko) Chrome/105.0.0.0 Safari/537.36" mail.acesolutions-ksa.com 74.220.219.162
104.219.215.160 - - [11/Feb/2026:00:56:28 -0700] "GET /wp-includes/im4a6d19/index.php HTTP/1.1" 500 - "https://mail.acesolutions-ksa.com/wp-includes/im4a6d19/index.php" "Mozilla/5.0 (Windows NT 10.0; Win64; x64) AppleWebKit/537.36 (KHTML, like Gecko) Chrome/58.0.3029.110 Safari/537.3" mail.acesolutions-ksa.com 74.220.219.162
104.219.215.160 - - [11/Feb/2026:00:56:28 -0700] "GET /wp-includes/im4a6d19/index.php HTTP/1.1" 500 - "https://mail.acesolutions-ksa.com/wp-includes/im4a6d19/index.php" "Mozilla/5.0 (Windows NT 10.0; Win64; x64) AppleWebKit/537.36 (KHTML, like Gecko) Chrome/58.0.3029.110 Safari/537.3" mail.acesolutions-ksa.com 74.220.219.162
156.226.16.124 - - [11/Feb/2026:00:56:28 -0700] "GET /.trash7309/f/?p=Ahome1Aimmorth6Apublic_htmlAacesolutionsksaAwp-contentAmu-plugins HTTP/1.1" 200 1979 "-" "Mozilla/5.0 (Windows NT 10.0; Win64; x64) AppleWebKit/537.36 (KHTML, like Gecko) Chrome/105.0.0.0 Safari/537.36" mail.acesolutions-ksa.com 74.220.219.162
156.226.16.124 - - [11/Feb/2026:00:56:28 -0700] "GET /.trash7309/f/?p=Ahome1Aimmorth6Apublic_htmlAacesolutionsksaAwp-contentAmu-plugins HTTP/1.1" 200 1979 "-" "Mozilla/5.0 (Windows NT 10.0; Win64; x64) AppleWebKit/537.36 (KHTML, like Gecko) Chrome/105.0.0.0 Safari/537.36" mail.acesolutions-ksa.com 74.220.219.162
104.219.215.160 - - [11/Feb/2026:00:56:32 -0700] "GET /wp-includes/ad402b7f/index.php HTTP/1.1" 500 - "https://mail.acesolutions-ksa.com/wp-includes/ad402b7f/index.php" "Mozilla/5.0 (Windows NT 10.0; Win64; x64) AppleWebKit/537.36 (KHTML, like Gecko) Chrome/58.0.3029.110 Safari/537.3" mail.acesolutions-ksa.com 74.220.219.162
104.219.215.160 - - [11/Feb/2026:00:56:32 -0700] "GET /wp-includes/ad402b7f/index.php HTTP/1.1" 500 - "https://mail.acesolutions-ksa.com/wp-includes/ad402b7f/index.php" "Mozilla/5.0 (Windows NT 10.0; Win64; x64) AppleWebKit/537.36 (KHTML, like Gecko) Chrome/58.0.3029.110 Safari/537.3" mail.acesolutions-ksa.com 74.220.219.162
156.226.16.124 - - [11/Feb/2026:00:56:32 -0700] "GET /.trash7309/f/about.php HTTP/1.1" 200 1979 "-" "Mozilla/5.0 (Windows NT 10.0; Win64; x64) AppleWebKit/537.36 (KHTML, like Gecko) Chrome/105.0.0.0 Safari/537.36" mail.acesolutions-ksa.com 74.220.219.162
156.226.16.124 - - [11/Feb/2026:00:56:32 -0700] "GET /.trash7309/f/about.php HTTP/1.1" 200 1979 "-" "Mozilla/5.0 (Windows NT 10.0; Win64; x64) AppleWebKit/537.36 (KHTML, like Gecko) Chrome/105.0.0.0 Safari/537.36" mail.acesolutions-ksa.com 74.220.219.162
69.30.215.34 - - [11/Feb/2026:00:56:36 -0700] "GET /wp-content/im4845e8/index.php HTTP/1.1" 500 - "https://mail.acesolutions-ksa.com/wp-content/im4845e8/index.php" "Mozilla/5.0 (Windows NT 10.0; Win64; x64) AppleWebKit/537.36 (KHTML, like Gecko) Chrome/58.0.3029.110 Safari/537.3" mail.acesolutions-ksa.com 74.220.219.162
69.30.215.34 - - [11/Feb/2026:00:56:36 -0700] "GET /wp-content/im4845e8/index.php HTTP/1.1" 500 - "https://mail.acesolutions-ksa.com/wp-content/im4845e8/index.php" "Mozilla/5.0 (Windows NT 10.0; Win64; x64) AppleWebKit/537.36 (KHTML, like Gecko) Chrome/58.0.3029.110 Safari/537.3" mail.acesolutions-ksa.com 74.220.219.162
173.208.176.202 - - [11/Feb/2026:00:55:14 -0700] "GET /wp-content/wp2d10a3/index.php?id=222061 HTTP/1.1" 200 - "https://mail.acesolutions-ksa.com/wp-content/wp2d10a3/index.php?id=222061" "Mozilla/5.0 (Windows NT 10.0; Win64; x64) AppleWebKit/537.36 (KHTML, like Gecko) Chrome/58.0.3029.110 Safari/537.3" mail.acesolutions-ksa.com 74.220.219.162
173.208.176.202 - - [11/Feb/2026:00:55:14 -0700] "GET /wp-content/wp2d10a3/index.php?id=222061 HTTP/1.1" 200 - "https://mail.acesolutions-ksa.com/wp-content/wp2d10a3/index.php?id=222061" "Mozilla/5.0 (Windows NT 10.0; Win64; x64) AppleWebKit/537.36 (KHTML, like Gecko) Chrome/58.0.3029.110 Safari/537.3" mail.acesolutions-ksa.com 74.220.219.162
101.99.88.90 - - [11/Feb/2026:00:56:51 -0700] "GET /.trash7309/f/ HTTP/1.1" 200 9738 "-" "Mozilla/5.0 (Windows NT 10.0; Win64; x64) AppleWebKit/537.36 (KHTML, like Gecko) Chrome/120.0.0.0 Safari/537.36" mail.acesolutions-ksa.com 74.220.219.162
101.99.88.90 - - [11/Feb/2026:00:56:51 -0700] "GET /.trash7309/f/ HTTP/1.1" 200 9738 "-" "Mozilla/5.0 (Windows NT 10.0; Win64; x64) AppleWebKit/537.36 (KHTML, like Gecko) Chrome/120.0.0.0 Safari/537.36" mail.acesolutions-ksa.com 74.220.219.162
66.249.73.233 - - [11/Feb/2026:00:56:55 -0700] "GET /?detail/1850228253572 HTTP/1.1" 200 133368 "-" "Mozilla/5.0 (Linux; Android 6.0.1; Nexus 5X Build/MMB29P) AppleWebKit/537.36 (KHTML, like Gecko) Chrome/144.0.7559.132 Mobile Safari/537.36 (compatible; Googlebot/2.1; +http://www.google.com/bot.html)" mail.acesolutions-ksa.com 74.220.219.162
66.249.73.233 - - [11/Feb/2026:00:56:55 -0700] "GET /?detail/1850228253572 HTTP/1.1" 200 133368 "-" "Mozilla/5.0 (Linux; Android 6.0.1; Nexus 5X Build/MMB29P) AppleWebKit/537.36 (KHTML, like Gecko) Chrome/144.0.7559.132 Mobile Safari/537.36 (compatible; Googlebot/2.1; +http://www.google.com/bot.html)" mail.acesolutions-ksa.com 74.220.219.162
69.30.215.34 - - [11/Feb/2026:00:56:56 -0700] "GET /wp-content/jsc1e3c9/index.php HTTP/1.1" 500 - "https://mail.acesolutions-ksa.com/wp-content/jsc1e3c9/index.php" "Mozilla/5.0 (Windows NT 10.0; Win64; x64) AppleWebKit/537.36 (KHTML, like Gecko) Chrome/58.0.3029.110 Safari/537.3" mail.acesolutions-ksa.com 74.220.219.162
69.30.215.34 - - [11/Feb/2026:00:56:56 -0700] "GET /wp-content/jsc1e3c9/index.php HTTP/1.1" 500 - "https://mail.acesolutions-ksa.com/wp-content/jsc1e3c9/index.php" "Mozilla/5.0 (Windows NT 10.0; Win64; x64) AppleWebKit/537.36 (KHTML, like Gecko) Chrome/58.0.3029.110 Safari/537.3" mail.acesolutions-ksa.com 74.220.219.162
101.99.88.90 - - [11/Feb/2026:00:56:55 -0700] "GET /.trash7309/f/ HTTP/1.1" 200 9738 "-" "GuzzleHttp/7" mail.acesolutions-ksa.com 74.220.219.162
101.99.88.90 - - [11/Feb/2026:00:56:55 -0700] "GET /.trash7309/f/ HTTP/1.1" 200 9738 "-" "GuzzleHttp/7" mail.acesolutions-ksa.com 74.220.219.162
101.99.88.90 - - [11/Feb/2026:00:56:59 -0700] "POST /.trash7309/f/ HTTP/1.1" 302 - "-" "GuzzleHttp/7" mail.acesolutions-ksa.com 74.220.219.162
69.30.215.34 - - [11/Feb/2026:00:56:54 -0700] "GET /wp-content/jsc1e3c9/index.php HTTP/1.1" 500 - "https://mail.acesolutions-ksa.com/wp-content/jsc1e3c9/index.php" "Mozilla/5.0 (Windows NT 10.0; Win64; x64) AppleWebKit/537.36 (KHTML, like Gecko) Chrome/58.0.3029.110 Safari/537.3" mail.acesolutions-ksa.com 74.220.219.162
69.30.215.34 - - [11/Feb/2026:00:56:54 -0700] "GET /wp-content/jsc1e3c9/index.php HTTP/1.1" 500 - "https://mail.acesolutions-ksa.com/wp-content/jsc1e3c9/index.php" "Mozilla/5.0 (Windows NT 10.0; Win64; x64) AppleWebKit/537.36 (KHTML, like Gecko) Chrome/58.0.3029.110 Safari/537.3" mail.acesolutions-ksa.com 74.220.219.162
69.30.240.242 - - [11/Feb/2026:00:56:59 -0700] "GET /wp-includes/qq00c650/index.php HTTP/1.1" 500 - "https://mail.acesolutions-ksa.com/wp-includes/qq00c650/index.php" "Mozilla/5.0 (Windows NT 10.0; Win64; x64) AppleWebKit/537.36 (KHTML, like Gecko) Chrome/58.0.3029.110 Safari/537.3" mail.acesolutions-ksa.com 74.220.219.162
69.30.240.242 - - [11/Feb/2026:00:56:59 -0700] "GET /wp-includes/qq00c650/index.php HTTP/1.1" 500 - "https://mail.acesolutions-ksa.com/wp-includes/qq00c650/index.php" "Mozilla/5.0 (Windows NT 10.0; Win64; x64) AppleWebKit/537.36 (KHTML, like Gecko) Chrome/58.0.3029.110 Safari/537.3" mail.acesolutions-ksa.com 74.220.219.162
101.99.88.90 - - [11/Feb/2026:00:56:59 -0700] "GET /.trash7309/f/?p=Ahome1Aimmorth6Apublic_htmlAacesolutionsksaAwp-contentAmu-plugins HTTP/1.1" 200 10487 "-" "GuzzleHttp/7" mail.acesolutions-ksa.com 74.220.219.162
101.99.88.90 - - [11/Feb/2026:00:56:59 -0700] "GET /.trash7309/f/?p=Ahome1Aimmorth6Apublic_htmlAacesolutionsksaAwp-contentAmu-plugins HTTP/1.1" 200 10487 "-" "GuzzleHttp/7" mail.acesolutions-ksa.com 74.220.219.162
101.99.88.90 - - [11/Feb/2026:00:57:03 -0700] "POST /.trash7309/f/ HTTP/1.1" 302 - "-" "GuzzleHttp/7" mail.acesolutions-ksa.com 74.220.219.162
101.99.88.90 - - [11/Feb/2026:00:57:03 -0700] "GET /.trash7309/f/?p=Ahome1Aimmorth6Apublic_htmlAacesolutionsksaAwp-contentAmu-plugins HTTP/1.1" 200 9738 "-" "GuzzleHttp/7" mail.acesolutions-ksa.com 74.220.219.162
101.99.88.90 - - [11/Feb/2026:00:57:03 -0700] "GET /.trash7309/f/?p=Ahome1Aimmorth6Apublic_htmlAacesolutionsksaAwp-contentAmu-plugins HTTP/1.1" 200 9738 "-" "GuzzleHttp/7" mail.acesolutions-ksa.com 74.220.219.162
101.99.88.90 - - [11/Feb/2026:00:57:07 -0700] "GET /.trash7309/f/ex.php HTTP/1.1" 409 83 "-" "GuzzleHttp/7" mail.acesolutions-ksa.com 74.220.219.162
69.30.215.34 - - [11/Feb/2026:00:57:04 -0700] "GET /wp-content/xd8b85c/index.php HTTP/1.1" 500 - "https://mail.acesolutions-ksa.com/wp-content/xd8b85c/index.php" "Mozilla/5.0 (Windows NT 10.0; Win64; x64) AppleWebKit/537.36 (KHTML, like Gecko) Chrome/58.0.3029.110 Safari/537.3" mail.acesolutions-ksa.com 74.220.219.162
69.30.215.34 - - [11/Feb/2026:00:57:04 -0700] "GET /wp-content/xd8b85c/index.php HTTP/1.1" 500 - "https://mail.acesolutions-ksa.com/wp-content/xd8b85c/index.php" "Mozilla/5.0 (Windows NT 10.0; Win64; x64) AppleWebKit/537.36 (KHTML, like Gecko) Chrome/58.0.3029.110 Safari/537.3" mail.acesolutions-ksa.com 74.220.219.162
69.30.215.34 - - [11/Feb/2026:00:57:02 -0700] "GET /wp-content/xd8b85c/index.php HTTP/1.1" 500 - "https://mail.acesolutions-ksa.com/wp-content/xd8b85c/index.php" "Mozilla/5.0 (Windows NT 10.0; Win64; x64) AppleWebKit/537.36 (KHTML, like Gecko) Chrome/58.0.3029.110 Safari/537.3" mail.acesolutions-ksa.com 74.220.219.162
69.30.215.34 - - [11/Feb/2026:00:57:02 -0700] "GET /wp-content/xd8b85c/index.php HTTP/1.1" 500 - "https://mail.acesolutions-ksa.com/wp-content/xd8b85c/index.php" "Mozilla/5.0 (Windows NT 10.0; Win64; x64) AppleWebKit/537.36 (KHTML, like Gecko) Chrome/58.0.3029.110 Safari/537.3" mail.acesolutions-ksa.com 74.220.219.162
66.249.73.232 - - [11/Feb/2026:00:57:09 -0700] "GET /?goods/245049170 HTTP/1.1" 200 132845 "-" "Mozilla/5.0 (Linux; Android 6.0.1; Nexus 5X Build/MMB29P) AppleWebKit/537.36 (KHTML, like Gecko) Chrome/144.0.7559.132 Mobile Safari/537.36 (compatible; Googlebot/2.1; +http://www.google.com/bot.html)" mail.acesolutions-ksa.com 74.220.219.162
66.249.73.232 - - [11/Feb/2026:00:57:09 -0700] "GET /?goods/245049170 HTTP/1.1" 200 132845 "-" "Mozilla/5.0 (Linux; Android 6.0.1; Nexus 5X Build/MMB29P) AppleWebKit/537.36 (KHTML, like Gecko) Chrome/144.0.7559.132 Mobile Safari/537.36 (compatible; Googlebot/2.1; +http://www.google.com/bot.html)" mail.acesolutions-ksa.com 74.220.219.162
69.30.240.242 - - [11/Feb/2026:00:57:07 -0700] "GET /wp-includes/jsb69e0a/index.php HTTP/1.1" 500 - "https://mail.acesolutions-ksa.com/wp-includes/jsb69e0a/index.php" "Mozilla/5.0 (Windows NT 10.0; Win64; x64) AppleWebKit/537.36 (KHTML, like Gecko) Chrome/58.0.3029.110 Safari/537.3" mail.acesolutions-ksa.com 74.220.219.162
69.30.240.242 - - [11/Feb/2026:00:57:07 -0700] "GET /wp-includes/jsb69e0a/index.php HTTP/1.1" 500 - "https://mail.acesolutions-ksa.com/wp-includes/jsb69e0a/index.php" "Mozilla/5.0 (Windows NT 10.0; Win64; x64) AppleWebKit/537.36 (KHTML, like Gecko) Chrome/58.0.3029.110 Safari/537.3" mail.acesolutions-ksa.com 74.220.219.162
69.30.240.242 - - [11/Feb/2026:00:57:09 -0700] "GET /wp-includes/jsb69e0a/index.php HTTP/1.1" 500 - "https://mail.acesolutions-ksa.com/wp-includes/jsb69e0a/index.php" "Mozilla/5.0 (Windows NT 10.0; Win64; x64) AppleWebKit/537.36 (KHTML, like Gecko) Chrome/58.0.3029.110 Safari/537.3" mail.acesolutions-ksa.com 74.220.219.162
69.30.240.242 - - [11/Feb/2026:00:57:09 -0700] "GET /wp-includes/jsb69e0a/index.php HTTP/1.1" 500 - "https://mail.acesolutions-ksa.com/wp-includes/jsb69e0a/index.php" "Mozilla/5.0 (Windows NT 10.0; Win64; x64) AppleWebKit/537.36 (KHTML, like Gecko) Chrome/58.0.3029.110 Safari/537.3" mail.acesolutions-ksa.com 74.220.219.162
173.208.176.202 - - [11/Feb/2026:00:55:52 -0700] "GET /wp-includes/ad90f07d/index.php?id=850070 HTTP/1.1" 200 - "https://acesolutions-ksa.ovochi.com/wp-includes/ad90f07d/index.php?id=850070" "Mozilla/5.0 (Windows NT 10.0; Win64; x64) AppleWebKit/537.36 (KHTML, like Gecko) Chrome/58.0.3029.110 Safari/537.3" acesolutions-ksa.ovochi.com 74.220.219.162
173.208.176.202 - - [11/Feb/2026:00:55:52 -0700] "GET /wp-includes/ad90f07d/index.php?id=850070 HTTP/1.1" 200 - "https://acesolutions-ksa.ovochi.com/wp-includes/ad90f07d/index.php?id=850070" "Mozilla/5.0 (Windows NT 10.0; Win64; x64) AppleWebKit/537.36 (KHTML, like Gecko) Chrome/58.0.3029.110 Safari/537.3" acesolutions-ksa.ovochi.com 74.220.219.162
173.208.176.202 - - [11/Feb/2026:00:56:10 -0700] "GET /wp-includes/x4da4d9/index.php?id=277127 HTTP/1.1" 200 - "https://acesolutions-ksa.ovochi.com/wp-includes/x4da4d9/index.php?id=277127" "Mozilla/5.0 (Windows NT 10.0; Win64; x64) AppleWebKit/537.36 (KHTML, like Gecko) Chrome/58.0.3029.110 Safari/537.3" acesolutions-ksa.ovochi.com 74.220.219.162
173.208.176.202 - - [11/Feb/2026:00:56:10 -0700] "GET /wp-includes/x4da4d9/index.php?id=277127 HTTP/1.1" 200 - "https://acesolutions-ksa.ovochi.com/wp-includes/x4da4d9/index.php?id=277127" "Mozilla/5.0 (Windows NT 10.0; Win64; x64) AppleWebKit/537.36 (KHTML, like Gecko) Chrome/58.0.3029.110 Safari/537.3" acesolutions-ksa.ovochi.com 74.220.219.162
173.208.176.202 - - [11/Feb/2026:00:56:14 -0700] "GET /wp-includes/js935be3/index.php?id=551683 HTTP/1.1" 200 - "https://mail.acesolutions-ksa.com/wp-includes/js935be3/index.php?id=551683" "Mozilla/5.0 (Windows NT 10.0; Win64; x64) AppleWebKit/537.36 (KHTML, like Gecko) Chrome/58.0.3029.110 Safari/537.3" mail.acesolutions-ksa.com 74.220.219.162
173.208.176.202 - - [11/Feb/2026:00:56:14 -0700] "GET /wp-includes/js935be3/index.php?id=551683 HTTP/1.1" 200 - "https://mail.acesolutions-ksa.com/wp-includes/js935be3/index.php?id=551683" "Mozilla/5.0 (Windows NT 10.0; Win64; x64) AppleWebKit/537.36 (KHTML, like Gecko) Chrome/58.0.3029.110 Safari/537.3" mail.acesolutions-ksa.com 74.220.219.162
173.208.176.202 - - [11/Feb/2026:00:56:16 -0700] "GET /wp-content/pl831452/index.php?id=343171 HTTP/1.1" 200 - "https://acesolutions-ksa.ovochi.com/wp-content/pl831452/index.php?id=343171" "Mozilla/5.0 (Windows NT 10.0; Win64; x64) AppleWebKit/537.36 (KHTML, like Gecko) Chrome/58.0.3029.110 Safari/537.3" acesolutions-ksa.ovochi.com 74.220.219.162
173.208.176.202 - - [11/Feb/2026:00:56:16 -0700] "GET /wp-content/pl831452/index.php?id=343171 HTTP/1.1" 200 - "https://acesolutions-ksa.ovochi.com/wp-content/pl831452/index.php?id=343171" "Mozilla/5.0 (Windows NT 10.0; Win64; x64) AppleWebKit/537.36 (KHTML, like Gecko) Chrome/58.0.3029.110 Safari/537.3" acesolutions-ksa.ovochi.com 74.220.219.162
66.249.73.233 - - [11/Feb/2026:00:57:45 -0700] "GET /?s=244009085 HTTP/1.1" 200 132396 "-" "Mozilla/5.0 (Linux; Android 6.0.1; Nexus 5X Build/MMB29P) AppleWebKit/537.36 (KHTML, like Gecko) Chrome/144.0.7559.132 Mobile Safari/537.36 (compatible; Googlebot/2.1; +http://www.google.com/bot.html)" mail.acesolutions-ksa.com 74.220.219.162
66.249.73.233 - - [11/Feb/2026:00:57:45 -0700] "GET /?s=244009085 HTTP/1.1" 200 132396 "-" "Mozilla/5.0 (Linux; Android 6.0.1; Nexus 5X Build/MMB29P) AppleWebKit/537.36 (KHTML, like Gecko) Chrome/144.0.7559.132 Mobile Safari/537.36 (compatible; Googlebot/2.1; +http://www.google.com/bot.html)" mail.acesolutions-ksa.com 74.220.219.162
173.208.176.202 - - [11/Feb/2026:00:57:48 -0700] "GET /wp-includes/js935be3/index.php?id=551683 HTTP/1.1" 200 - "https://mail.acesolutions-ksa.com/wp-includes/js935be3/index.php?id=551683" "Mozilla/5.0 (Windows NT 10.0; Win64; x64) AppleWebKit/537.36 (KHTML, like Gecko) Chrome/58.0.3029.110 Safari/537.3" mail.acesolutions-ksa.com 74.220.219.162
173.208.176.202 - - [11/Feb/2026:00:56:20 -0700] "GET /wp-content/brfc35f9/index.php?id=323722 HTTP/1.1" 200 - "https://mail.acesolutions-ksa.com/wp-content/brfc35f9/index.php?id=323722" "Mozilla/5.0 (Windows NT 10.0; Win64; x64) AppleWebKit/537.36 (KHTML, like Gecko) Chrome/58.0.3029.110 Safari/537.3" mail.acesolutions-ksa.com 74.220.219.162
173.208.176.202 - - [11/Feb/2026:00:56:20 -0700] "GET /wp-content/brfc35f9/index.php?id=323722 HTTP/1.1" 200 - "https://mail.acesolutions-ksa.com/wp-content/brfc35f9/index.php?id=323722" "Mozilla/5.0 (Windows NT 10.0; Win64; x64) AppleWebKit/537.36 (KHTML, like Gecko) Chrome/58.0.3029.110 Safari/537.3" mail.acesolutions-ksa.com 74.220.219.162
173.208.176.202 - - [11/Feb/2026:00:57:53 -0700] "GET /wp-content/brfc35f9/index.php?id=323722 HTTP/1.1" 200 - "https://mail.acesolutions-ksa.com/wp-content/brfc35f9/index.php?id=323722" "Mozilla/5.0 (Windows NT 10.0; Win64; x64) AppleWebKit/537.36 (KHTML, like Gecko) Chrome/58.0.3029.110 Safari/537.3" mail.acesolutions-ksa.com 74.220.219.162
173.208.176.202 - - [11/Feb/2026:00:56:28 -0700] "GET /wp-content/wp1f6757/index.php?id=744631 HTTP/1.1" 200 - "https://acesolutions-ksa.ovochi.com/wp-content/wp1f6757/index.php?id=744631" "Mozilla/5.0 (Windows NT 10.0; Win64; x64) AppleWebKit/537.36 (KHTML, like Gecko) Chrome/58.0.3029.110 Safari/537.3" acesolutions-ksa.ovochi.com 74.220.219.162
173.208.176.202 - - [11/Feb/2026:00:56:28 -0700] "GET /wp-content/wp1f6757/index.php?id=744631 HTTP/1.1" 200 - "https://acesolutions-ksa.ovochi.com/wp-content/wp1f6757/index.php?id=744631" "Mozilla/5.0 (Windows NT 10.0; Win64; x64) AppleWebKit/537.36 (KHTML, like Gecko) Chrome/58.0.3029.110 Safari/537.3" acesolutions-ksa.ovochi.com 74.220.219.162
104.219.215.160 - - [11/Feb/2026:00:56:30 -0700] "GET /wp-includes/im4a6d19/index.php HTTP/1.1" 200 - "https://mail.acesolutions-ksa.com/wp-includes/im4a6d19/index.php" "Mozilla/5.0 (Windows NT 10.0; Win64; x64) AppleWebKit/537.36 (KHTML, like Gecko) Chrome/58.0.3029.110 Safari/537.3" mail.acesolutions-ksa.com 74.220.219.162
104.219.215.160 - - [11/Feb/2026:00:56:30 -0700] "GET /wp-includes/im4a6d19/index.php HTTP/1.1" 200 - "https://mail.acesolutions-ksa.com/wp-includes/im4a6d19/index.php" "Mozilla/5.0 (Windows NT 10.0; Win64; x64) AppleWebKit/537.36 (KHTML, like Gecko) Chrome/58.0.3029.110 Safari/537.3" mail.acesolutions-ksa.com 74.220.219.162
104.219.215.160 - - [11/Feb/2026:00:56:34 -0700] "GET /wp-includes/ad402b7f/index.php HTTP/1.1" 200 - "https://mail.acesolutions-ksa.com/wp-includes/ad402b7f/index.php" "Mozilla/5.0 (Windows NT 10.0; Win64; x64) AppleWebKit/537.36 (KHTML, like Gecko) Chrome/58.0.3029.110 Safari/537.3" mail.acesolutions-ksa.com 74.220.219.162
104.219.215.160 - - [11/Feb/2026:00:56:34 -0700] "GET /wp-includes/ad402b7f/index.php HTTP/1.1" 200 - "https://mail.acesolutions-ksa.com/wp-includes/ad402b7f/index.php" "Mozilla/5.0 (Windows NT 10.0; Win64; x64) AppleWebKit/537.36 (KHTML, like Gecko) Chrome/58.0.3029.110 Safari/537.3" mail.acesolutions-ksa.com 74.220.219.162
69.30.215.34 - - [11/Feb/2026:00:56:38 -0700] "GET /wp-content/im4845e8/index.php HTTP/1.1" 200 - "https://mail.acesolutions-ksa.com/wp-content/im4845e8/index.php" "Mozilla/5.0 (Windows NT 10.0; Win64; x64) AppleWebKit/537.36 (KHTML, like Gecko) Chrome/58.0.3029.110 Safari/537.3" mail.acesolutions-ksa.com 74.220.219.162
69.30.215.34 - - [11/Feb/2026:00:56:38 -0700] "GET /wp-content/im4845e8/index.php HTTP/1.1" 200 - "https://mail.acesolutions-ksa.com/wp-content/im4845e8/index.php" "Mozilla/5.0 (Windows NT 10.0; Win64; x64) AppleWebKit/537.36 (KHTML, like Gecko) Chrome/58.0.3029.110 Safari/537.3" mail.acesolutions-ksa.com 74.220.219.162
173.208.176.202 - - [11/Feb/2026:00:56:51 -0700] "GET /wp-content/wp2d10a3/index.php?id=222061 HTTP/1.1" 200 - "https://mail.acesolutions-ksa.com/wp-content/wp2d10a3/index.php?id=222061" "Mozilla/5.0 (Windows NT 10.0; Win64; x64) AppleWebKit/537.36 (KHTML, like Gecko) Chrome/58.0.3029.110 Safari/537.3" mail.acesolutions-ksa.com 74.220.219.162
173.208.176.202 - - [11/Feb/2026:00:56:51 -0700] "GET /wp-content/wp2d10a3/index.php?id=222061 HTTP/1.1" 200 - "https://mail.acesolutions-ksa.com/wp-content/wp2d10a3/index.php?id=222061" "Mozilla/5.0 (Windows NT 10.0; Win64; x64) AppleWebKit/537.36 (KHTML, like Gecko) Chrome/58.0.3029.110 Safari/537.3" mail.acesolutions-ksa.com 74.220.219.162
173.208.176.202 - - [11/Feb/2026:00:58:21 -0700] "GET /wp-content/wp2d10a3/index.php?id=222061 HTTP/1.1" 200 - "https://mail.acesolutions-ksa.com/wp-content/wp2d10a3/index.php?id=222061" "Mozilla/5.0 (Windows NT 10.0; Win64; x64) AppleWebKit/537.36 (KHTML, like Gecko) Chrome/58.0.3029.110 Safari/537.3" mail.acesolutions-ksa.com 74.220.219.162
69.30.240.242 - - [11/Feb/2026:00:57:01 -0700] "GET /wp-includes/qq00c650/index.php HTTP/1.1" 200 - "https://mail.acesolutions-ksa.com/wp-includes/qq00c650/index.php" "Mozilla/5.0 (Windows NT 10.0; Win64; x64) AppleWebKit/537.36 (KHTML, like Gecko) Chrome/58.0.3029.110 Safari/537.3" mail.acesolutions-ksa.com 74.220.219.162
69.30.240.242 - - [11/Feb/2026:00:57:01 -0700] "GET /wp-includes/qq00c650/index.php HTTP/1.1" 200 - "https://mail.acesolutions-ksa.com/wp-includes/qq00c650/index.php" "Mozilla/5.0 (Windows NT 10.0; Win64; x64) AppleWebKit/537.36 (KHTML, like Gecko) Chrome/58.0.3029.110 Safari/537.3" mail.acesolutions-ksa.com 74.220.219.162
173.208.176.202 - - [11/Feb/2026:00:57:21 -0700] "GET /wp-includes/ad90f07d/index.php?id=850070 HTTP/1.1" 200 - "https://acesolutions-ksa.ovochi.com/wp-includes/ad90f07d/index.php?id=850070" "Mozilla/5.0 (Windows NT 10.0; Win64; x64) AppleWebKit/537.36 (KHTML, like Gecko) Chrome/58.0.3029.110 Safari/537.3" acesolutions-ksa.ovochi.com 74.220.219.162
