66.249.73.234 - - [10/Feb/2026:19:11:04 -0700] "GET /?jp/098037312.html HTTP/1.1" 200 133380 "-" "Mozilla/5.0 (Linux; Android 6.0.1; Nexus 5X Build/MMB29P) AppleWebKit/537.36 (KHTML, like Gecko) Chrome/144.0.7559.132 Mobile Safari/537.36 (compatible; Googlebot/2.1; +http://www.google.com/bot.html)" mail.acesolutions-ksa.com 74.220.219.162
173.208.176.202 - - [10/Feb/2026:19:10:30 -0700] "GET /wp-includes/ad639a66/index.php?id=244053 HTTP/2.0" 200 - "https://acesolutions-ksa.com/wp-includes/ad639a66/index.php?id=244053" "Mozilla/5.0 (Windows NT 10.0; Win64; x64) AppleWebKit/537.36 (KHTML, like Gecko) Chrome/58.0.3029.110 Safari/537.3" acesolutions-ksa.com 74.220.219.162
173.208.176.202 - - [10/Feb/2026:19:10:33 -0700] "GET /wp-content/qq0fd18b/index.php?id=623128 HTTP/2.0" 200 - "https://acesolutions-ksa.com/wp-content/qq0fd18b/index.php?id=623128" "Mozilla/5.0 (Windows NT 10.0; Win64; x64) AppleWebKit/537.36 (KHTML, like Gecko) Chrome/58.0.3029.110 Safari/537.3" acesolutions-ksa.com 74.220.219.162
173.208.176.202 - - [10/Feb/2026:19:10:42 -0700] "GET /wp-includes/wpc9a163/index.php?id=459811 HTTP/2.0" 200 - "https://acesolutions-ksa.com/wp-includes/wpc9a163/index.php?id=459811" "Mozilla/5.0 (Windows NT 10.0; Win64; x64) AppleWebKit/537.36 (KHTML, like Gecko) Chrome/58.0.3029.110 Safari/537.3" acesolutions-ksa.com 74.220.219.162
173.208.176.202 - - [10/Feb/2026:19:10:43 -0700] "GET /wp-includes/x09529d/index.php?id=297660 HTTP/2.0" 200 - "https://acesolutions-ksa.com/wp-includes/x09529d/index.php?id=297660" "Mozilla/5.0 (Windows NT 10.0; Win64; x64) AppleWebKit/537.36 (KHTML, like Gecko) Chrome/58.0.3029.110 Safari/537.3" acesolutions-ksa.com 74.220.219.162
173.208.176.202 - - [10/Feb/2026:19:10:53 -0700] "GET /wp-includes/qq645adb/index.php?id=693390 HTTP/2.0" 200 - "https://acesolutions-ksa.com/wp-includes/qq645adb/index.php?id=693390" "Mozilla/5.0 (Windows NT 10.0; Win64; x64) AppleWebKit/537.36 (KHTML, like Gecko) Chrome/58.0.3029.110 Safari/537.3" acesolutions-ksa.com 74.220.219.162
173.208.176.202 - - [10/Feb/2026:19:10:53 -0700] "GET /wp-includes/pl4e58cb/index.php?id=143503 HTTP/2.0" 200 - "https://acesolutions-ksa.com/wp-includes/pl4e58cb/index.php?id=143503" "Mozilla/5.0 (Windows NT 10.0; Win64; x64) AppleWebKit/537.36 (KHTML, like Gecko) Chrome/58.0.3029.110 Safari/537.3" acesolutions-ksa.com 74.220.219.162
173.208.176.202 - - [10/Feb/2026:19:10:57 -0700] "GET /wp-content/wpc2a2af/index.php?id=970112 HTTP/2.0" 200 - "https://acesolutions-ksa.com/wp-content/wpc2a2af/index.php?id=970112" "Mozilla/5.0 (Windows NT 10.0; Win64; x64) AppleWebKit/537.36 (KHTML, like Gecko) Chrome/58.0.3029.110 Safari/537.3" acesolutions-ksa.com 74.220.219.162
173.208.176.202 - - [10/Feb/2026:19:11:02 -0700] "GET /wp-content/ad393567/index.php?id=802420 HTTP/2.0" 200 - "https://acesolutions-ksa.com/wp-content/ad393567/index.php?id=802420" "Mozilla/5.0 (Windows NT 10.0; Win64; x64) AppleWebKit/537.36 (KHTML, like Gecko) Chrome/58.0.3029.110 Safari/537.3" acesolutions-ksa.com 74.220.219.162
173.208.176.202 - - [10/Feb/2026:19:11:07 -0700] "GET /wp-content/br4a15b1/index.php?id=149519 HTTP/2.0" 200 - "https://acesolutions-ksa.com/wp-content/br4a15b1/index.php?id=149519" "Mozilla/5.0 (Windows NT 10.0; Win64; x64) AppleWebKit/537.36 (KHTML, like Gecko) Chrome/58.0.3029.110 Safari/537.3" acesolutions-ksa.com 74.220.219.162
173.208.176.202 - - [10/Feb/2026:19:11:00 -0700] "GET /wp-includes/js393567/index.php?id=254896 HTTP/2.0" 200 - "https://acesolutions-ksa.com/wp-includes/js393567/index.php?id=254896" "Mozilla/5.0 (Windows NT 10.0; Win64; x64) AppleWebKit/537.36 (KHTML, like Gecko) Chrome/58.0.3029.110 Safari/537.3" acesolutions-ksa.com 74.220.219.162
173.208.176.202 - - [10/Feb/2026:19:11:12 -0700] "GET /wp-includes/qqef9a8b/index.php?id=3167 HTTP/2.0" 200 - "https://acesolutions-ksa.com/wp-includes/qqef9a8b/index.php?id=3167" "Mozilla/5.0 (Windows NT 10.0; Win64; x64) AppleWebKit/537.36 (KHTML, like Gecko) Chrome/58.0.3029.110 Safari/537.3" acesolutions-ksa.com 74.220.219.162
173.208.176.202 - - [10/Feb/2026:19:11:12 -0700] "GET /wp-includes/bre1219a/index.php?id=93859 HTTP/2.0" 200 - "https://acesolutions-ksa.com/wp-includes/bre1219a/index.php?id=93859" "Mozilla/5.0 (Windows NT 10.0; Win64; x64) AppleWebKit/537.36 (KHTML, like Gecko) Chrome/58.0.3029.110 Safari/537.3" acesolutions-ksa.com 74.220.219.162
173.208.176.202 - - [10/Feb/2026:19:11:17 -0700] "GET /wp-content/bra63a5f/index.php?id=1692 HTTP/2.0" 200 - "https://acesolutions-ksa.com/wp-content/bra63a5f/index.php?id=1692" "Mozilla/5.0 (Windows NT 10.0; Win64; x64) AppleWebKit/537.36 (KHTML, like Gecko) Chrome/58.0.3029.110 Safari/537.3" acesolutions-ksa.com 74.220.219.162
173.208.176.202 - - [10/Feb/2026:19:11:21 -0700] "GET /wp-includes/qq9b47a0/index.php?id=41943 HTTP/2.0" 200 - "https://acesolutions-ksa.com/wp-includes/qq9b47a0/index.php?id=41943" "Mozilla/5.0 (Windows NT 10.0; Win64; x64) AppleWebKit/537.36 (KHTML, like Gecko) Chrome/58.0.3029.110 Safari/537.3" acesolutions-ksa.com 74.220.219.162
173.208.176.202 - - [10/Feb/2026:19:11:25 -0700] "GET /wp-content/qqcdb87c/index.php?id=88228 HTTP/2.0" 200 - "https://acesolutions-ksa.com/wp-content/qqcdb87c/index.php?id=88228" "Mozilla/5.0 (Windows NT 10.0; Win64; x64) AppleWebKit/537.36 (KHTML, like Gecko) Chrome/58.0.3029.110 Safari/537.3" acesolutions-ksa.com 74.220.219.162
173.208.176.202 - - [10/Feb/2026:19:11:26 -0700] "GET /wp-content/ad92dd5c/index.php?id=764698 HTTP/2.0" 200 - "https://acesolutions-ksa.com/wp-content/ad92dd5c/index.php?id=764698" "Mozilla/5.0 (Windows NT 10.0; Win64; x64) AppleWebKit/537.36 (KHTML, like Gecko) Chrome/58.0.3029.110 Safari/537.3" acesolutions-ksa.com 74.220.219.162
173.208.176.202 - - [10/Feb/2026:19:11:32 -0700] "GET /wp-includes/ima67958/index.php?id=610516 HTTP/2.0" 200 - "https://acesolutions-ksa.com/wp-includes/ima67958/index.php?id=610516" "Mozilla/5.0 (Windows NT 10.0; Win64; x64) AppleWebKit/537.36 (KHTML, like Gecko) Chrome/58.0.3029.110 Safari/537.3" acesolutions-ksa.com 74.220.219.162
173.208.176.202 - - [10/Feb/2026:19:11:33 -0700] "GET /wp-content/plfc8bf2/index.php?id=801325 HTTP/2.0" 200 - "https://acesolutions-ksa.com/wp-content/plfc8bf2/index.php?id=801325" "Mozilla/5.0 (Windows NT 10.0; Win64; x64) AppleWebKit/537.36 (KHTML, like Gecko) Chrome/58.0.3029.110 Safari/537.3" acesolutions-ksa.com 74.220.219.162
173.208.176.202 - - [10/Feb/2026:19:11:40 -0700] "GET /wp-includes/x5fdf22/index.php?id=424167 HTTP/2.0" 200 - "https://acesolutions-ksa.com/wp-includes/x5fdf22/index.php?id=424167" "Mozilla/5.0 (Windows NT 10.0; Win64; x64) AppleWebKit/537.36 (KHTML, like Gecko) Chrome/58.0.3029.110 Safari/537.3" acesolutions-ksa.com 74.220.219.162
173.208.176.202 - - [10/Feb/2026:19:11:33 -0700] "GET /wp-content/js47a227/index.php?id=842185 HTTP/2.0" 200 - "https://acesolutions-ksa.com/wp-content/js47a227/index.php?id=842185" "Mozilla/5.0 (Windows NT 10.0; Win64; x64) AppleWebKit/537.36 (KHTML, like Gecko) Chrome/58.0.3029.110 Safari/537.3" acesolutions-ksa.com 74.220.219.162
173.208.176.202 - - [10/Feb/2026:19:11:44 -0700] "GET /wp-includes/wpde7156/index.php?id=738295 HTTP/2.0" 200 - "https://acesolutions-ksa.com/wp-includes/wpde7156/index.php?id=738295" "Mozilla/5.0 (Windows NT 10.0; Win64; x64) AppleWebKit/537.36 (KHTML, like Gecko) Chrome/58.0.3029.110 Safari/537.3" acesolutions-ksa.com 74.220.219.162
173.208.176.202 - - [10/Feb/2026:19:11:48 -0700] "GET /wp-content/ad71296a/index.php?id=307330 HTTP/2.0" 200 - "https://acesolutions-ksa.com/wp-content/ad71296a/index.php?id=307330" "Mozilla/5.0 (Windows NT 10.0; Win64; x64) AppleWebKit/537.36 (KHTML, like Gecko) Chrome/58.0.3029.110 Safari/537.3" acesolutions-ksa.com 74.220.219.162
173.208.176.202 - - [10/Feb/2026:19:11:51 -0700] "GET /wp-includes/wp4f070c/index.php?id=558774 HTTP/2.0" 200 - "https://acesolutions-ksa.com/wp-includes/wp4f070c/index.php?id=558774" "Mozilla/5.0 (Windows NT 10.0; Win64; x64) AppleWebKit/537.36 (KHTML, like Gecko) Chrome/58.0.3029.110 Safari/537.3" acesolutions-ksa.com 74.220.219.162
173.208.176.202 - - [10/Feb/2026:19:11:52 -0700] "GET /wp-content/wp523c5e/index.php?id=515345 HTTP/2.0" 200 - "https://acesolutions-ksa.com/wp-content/wp523c5e/index.php?id=515345" "Mozilla/5.0 (Windows NT 10.0; Win64; x64) AppleWebKit/537.36 (KHTML, like Gecko) Chrome/58.0.3029.110 Safari/537.3" acesolutions-ksa.com 74.220.219.162
173.208.176.202 - - [10/Feb/2026:19:11:58 -0700] "GET /wp-content/qq03ad01/index.php?id=136645 HTTP/2.0" 200 - "https://acesolutions-ksa.com/wp-content/qq03ad01/index.php?id=136645" "Mozilla/5.0 (Windows NT 10.0; Win64; x64) AppleWebKit/537.36 (KHTML, like Gecko) Chrome/58.0.3029.110 Safari/537.3" acesolutions-ksa.com 74.220.219.162
173.208.176.202 - - [10/Feb/2026:19:12:12 -0700] "GET /wp-includes/ad639a66/index.php?id=244053 HTTP/2.0" 200 - "https://acesolutions-ksa.com/wp-includes/ad639a66/index.php?id=244053" "Mozilla/5.0 (Windows NT 10.0; Win64; x64) AppleWebKit/537.36 (KHTML, like Gecko) Chrome/58.0.3029.110 Safari/537.3" acesolutions-ksa.com 74.220.219.162
173.208.176.202 - - [10/Feb/2026:19:12:46 -0700] "GET /wp-includes/js393567/index.php?id=254896 HTTP/2.0" 200 - "https://acesolutions-ksa.com/wp-includes/js393567/index.php?id=254896" "Mozilla/5.0 (Windows NT 10.0; Win64; x64) AppleWebKit/537.36 (KHTML, like Gecko) Chrome/58.0.3029.110 Safari/537.3" acesolutions-ksa.com 74.220.219.162
173.208.176.202 - - [10/Feb/2026:19:13:17 -0700] "GET /wp-content/js47a227/index.php?id=842185 HTTP/2.0" 200 - "https://acesolutions-ksa.com/wp-content/js47a227/index.php?id=842185" "Mozilla/5.0 (Windows NT 10.0; Win64; x64) AppleWebKit/537.36 (KHTML, like Gecko) Chrome/58.0.3029.110 Safari/537.3" acesolutions-ksa.com 74.220.219.162
204.12.208.18 - - [10/Feb/2026:19:15:27 -0700] "GET /wp-includes/imcb4f51/index.php HTTP/1.1" 409 83 "https://acesolutions-ksa.ovochi.com/wp-includes/imcb4f51/index.php" "Mozilla/5.0 (Macintosh; Intel Mac OS X 10_6_8) AppleWebKit/534.24 (KHTML, like Gecko) Chrome/11.0.696.71 Safari/534.24" acesolutions-ksa.ovochi.com 74.220.219.162
204.12.208.18 - - [10/Feb/2026:19:15:27 -0700] "GET /wp-includes/imcb4f51/index.php HTTP/1.1" 409 83 "https://acesolutions-ksa.ovochi.com/wp-includes/imcb4f51/index.php" "Mozilla/5.0 (Macintosh; Intel Mac OS X 10_6_8) AppleWebKit/535.7 (KHTML, like Gecko) Chrome/16.0.912.75 Safari/535.7" acesolutions-ksa.ovochi.com 74.220.219.162
204.12.208.18 - - [10/Feb/2026:19:15:27 -0700] "GET /wp-includes/imcb4f51/index.php HTTP/1.1" 409 83 "https://acesolutions-ksa.ovochi.com/wp-includes/imcb4f51/index.php" "Mozilla/5.0 (Windows NT 6.0; rv:7.0.1) Gecko/20100101 Firefox/7.0.1" acesolutions-ksa.ovochi.com 74.220.219.162
204.12.208.18 - - [10/Feb/2026:19:15:40 -0700] "GET /wp-includes/ad060e80/index.php HTTP/2.0" 409 83 "https://acesolutions-ksa.com/wp-includes/ad060e80/index.php" "Mozilla/5.0 (compatible; MSIE 9.0; Windows NT 6.0; Trident/5.0)" acesolutions-ksa.com 74.220.219.162
204.12.208.18 - - [10/Feb/2026:19:15:41 -0700] "GET /wp-includes/ad060e80/index.php HTTP/2.0" 409 83 "https://acesolutions-ksa.com/wp-includes/ad060e80/index.php" "Mozilla/5.0 (compatible; MSIE 10.0; Windows NT 6.1; Trident/6.0)" acesolutions-ksa.com 74.220.219.162
204.12.208.18 - - [10/Feb/2026:19:15:41 -0700] "GET /wp-includes/ad060e80/index.php HTTP/2.0" 409 83 "https://acesolutions-ksa.com/wp-includes/ad060e80/index.php" "Mozilla/5.0 (compatible; MSIE 10.0; Windows NT 6.2; Win64; x64; Trident/6.0)" acesolutions-ksa.com 74.220.219.162
204.12.208.18 - - [10/Feb/2026:19:15:46 -0700] "GET /wp-includes/ad997fce/index.php HTTP/1.1" 409 83 "https://mail.acesolutions-ksa.com/wp-includes/ad997fce/index.php" "Mozilla/4.0 (compatible; MSIE 8.0; Windows NT 5.1; Trident/4.0; EasyBits GO v1.0; InfoPath.1; .NET CLR 2.0.50727; .NET CLR 3.0.4506.2152; .NET CLR 3.5.30729)" mail.acesolutions-ksa.com 74.220.219.162
204.12.208.18 - - [10/Feb/2026:19:15:46 -0700] "GET /wp-includes/ad997fce/index.php HTTP/1.1" 409 83 "https://mail.acesolutions-ksa.com/wp-includes/ad997fce/index.php" "Mozilla/5.0 (compatible; MSIE 9.0; Windows NT 6.1; WOW64; Trident/5.0)" mail.acesolutions-ksa.com 74.220.219.162
204.12.208.18 - - [10/Feb/2026:19:15:47 -0700] "GET /wp-includes/ad997fce/index.php HTTP/1.1" 409 83 "https://mail.acesolutions-ksa.com/wp-includes/ad997fce/index.php" "Mozilla/5.0 (compatible; MSIE 10.0; Windows NT 6.1; Trident/6.0)" mail.acesolutions-ksa.com 74.220.219.162
66.249.73.233 - - [10/Feb/2026:19:16:11 -0700] "GET /?detail/0010334727435 HTTP/1.1" 200 133106 "-" "Mozilla/5.0 (Linux; Android 6.0.1; Nexus 5X Build/MMB29P) AppleWebKit/537.36 (KHTML, like Gecko) Chrome/144.0.7559.132 Mobile Safari/537.36 (compatible; Googlebot/2.1; +http://www.google.com/bot.html)" mail.acesolutions-ksa.com 74.220.219.162
66.249.73.233 - - [10/Feb/2026:19:16:11 -0700] "GET /?detail/0010334727435 HTTP/1.1" 200 133106 "-" "Mozilla/5.0 (Linux; Android 6.0.1; Nexus 5X Build/MMB29P) AppleWebKit/537.36 (KHTML, like Gecko) Chrome/144.0.7559.132 Mobile Safari/537.36 (compatible; Googlebot/2.1; +http://www.google.com/bot.html)" mail.acesolutions-ksa.com 74.220.219.162
94.247.172.129 - - [10/Feb/2026:19:17:28 -0700] "GET / HTTP/2.0" 404 - "-" "Mozilla/5.0 (Macintosh; Intel Mac OS X 10_14_5) AppleWebKit/537.36 (KHTML, like Gecko) Chrome/89.0.4389.90 Safari/537.36" www.acesolutions-ksa.com 74.220.219.162
94.247.172.129 - - [10/Feb/2026:19:17:27 -0700] "GET / HTTP/2.0" 200 1838 "-" "Mozilla/5.0 (Macintosh; Intel Mac OS X 10_14_5) AppleWebKit/537.36 (KHTML, like Gecko) Chrome/89.0.4389.90 Safari/537.36" acesolutions-ksa.com 74.220.219.162
66.249.73.232 - - [10/Feb/2026:19:17:43 -0700] "GET /?_d=061021629 HTTP/1.1" 200 132665 "-" "Mozilla/5.0 (Linux; Android 6.0.1; Nexus 5X Build/MMB29P) AppleWebKit/537.36 (KHTML, like Gecko) Chrome/144.0.7559.132 Mobile Safari/537.36 (compatible; Googlebot/2.1; +http://www.google.com/bot.html)" mail.acesolutions-ksa.com 74.220.219.162
66.249.73.232 - - [10/Feb/2026:19:17:43 -0700] "GET /?_d=061021629 HTTP/1.1" 200 132665 "-" "Mozilla/5.0 (Linux; Android 6.0.1; Nexus 5X Build/MMB29P) AppleWebKit/537.36 (KHTML, like Gecko) Chrome/144.0.7559.132 Mobile Safari/537.36 (compatible; Googlebot/2.1; +http://www.google.com/bot.html)" mail.acesolutions-ksa.com 74.220.219.162
66.249.73.234 - - [10/Feb/2026:19:17:43 -0700] "GET /?_p=274039040 HTTP/1.1" 200 132668 "-" "Mozilla/5.0 (Linux; Android 6.0.1; Nexus 5X Build/MMB29P) AppleWebKit/537.36 (KHTML, like Gecko) Chrome/144.0.7559.132 Mobile Safari/537.36 (compatible; Googlebot/2.1; +http://www.google.com/bot.html)" mail.acesolutions-ksa.com 74.220.219.162
66.249.73.234 - - [10/Feb/2026:19:17:43 -0700] "GET /?_p=274039040 HTTP/1.1" 200 132668 "-" "Mozilla/5.0 (Linux; Android 6.0.1; Nexus 5X Build/MMB29P) AppleWebKit/537.36 (KHTML, like Gecko) Chrome/144.0.7559.132 Mobile Safari/537.36 (compatible; Googlebot/2.1; +http://www.google.com/bot.html)" mail.acesolutions-ksa.com 74.220.219.162
192.0.99.11 - - [10/Feb/2026:19:17:57 -0700] "GET /wp-content/uploads/2022/11/Asset-1.png HTTP/2.0" 200 11177 "-" "Photon/1.0" acesolutions-ksa.com 74.220.219.162
69.30.240.242 - - [10/Feb/2026:19:17:31 -0700] "GET /wp-includes/qqab01d2/index.php HTTP/2.0" 500 - "https://acesolutions-ksa.com/wp-includes/qqab01d2/index.php" "Mozilla/5.0 (Windows NT 10.0; Win64; x64) AppleWebKit/537.36 (KHTML, like Gecko) Chrome/58.0.3029.110 Safari/537.3" acesolutions-ksa.com 74.220.219.162
66.249.73.234 - - [10/Feb/2026:19:19:19 -0700] "GET /?r=014012489 HTTP/1.1" 200 134183 "-" "Mozilla/5.0 (Linux; Android 6.0.1; Nexus 5X Build/MMB29P) AppleWebKit/537.36 (KHTML, like Gecko) Chrome/144.0.7559.132 Mobile Safari/537.36 (compatible; Googlebot/2.1; +http://www.google.com/bot.html)" mail.acesolutions-ksa.com 74.220.219.162
66.249.73.234 - - [10/Feb/2026:19:19:19 -0700] "GET /?r=014012489 HTTP/1.1" 200 134183 "-" "Mozilla/5.0 (Linux; Android 6.0.1; Nexus 5X Build/MMB29P) AppleWebKit/537.36 (KHTML, like Gecko) Chrome/144.0.7559.132 Mobile Safari/537.36 (compatible; Googlebot/2.1; +http://www.google.com/bot.html)" mail.acesolutions-ksa.com 74.220.219.162
69.30.240.242 - - [10/Feb/2026:19:18:03 -0700] "GET /wp-includes/qqab01d2/index.php HTTP/2.0" 200 - "https://acesolutions-ksa.com/wp-includes/qqab01d2/index.php" "Mozilla/5.0 (Windows NT 10.0; Win64; x64) AppleWebKit/537.36 (KHTML, like Gecko) Chrome/58.0.3029.110 Safari/537.3" acesolutions-ksa.com 74.220.219.162
173.208.176.202 - - [10/Feb/2026:19:19:31 -0700] "GET /wp-includes/qqab01d2/index.php?id=387059 HTTP/2.0" 200 - "https://acesolutions-ksa.com/wp-includes/qqab01d2/index.php?id=387059" "Mozilla/5.0 (Windows NT 10.0; Win64; x64) AppleWebKit/537.36 (KHTML, like Gecko) Chrome/58.0.3029.110 Safari/537.3" acesolutions-ksa.com 74.220.219.162
66.249.73.233 - - [10/Feb/2026:19:23:21 -0700] "GET /?_y=027036519 HTTP/1.1" 200 133832 "-" "Mozilla/5.0 (Linux; Android 6.0.1; Nexus 5X Build/MMB29P) AppleWebKit/537.36 (KHTML, like Gecko) Chrome/144.0.7559.132 Mobile Safari/537.36 (compatible; GoogleOther)" mail.acesolutions-ksa.com 74.220.219.162
66.249.73.233 - - [10/Feb/2026:19:23:21 -0700] "GET /?_y=027036519 HTTP/1.1" 200 133832 "-" "Mozilla/5.0 (Linux; Android 6.0.1; Nexus 5X Build/MMB29P) AppleWebKit/537.36 (KHTML, like Gecko) Chrome/144.0.7559.132 Mobile Safari/537.36 (compatible; GoogleOther)" mail.acesolutions-ksa.com 74.220.219.162
66.249.73.232 - - [10/Feb/2026:19:23:35 -0700] "GET /?_m=028015868 HTTP/1.1" 200 132689 "-" "Mozilla/5.0 (Linux; Android 6.0.1; Nexus 5X Build/MMB29P) AppleWebKit/537.36 (KHTML, like Gecko) Chrome/144.0.7559.132 Mobile Safari/537.36 (compatible; Googlebot/2.1; +http://www.google.com/bot.html)" mail.acesolutions-ksa.com 74.220.219.162
66.249.73.232 - - [10/Feb/2026:19:23:35 -0700] "GET /?_m=028015868 HTTP/1.1" 200 132689 "-" "Mozilla/5.0 (Linux; Android 6.0.1; Nexus 5X Build/MMB29P) AppleWebKit/537.36 (KHTML, like Gecko) Chrome/144.0.7559.132 Mobile Safari/537.36 (compatible; Googlebot/2.1; +http://www.google.com/bot.html)" mail.acesolutions-ksa.com 74.220.219.162
52.167.144.183 - - [10/Feb/2026:19:23:51 -0700] "GET /sitemap405.xml HTTP/2.0" 200 33 "-" "Mozilla/5.0 AppleWebKit/537.36 (KHTML, like Gecko; compatible; bingbot/2.0; +http://www.bing.com/bingbot.htm) Chrome/116.0.1938.76 Safari/537.36" acesolutions-ksa.com 74.220.219.162
66.249.73.233 - - [10/Feb/2026:19:24:11 -0700] "GET /?_o=258034664 HTTP/1.1" 200 133299 "-" "Mozilla/5.0 (Linux; Android 6.0.1; Nexus 5X Build/MMB29P) AppleWebKit/537.36 (KHTML, like Gecko) Chrome/144.0.7559.132 Mobile Safari/537.36 (compatible; Googlebot/2.1; +http://www.google.com/bot.html)" mail.acesolutions-ksa.com 74.220.219.162
66.249.73.233 - - [10/Feb/2026:19:24:11 -0700] "GET /?_o=258034664 HTTP/1.1" 200 133299 "-" "Mozilla/5.0 (Linux; Android 6.0.1; Nexus 5X Build/MMB29P) AppleWebKit/537.36 (KHTML, like Gecko) Chrome/144.0.7559.132 Mobile Safari/537.36 (compatible; Googlebot/2.1; +http://www.google.com/bot.html)" mail.acesolutions-ksa.com 74.220.219.162
66.249.73.233 - - [10/Feb/2026:19:25:10 -0700] "GET /?detail/2220224898921 HTTP/1.1" 200 132795 "-" "Mozilla/5.0 (Linux; Android 6.0.1; Nexus 5X Build/MMB29P) AppleWebKit/537.36 (KHTML, like Gecko) Chrome/144.0.7559.132 Mobile Safari/537.36 (compatible; Googlebot/2.1; +http://www.google.com/bot.html)" mail.acesolutions-ksa.com 74.220.219.162
66.249.73.233 - - [10/Feb/2026:19:25:10 -0700] "GET /?detail/2220224898921 HTTP/1.1" 200 132795 "-" "Mozilla/5.0 (Linux; Android 6.0.1; Nexus 5X Build/MMB29P) AppleWebKit/537.36 (KHTML, like Gecko) Chrome/144.0.7559.132 Mobile Safari/537.36 (compatible; Googlebot/2.1; +http://www.google.com/bot.html)" mail.acesolutions-ksa.com 74.220.219.162
62.72.56.42 - - [10/Feb/2026:19:26:45 -0700] "GET / HTTP/1.1" 200 1838 "-" "httpx - Open-source project (github.com/projectdiscovery/httpx)" acesolutions-ksa.ovochi.com 74.220.219.162
62.72.56.42 - - [10/Feb/2026:19:26:45 -0700] "GET / HTTP/1.1" 200 1838 "-" "httpx - Open-source project (github.com/projectdiscovery/httpx)" acesolutions-ksa.ovochi.com 74.220.219.162
69.30.215.34 - - [10/Feb/2026:19:26:52 -0700] "GET /wp-includes/qq0b1849/index.php HTTP/1.1" 500 - "https://acesolutions-ksa.ovochi.com/wp-includes/qq0b1849/index.php" "Mozilla/5.0 (Windows NT 10.0; Win64; x64) AppleWebKit/537.36 (KHTML, like Gecko) Chrome/58.0.3029.110 Safari/537.3" acesolutions-ksa.ovochi.com 74.220.219.162
69.30.215.34 - - [10/Feb/2026:19:26:52 -0700] "GET /wp-includes/qq0b1849/index.php HTTP/1.1" 500 - "https://acesolutions-ksa.ovochi.com/wp-includes/qq0b1849/index.php" "Mozilla/5.0 (Windows NT 10.0; Win64; x64) AppleWebKit/537.36 (KHTML, like Gecko) Chrome/58.0.3029.110 Safari/537.3" acesolutions-ksa.ovochi.com 74.220.219.162
69.30.215.34 - - [10/Feb/2026:19:26:50 -0700] "GET /wp-includes/qq0b1849/index.php HTTP/1.1" 500 - "https://acesolutions-ksa.ovochi.com/wp-includes/qq0b1849/index.php" "Mozilla/5.0 (Windows NT 10.0; Win64; x64) AppleWebKit/537.36 (KHTML, like Gecko) Chrome/58.0.3029.110 Safari/537.3" acesolutions-ksa.ovochi.com 74.220.219.162
69.30.215.34 - - [10/Feb/2026:19:26:50 -0700] "GET /wp-includes/qq0b1849/index.php HTTP/1.1" 500 - "https://acesolutions-ksa.ovochi.com/wp-includes/qq0b1849/index.php" "Mozilla/5.0 (Windows NT 10.0; Win64; x64) AppleWebKit/537.36 (KHTML, like Gecko) Chrome/58.0.3029.110 Safari/537.3" acesolutions-ksa.ovochi.com 74.220.219.162
66.249.73.233 - - [10/Feb/2026:19:27:28 -0700] "GET /?jp/057000570.html HTTP/1.1" 200 132897 "-" "Mozilla/5.0 (Linux; Android 6.0.1; Nexus 5X Build/MMB29P) AppleWebKit/537.36 (KHTML, like Gecko) Chrome/144.0.7559.132 Mobile Safari/537.36 (compatible; Googlebot/2.1; +http://www.google.com/bot.html)" mail.acesolutions-ksa.com 74.220.219.162
66.249.73.233 - - [10/Feb/2026:19:27:28 -0700] "GET /?jp/057000570.html HTTP/1.1" 200 132897 "-" "Mozilla/5.0 (Linux; Android 6.0.1; Nexus 5X Build/MMB29P) AppleWebKit/537.36 (KHTML, like Gecko) Chrome/144.0.7559.132 Mobile Safari/537.36 (compatible; Googlebot/2.1; +http://www.google.com/bot.html)" mail.acesolutions-ksa.com 74.220.219.162
66.249.73.234 - - [10/Feb/2026:19:33:01 -0700] "GET /?_f=225001023 HTTP/1.1" 200 133262 "-" "Mozilla/5.0 (Linux; Android 6.0.1; Nexus 5X Build/MMB29P) AppleWebKit/537.36 (KHTML, like Gecko) Chrome/144.0.7559.132 Mobile Safari/537.36 (compatible; Googlebot/2.1; +http://www.google.com/bot.html)" mail.acesolutions-ksa.com 74.220.219.162
66.249.73.234 - - [10/Feb/2026:19:33:01 -0700] "GET /?_f=225001023 HTTP/1.1" 200 133262 "-" "Mozilla/5.0 (Linux; Android 6.0.1; Nexus 5X Build/MMB29P) AppleWebKit/537.36 (KHTML, like Gecko) Chrome/144.0.7559.132 Mobile Safari/537.36 (compatible; Googlebot/2.1; +http://www.google.com/bot.html)" mail.acesolutions-ksa.com 74.220.219.162
66.249.73.233 - - [10/Feb/2026:19:34:35 -0700] "GET /?jp/223010346.html HTTP/1.1" 200 132619 "-" "Mozilla/5.0 (Linux; Android 6.0.1; Nexus 5X Build/MMB29P) AppleWebKit/537.36 (KHTML, like Gecko) Chrome/144.0.7559.132 Mobile Safari/537.36 (compatible; Googlebot/2.1; +http://www.google.com/bot.html)" mail.acesolutions-ksa.com 74.220.219.162
66.249.73.233 - - [10/Feb/2026:19:34:35 -0700] "GET /?jp/223010346.html HTTP/1.1" 200 132619 "-" "Mozilla/5.0 (Linux; Android 6.0.1; Nexus 5X Build/MMB29P) AppleWebKit/537.36 (KHTML, like Gecko) Chrome/144.0.7559.132 Mobile Safari/537.36 (compatible; Googlebot/2.1; +http://www.google.com/bot.html)" mail.acesolutions-ksa.com 74.220.219.162
101.99.88.90 - - [10/Feb/2026:19:35:53 -0700] "GET / HTTP/1.1" 200 558552 "-" "Mozilla/5.0 (compatible; Googlebot/2.1; +http://www.google.com/bot.html)" mail.acesolutions-ksa.com 74.220.219.162
101.99.88.90 - - [10/Feb/2026:19:35:53 -0700] "GET / HTTP/1.1" 200 558552 "-" "Mozilla/5.0 (compatible; Googlebot/2.1; +http://www.google.com/bot.html)" mail.acesolutions-ksa.com 74.220.219.162
66.249.73.232 - - [10/Feb/2026:19:41:22 -0700] "GET /?goods/227030815 HTTP/1.1" 200 132959 "-" "Mozilla/5.0 (Linux; Android 6.0.1; Nexus 5X Build/MMB29P) AppleWebKit/537.36 (KHTML, like Gecko) Chrome/144.0.7559.132 Mobile Safari/537.36 (compatible; Googlebot/2.1; +http://www.google.com/bot.html)" mail.acesolutions-ksa.com 74.220.219.162
66.249.73.232 - - [10/Feb/2026:19:41:22 -0700] "GET /?goods/227030815 HTTP/1.1" 200 132959 "-" "Mozilla/5.0 (Linux; Android 6.0.1; Nexus 5X Build/MMB29P) AppleWebKit/537.36 (KHTML, like Gecko) Chrome/144.0.7559.132 Mobile Safari/537.36 (compatible; Googlebot/2.1; +http://www.google.com/bot.html)" mail.acesolutions-ksa.com 74.220.219.162
101.99.88.90 - - [10/Feb/2026:19:46:56 -0700] "GET /.trash7309/f/ HTTP/1.1" 503 468 "-" "Mozilla/5.0 (Windows NT 10.0; Win64; x64) AppleWebKit/537.36 (KHTML, like Gecko) Chrome/120.0.0.0 Safari/537.36" acesolutions-ksa.ovochi.com 74.220.219.162
101.99.88.90 - - [10/Feb/2026:19:47:14 -0700] "GET /.trash7309/f/ HTTP/1.1" 503 468 "-" "Mozilla/5.0 (Windows NT 10.0; Win64; x64) AppleWebKit/537.36 (KHTML, like Gecko) Chrome/120.0.0.0 Safari/537.36" acesolutions-ksa.ovochi.com 74.220.219.162
204.12.208.18 - - [10/Feb/2026:19:52:40 -0700] "GET /wp-includes/imcb4f51/index.php HTTP/1.1" 409 83 "https://acesolutions-ksa.ovochi.com/wp-includes/imcb4f51/index.php" "Mozilla/4.0 (compatible; MSIE 7.0; Windows NT 5.1; SV1)" acesolutions-ksa.ovochi.com 74.220.219.162
204.12.208.18 - - [10/Feb/2026:19:52:40 -0700] "GET /wp-includes/imcb4f51/index.php HTTP/1.1" 409 83 "https://acesolutions-ksa.ovochi.com/wp-includes/imcb4f51/index.php" "Mozilla/4.0 (compatible; GoogleToolbar 5.0.2124.2070; Windows 6.0; MSIE 8.0.6001.18241)" acesolutions-ksa.ovochi.com 74.220.219.162
204.12.208.18 - - [10/Feb/2026:19:52:40 -0700] "GET /wp-includes/imcb4f51/index.php HTTP/1.1" 409 83 "https://acesolutions-ksa.ovochi.com/wp-includes/imcb4f51/index.php" "Mozilla/5.0 (compatible; MSIE 10.0; Windows NT 6.2; Trident/6.0)" acesolutions-ksa.ovochi.com 74.220.219.162
204.12.208.18 - - [10/Feb/2026:19:52:51 -0700] "GET /wp-includes/ad060e80/index.php HTTP/2.0" 409 83 "https://acesolutions-ksa.com/wp-includes/ad060e80/index.php" "Mozilla/5.0 (Macintosh; U; Intel Mac OS X 10_5_6; ja-jp) AppleWebKit/528.16 (KHTML, like Gecko) Version/4.0 Safari/528.16" acesolutions-ksa.com 74.220.219.162
204.12.208.18 - - [10/Feb/2026:19:52:51 -0700] "GET /wp-includes/ad060e80/index.php HTTP/2.0" 409 83 "https://acesolutions-ksa.com/wp-includes/ad060e80/index.php" "Mozilla/5.0 (Macintosh; U; Intel Mac OS X 10_6_2; ja-jp) AppleWebKit/531.21.8 (KHTML, like Gecko) Version/4.0.4 Safari/531.21.10" acesolutions-ksa.com 74.220.219.162
204.12.208.18 - - [10/Feb/2026:19:52:51 -0700] "GET /wp-includes/ad060e80/index.php HTTP/2.0" 409 83 "https://acesolutions-ksa.com/wp-includes/ad060e80/index.php" "Mozilla/5.0 (Macintosh; U; Intel Mac OS X 10_6_3; ja-jp) AppleWebKit/533.16 (KHTML, like Gecko) Version/5.0 Safari/533.16" acesolutions-ksa.com 74.220.219.162
101.99.88.90 - - [10/Feb/2026:19:46:56 -0700] "GET /.trash7309/f/ HTTP/1.1" 502 - "-" "Mozilla/5.0 (Windows NT 10.0; Win64; x64) AppleWebKit/537.36 (KHTML, like Gecko) Chrome/120.0.0.0 Safari/537.36" acesolutions-ksa.ovochi.com 74.220.219.162
204.12.208.18 - - [10/Feb/2026:19:53:05 -0700] "GET /wp-includes/ad997fce/index.php HTTP/1.1" 409 83 "https://mail.acesolutions-ksa.com/wp-includes/ad997fce/index.php" "Mozilla/4.0 (compatible; GoogleToolbar 5.0.2124.2070; Windows 6.0; MSIE 8.0.6001.18241)" mail.acesolutions-ksa.com 74.220.219.162
204.12.208.18 - - [10/Feb/2026:19:53:06 -0700] "GET /wp-includes/ad997fce/index.php HTTP/1.1" 409 83 "https://mail.acesolutions-ksa.com/wp-includes/ad997fce/index.php" "Mozilla/5.0 (compatible; MSIE 9.0; Windows NT 6.1; WOW64; Trident/5.0; Sleipnir/2.9.8)" mail.acesolutions-ksa.com 74.220.219.162
204.12.208.18 - - [10/Feb/2026:19:53:06 -0700] "GET /wp-includes/ad997fce/index.php HTTP/1.1" 409 83 "https://mail.acesolutions-ksa.com/wp-includes/ad997fce/index.php" "Mozilla/5.0 (compatible; MSIE 9.0; Windows NT 6.0; Trident/5.0)" mail.acesolutions-ksa.com 74.220.219.162
101.99.88.90 - - [10/Feb/2026:19:47:14 -0700] "GET /.trash7309/f/ HTTP/1.1" 502 - "-" "Mozilla/5.0 (Windows NT 10.0; Win64; x64) AppleWebKit/537.36 (KHTML, like Gecko) Chrome/120.0.0.0 Safari/537.36" acesolutions-ksa.ovochi.com 74.220.219.162
66.249.73.233 - - [10/Feb/2026:19:49:10 -0700] "GET /?goods/112000260 HTTP/1.1" 404 - "-" "Mozilla/5.0 (Linux; Android 6.0.1; Nexus 5X Build/MMB29P) AppleWebKit/537.36 (KHTML, like Gecko) Chrome/144.0.7559.132 Mobile Safari/537.36 (compatible; Googlebot/2.1; +http://www.google.com/bot.html)" mail.acesolutions-ksa.com 74.220.219.162
101.99.88.90 - - [10/Feb/2026:19:49:56 -0700] "GET /502.shtml HTTP/1.1" 503 468 "-" "Mozilla/5.0 (Windows NT 10.0; Win64; x64) AppleWebKit/537.36 (KHTML, like Gecko) Chrome/120.0.0.0 Safari/537.36" acesolutions-ksa.ovochi.com 74.220.219.162
101.99.88.90 - - [10/Feb/2026:19:49:56 -0700] "GET /502.shtml HTTP/1.1" 503 468 "-" "Mozilla/5.0 (Windows NT 10.0; Win64; x64) AppleWebKit/537.36 (KHTML, like Gecko) Chrome/120.0.0.0 Safari/537.36" acesolutions-ksa.ovochi.com 74.220.219.162
66.249.73.233 - - [10/Feb/2026:19:49:10 -0700] "GET /?goods/112000260 HTTP/1.1" 502 - "-" "Mozilla/5.0 (Linux; Android 6.0.1; Nexus 5X Build/MMB29P) AppleWebKit/537.36 (KHTML, like Gecko) Chrome/144.0.7559.132 Mobile Safari/537.36 (compatible; Googlebot/2.1; +http://www.google.com/bot.html)" mail.acesolutions-ksa.com 74.220.219.162
101.99.88.90 - - [10/Feb/2026:19:50:14 -0700] "GET /502.shtml HTTP/1.1" 503 468 "-" "Mozilla/5.0 (Windows NT 10.0; Win64; x64) AppleWebKit/537.36 (KHTML, like Gecko) Chrome/120.0.0.0 Safari/537.36" acesolutions-ksa.ovochi.com 74.220.219.162
101.99.88.90 - - [10/Feb/2026:19:50:14 -0700] "GET /502.shtml HTTP/1.1" 503 468 "-" "Mozilla/5.0 (Windows NT 10.0; Win64; x64) AppleWebKit/537.36 (KHTML, like Gecko) Chrome/120.0.0.0 Safari/537.36" acesolutions-ksa.ovochi.com 74.220.219.162
52.167.144.25 - - [10/Feb/2026:19:55:04 -0700] "GET /sitemap597.xml HTTP/2.0" 200 33 "-" "Mozilla/5.0 AppleWebKit/537.36 (KHTML, like Gecko; compatible; bingbot/2.0; +http://www.bing.com/bingbot.htm) Chrome/116.0.1938.76 Safari/537.36" acesolutions-ksa.com 74.220.219.162
66.249.73.232 - - [10/Feb/2026:19:55:59 -0700] "GET /502.shtml HTTP/1.1" 200 132921 "-" "Mozilla/5.0 (Linux; Android 6.0.1; Nexus 5X Build/MMB29P) AppleWebKit/537.36 (KHTML, like Gecko) Chrome/144.0.7559.132 Mobile Safari/537.36 (compatible; Googlebot/2.1; +http://www.google.com/bot.html)" mail.acesolutions-ksa.com 74.220.219.162
66.249.73.233 - - [10/Feb/2026:19:52:10 -0700] "GET /502.shtml HTTP/1.1" 200 133000 "-" "Mozilla/5.0 (Linux; Android 6.0.1; Nexus 5X Build/MMB29P) AppleWebKit/537.36 (KHTML, like Gecko) Chrome/144.0.7559.132 Mobile Safari/537.36 (compatible; Googlebot/2.1; +http://www.google.com/bot.html)" mail.acesolutions-ksa.com 74.220.219.162
66.249.73.232 - - [10/Feb/2026:19:52:59 -0700] "GET /?jp/141014948.html HTTP/1.1" 200 134260 "-" "Mozilla/5.0 (Linux; Android 6.0.1; Nexus 5X Build/MMB29P) AppleWebKit/537.36 (KHTML, like Gecko) Chrome/144.0.7559.132 Mobile Safari/537.36 (compatible; Googlebot/2.1; +http://www.google.com/bot.html)" mail.acesolutions-ksa.com 74.220.219.162
66.249.73.232 - - [10/Feb/2026:19:52:59 -0700] "GET /?jp/141014948.html HTTP/1.1" 200 114303 "-" "Mozilla/5.0 (Linux; Android 6.0.1; Nexus 5X Build/MMB29P) AppleWebKit/537.36 (KHTML, like Gecko) Chrome/144.0.7559.132 Mobile Safari/537.36 (compatible; Googlebot/2.1; +http://www.google.com/bot.html)" mail.acesolutions-ksa.com 74.220.219.162
66.249.73.232 - - [10/Feb/2026:19:55:59 -0700] "GET /502.shtml HTTP/1.1" 200 132830 "-" "Mozilla/5.0 (Linux; Android 6.0.1; Nexus 5X Build/MMB29P) AppleWebKit/537.36 (KHTML, like Gecko) Chrome/144.0.7559.132 Mobile Safari/537.36 (compatible; Googlebot/2.1; +http://www.google.com/bot.html)" mail.acesolutions-ksa.com 74.220.219.162
66.249.73.232 - - [10/Feb/2026:19:54:08 -0700] "GET /?goods/112000260 HTTP/1.1" 200 132969 "-" "Mozilla/5.0 (Linux; Android 6.0.1; Nexus 5X Build/MMB29P) AppleWebKit/537.36 (KHTML, like Gecko) Chrome/144.0.7559.132 Mobile Safari/537.36 (compatible; Googlebot/2.1; +http://www.google.com/bot.html)" mail.acesolutions-ksa.com 74.220.219.162
66.249.73.233 - - [10/Feb/2026:19:55:10 -0700] "GET /502.shtml HTTP/1.1" 200 132942 "-" "Mozilla/5.0 (Linux; Android 6.0.1; Nexus 5X Build/MMB29P) AppleWebKit/537.36 (KHTML, like Gecko) Chrome/144.0.7559.132 Mobile Safari/537.36 (compatible; Googlebot/2.1; +http://www.google.com/bot.html)" mail.acesolutions-ksa.com 74.220.219.162
66.249.73.232 - - [10/Feb/2026:19:54:08 -0700] "GET /?goods/112000260 HTTP/1.1" 200 132969 "-" "Mozilla/5.0 (Linux; Android 6.0.1; Nexus 5X Build/MMB29P) AppleWebKit/537.36 (KHTML, like Gecko) Chrome/144.0.7559.132 Mobile Safari/537.36 (compatible; Googlebot/2.1; +http://www.google.com/bot.html)" mail.acesolutions-ksa.com 74.220.219.162
66.249.73.233 - - [10/Feb/2026:19:52:10 -0700] "GET /502.shtml HTTP/1.1" 200 133037 "-" "Mozilla/5.0 (Linux; Android 6.0.1; Nexus 5X Build/MMB29P) AppleWebKit/537.36 (KHTML, like Gecko) Chrome/144.0.7559.132 Mobile Safari/537.36 (compatible; Googlebot/2.1; +http://www.google.com/bot.html)" mail.acesolutions-ksa.com 74.220.219.162
101.99.88.90 - - [10/Feb/2026:19:52:56 -0700] "GET /502.shtml HTTP/1.1" 200 7467 "-" "Mozilla/5.0 (Windows NT 10.0; Win64; x64) AppleWebKit/537.36 (KHTML, like Gecko) Chrome/120.0.0.0 Safari/537.36" acesolutions-ksa.ovochi.com 74.220.219.162
101.99.88.90 - - [10/Feb/2026:19:53:14 -0700] "GET /502.shtml HTTP/1.1" 200 7467 "-" "Mozilla/5.0 (Windows NT 10.0; Win64; x64) AppleWebKit/537.36 (KHTML, like Gecko) Chrome/120.0.0.0 Safari/537.36" acesolutions-ksa.ovochi.com 74.220.219.162
104.219.215.160 - - [10/Feb/2026:19:56:07 -0700] "GET /wp-includes/wpb29575/index.php HTTP/1.1" 500 - "https://acesolutions-ksa.ovochi.com/wp-includes/wpb29575/index.php" "Mozilla/5.0 (Windows NT 10.0; Win64; x64) AppleWebKit/537.36 (KHTML, like Gecko) Chrome/58.0.3029.110 Safari/537.3" acesolutions-ksa.ovochi.com 74.220.219.162
104.219.215.160 - - [10/Feb/2026:19:56:06 -0700] "GET /wp-includes/wpb29575/index.php HTTP/1.1" 500 - "https://acesolutions-ksa.ovochi.com/wp-includes/wpb29575/index.php" "Mozilla/5.0 (Windows NT 10.0; Win64; x64) AppleWebKit/537.36 (KHTML, like Gecko) Chrome/58.0.3029.110 Safari/537.3" acesolutions-ksa.ovochi.com 74.220.219.162
104.219.215.141 - - [10/Feb/2026:19:56:09 -0700] "GET /wp-content/brb29575/index.php HTTP/1.1" 500 - "https://acesolutions-ksa.ovochi.com/wp-content/brb29575/index.php" "Mozilla/5.0 (Windows NT 10.0; Win64; x64) AppleWebKit/537.36 (KHTML, like Gecko) Chrome/58.0.3029.110 Safari/537.3" acesolutions-ksa.ovochi.com 74.220.219.162
104.219.215.141 - - [10/Feb/2026:19:56:09 -0700] "GET /wp-content/brb29575/index.php HTTP/1.1" 500 - "https://acesolutions-ksa.ovochi.com/wp-content/brb29575/index.php" "Mozilla/5.0 (Windows NT 10.0; Win64; x64) AppleWebKit/537.36 (KHTML, like Gecko) Chrome/58.0.3029.110 Safari/537.3" acesolutions-ksa.ovochi.com 74.220.219.162
104.219.215.141 - - [10/Feb/2026:19:56:07 -0700] "GET /wp-content/brb29575/index.php HTTP/1.1" 500 - "https://acesolutions-ksa.ovochi.com/wp-content/brb29575/index.php" "Mozilla/5.0 (Windows NT 10.0; Win64; x64) AppleWebKit/537.36 (KHTML, like Gecko) Chrome/58.0.3029.110 Safari/537.3" acesolutions-ksa.ovochi.com 74.220.219.162
104.219.215.141 - - [10/Feb/2026:19:56:07 -0700] "GET /wp-content/brb29575/index.php HTTP/1.1" 500 - "https://acesolutions-ksa.ovochi.com/wp-content/brb29575/index.php" "Mozilla/5.0 (Windows NT 10.0; Win64; x64) AppleWebKit/537.36 (KHTML, like Gecko) Chrome/58.0.3029.110 Safari/537.3" acesolutions-ksa.ovochi.com 74.220.219.162
104.219.215.160 - - [10/Feb/2026:19:56:08 -0700] "GET /wp-includes/wpb29575/index.php HTTP/1.1" 200 - "https://acesolutions-ksa.ovochi.com/wp-includes/wpb29575/index.php" "Mozilla/5.0 (Windows NT 10.0; Win64; x64) AppleWebKit/537.36 (KHTML, like Gecko) Chrome/58.0.3029.110 Safari/537.3" acesolutions-ksa.ovochi.com 74.220.219.162
104.219.215.160 - - [10/Feb/2026:19:56:08 -0700] "GET /wp-includes/wpb29575/index.php HTTP/1.1" 200 - "https://acesolutions-ksa.ovochi.com/wp-includes/wpb29575/index.php" "Mozilla/5.0 (Windows NT 10.0; Win64; x64) AppleWebKit/537.36 (KHTML, like Gecko) Chrome/58.0.3029.110 Safari/537.3" acesolutions-ksa.ovochi.com 74.220.219.162
173.208.176.202 - - [10/Feb/2026:19:57:41 -0700] "GET /wp-includes/wpb29575/index.php?id=665448 HTTP/1.1" 200 - "https://acesolutions-ksa.ovochi.com/wp-includes/wpb29575/index.php?id=665448" "Mozilla/5.0 (Windows NT 10.0; Win64; x64) AppleWebKit/537.36 (KHTML, like Gecko) Chrome/58.0.3029.110 Safari/537.3" acesolutions-ksa.ovochi.com 74.220.219.162
173.208.176.202 - - [10/Feb/2026:19:57:41 -0700] "GET /wp-includes/wpb29575/index.php?id=665448 HTTP/1.1" 200 - "https://acesolutions-ksa.ovochi.com/wp-includes/wpb29575/index.php?id=665448" "Mozilla/5.0 (Windows NT 10.0; Win64; x64) AppleWebKit/537.36 (KHTML, like Gecko) Chrome/58.0.3029.110 Safari/537.3" acesolutions-ksa.ovochi.com 74.220.219.162
173.208.176.202 - - [10/Feb/2026:19:59:12 -0700] "GET /wp-includes/wpb29575/index.php?id=665448 HTTP/1.1" 200 - "https://acesolutions-ksa.ovochi.com/wp-includes/wpb29575/index.php?id=665448" "Mozilla/5.0 (Windows NT 10.0; Win64; x64) AppleWebKit/537.36 (KHTML, like Gecko) Chrome/58.0.3029.110 Safari/537.3" acesolutions-ksa.ovochi.com 74.220.219.162
173.208.176.202 - - [10/Feb/2026:19:59:12 -0700] "GET /wp-includes/wpb29575/index.php?id=665448 HTTP/1.1" 200 - "https://acesolutions-ksa.ovochi.com/wp-includes/wpb29575/index.php?id=665448" "Mozilla/5.0 (Windows NT 10.0; Win64; x64) AppleWebKit/537.36 (KHTML, like Gecko) Chrome/58.0.3029.110 Safari/537.3" acesolutions-ksa.ovochi.com 74.220.219.162
173.208.176.202 - - [10/Feb/2026:20:00:43 -0700] "GET /wp-includes/wpb29575/index.php?id=665448 HTTP/1.1" 200 - "https://acesolutions-ksa.ovochi.com/wp-includes/wpb29575/index.php?id=665448" "Mozilla/5.0 (Windows NT 10.0; Win64; x64) AppleWebKit/537.36 (KHTML, like Gecko) Chrome/58.0.3029.110 Safari/537.3" acesolutions-ksa.ovochi.com 74.220.219.162
173.208.176.202 - - [10/Feb/2026:20:00:43 -0700] "GET /wp-includes/wpb29575/index.php?id=665448 HTTP/1.1" 200 - "https://acesolutions-ksa.ovochi.com/wp-includes/wpb29575/index.php?id=665448" "Mozilla/5.0 (Windows NT 10.0; Win64; x64) AppleWebKit/537.36 (KHTML, like Gecko) Chrome/58.0.3029.110 Safari/537.3" acesolutions-ksa.ovochi.com 74.220.219.162
204.12.208.18 - - [10/Feb/2026:20:04:40 -0700] "GET /wp-includes/ad997fce/index.php HTTP/1.1" 409 83 "https://mail.acesolutions-ksa.com/wp-includes/ad997fce/index.php" "Mozilla/4.0 (compatible; MSIE 7.0; Windows NT 6.0; SLCC1; .NET CLR 2.0.50727; Media Center PC 5.0; .NET CLR 3.0.04506)" mail.acesolutions-ksa.com 74.220.219.162
204.12.208.18 - - [10/Feb/2026:20:04:40 -0700] "GET /wp-includes/ad997fce/index.php HTTP/1.1" 409 83 "https://mail.acesolutions-ksa.com/wp-includes/ad997fce/index.php" "Mozilla/4.0 (compatible; MSIE 7.0; Windows NT 6.0; SLCC1; .NET CLR 2.0.50727; Media Center PC 5.0; .NET CLR 3.0.04506; InfoPath.1)" mail.acesolutions-ksa.com 74.220.219.162
204.12.208.18 - - [10/Feb/2026:20:04:41 -0700] "GET /wp-includes/ad997fce/index.php HTTP/1.1" 409 83 "https://mail.acesolutions-ksa.com/wp-includes/ad997fce/index.php" "Mozilla/4.0 (compatible; MSIE 7.0; Windows NT 5.1; .NET CLR 1.1.4322; .NET CLR 2.0.50727)" mail.acesolutions-ksa.com 74.220.219.162
173.208.176.202 - - [10/Feb/2026:20:03:42 -0700] "GET /wp-includes/wpb29575/index.php?id=665448 HTTP/1.1" 200 - "https://acesolutions-ksa.ovochi.com/wp-includes/wpb29575/index.php?id=665448" "Mozilla/5.0 (Windows NT 10.0; Win64; x64) AppleWebKit/537.36 (KHTML, like Gecko) Chrome/58.0.3029.110 Safari/537.3" acesolutions-ksa.ovochi.com 74.220.219.162
173.208.176.202 - - [10/Feb/2026:20:03:42 -0700] "GET /wp-includes/wpb29575/index.php?id=665448 HTTP/1.1" 200 - "https://acesolutions-ksa.ovochi.com/wp-includes/wpb29575/index.php?id=665448" "Mozilla/5.0 (Windows NT 10.0; Win64; x64) AppleWebKit/537.36 (KHTML, like Gecko) Chrome/58.0.3029.110 Safari/537.3" acesolutions-ksa.ovochi.com 74.220.219.162
173.208.176.202 - - [10/Feb/2026:20:05:11 -0700] "GET /wp-includes/wpb29575/index.php?id=665448 HTTP/1.1" 200 - "https://acesolutions-ksa.ovochi.com/wp-includes/wpb29575/index.php?id=665448" "Mozilla/5.0 (Windows NT 10.0; Win64; x64) AppleWebKit/537.36 (KHTML, like Gecko) Chrome/58.0.3029.110 Safari/537.3" acesolutions-ksa.ovochi.com 74.220.219.162
66.249.73.232 - - [10/Feb/2026:20:07:22 -0700] "GET /?_n=258034662 HTTP/1.1" 200 133702 "-" "Mozilla/5.0 (Linux; Android 6.0.1; Nexus 5X Build/MMB29P) AppleWebKit/537.36 (KHTML, like Gecko) Chrome/144.0.7559.132 Mobile Safari/537.36 (compatible; Googlebot/2.1; +http://www.google.com/bot.html)" mail.acesolutions-ksa.com 74.220.219.162
66.249.73.232 - - [10/Feb/2026:20:07:22 -0700] "GET /?_n=258034662 HTTP/1.1" 200 133702 "-" "Mozilla/5.0 (Linux; Android 6.0.1; Nexus 5X Build/MMB29P) AppleWebKit/537.36 (KHTML, like Gecko) Chrome/144.0.7559.132 Mobile Safari/537.36 (compatible; Googlebot/2.1; +http://www.google.com/bot.html)" mail.acesolutions-ksa.com 74.220.219.162
66.249.73.234 - - [10/Feb/2026:20:08:13 -0700] "GET /?detail/001033470642 HTTP/1.1" 200 135339 "-" "Mozilla/5.0 (Linux; Android 6.0.1; Nexus 5X Build/MMB29P) AppleWebKit/537.36 (KHTML, like Gecko) Chrome/144.0.7559.132 Mobile Safari/537.36 (compatible; Googlebot/2.1; +http://www.google.com/bot.html)" mail.acesolutions-ksa.com 74.220.219.162
66.249.73.234 - - [10/Feb/2026:20:08:13 -0700] "GET /?detail/001033470642 HTTP/1.1" 200 135339 "-" "Mozilla/5.0 (Linux; Android 6.0.1; Nexus 5X Build/MMB29P) AppleWebKit/537.36 (KHTML, like Gecko) Chrome/144.0.7559.132 Mobile Safari/537.36 (compatible; Googlebot/2.1; +http://www.google.com/bot.html)" mail.acesolutions-ksa.com 74.220.219.162
66.249.73.164 - - [10/Feb/2026:20:10:28 -0700] "GET /?sitemapindex.xml HTTP/1.1" 200 430 "-" "Mozilla/5.0 (compatible; Googlebot/2.1; +http://www.google.com/bot.html)" acesolutions-ksa.ovochi.com 74.220.219.162
66.249.73.164 - - [10/Feb/2026:20:10:28 -0700] "GET /?sitemapindex.xml HTTP/1.1" 200 430 "-" "Mozilla/5.0 (compatible; Googlebot/2.1; +http://www.google.com/bot.html)" acesolutions-ksa.ovochi.com 74.220.219.162
66.249.66.163 - - [10/Feb/2026:20:11:49 -0700] "GET /sitemap78.xml HTTP/1.1" 200 42154 "-" "Mozilla/5.0 (compatible; Googlebot/2.1; +http://www.google.com/bot.html)" acesolutions-ksa.ovochi.com 74.220.219.162
66.249.66.163 - - [10/Feb/2026:20:11:49 -0700] "GET /sitemap78.xml HTTP/1.1" 200 42154 "-" "Mozilla/5.0 (compatible; Googlebot/2.1; +http://www.google.com/bot.html)" acesolutions-ksa.ovochi.com 74.220.219.162
66.249.73.232 - - [10/Feb/2026:20:12:13 -0700] "GET /?detail/144020712190 HTTP/1.1" 200 133352 "-" "Mozilla/5.0 (Linux; Android 6.0.1; Nexus 5X Build/MMB29P) AppleWebKit/537.36 (KHTML, like Gecko) Chrome/144.0.7559.132 Mobile Safari/537.36 (compatible; GoogleOther)" mail.acesolutions-ksa.com 74.220.219.162
66.249.73.232 - - [10/Feb/2026:20:12:13 -0700] "GET /?detail/144020712190 HTTP/1.1" 200 133352 "-" "Mozilla/5.0 (Linux; Android 6.0.1; Nexus 5X Build/MMB29P) AppleWebKit/537.36 (KHTML, like Gecko) Chrome/144.0.7559.132 Mobile Safari/537.36 (compatible; GoogleOther)" mail.acesolutions-ksa.com 74.220.219.162
66.249.73.166 - - [10/Feb/2026:20:12:21 -0700] "GET /sitemap8.xml HTTP/1.1" 200 41491 "-" "Mozilla/5.0 (compatible; Googlebot/2.1; +http://www.google.com/bot.html)" acesolutions-ksa.ovochi.com 74.220.219.162
66.249.73.166 - - [10/Feb/2026:20:12:21 -0700] "GET /sitemap8.xml HTTP/1.1" 200 41491 "-" "Mozilla/5.0 (compatible; Googlebot/2.1; +http://www.google.com/bot.html)" acesolutions-ksa.ovochi.com 74.220.219.162
66.249.73.164 - - [10/Feb/2026:20:12:41 -0700] "GET /sitemap59.xml HTTP/1.1" 200 41986 "-" "Mozilla/5.0 (compatible; Googlebot/2.1; +http://www.google.com/bot.html)" acesolutions-ksa.ovochi.com 74.220.219.162
66.249.73.164 - - [10/Feb/2026:20:12:41 -0700] "GET /sitemap59.xml HTTP/1.1" 200 41986 "-" "Mozilla/5.0 (compatible; Googlebot/2.1; +http://www.google.com/bot.html)" acesolutions-ksa.ovochi.com 74.220.219.162
66.249.73.233 - - [10/Feb/2026:20:14:09 -0700] "GET /?goods/001022948 HTTP/1.1" 200 134127 "-" "Mozilla/5.0 (Linux; Android 6.0.1; Nexus 5X Build/MMB29P) AppleWebKit/537.36 (KHTML, like Gecko) Chrome/144.0.7559.132 Mobile Safari/537.36 (compatible; Googlebot/2.1; +http://www.google.com/bot.html)" mail.acesolutions-ksa.com 74.220.219.162
66.249.73.233 - - [10/Feb/2026:20:14:09 -0700] "GET /?goods/001022948 HTTP/1.1" 200 134127 "-" "Mozilla/5.0 (Linux; Android 6.0.1; Nexus 5X Build/MMB29P) AppleWebKit/537.36 (KHTML, like Gecko) Chrome/144.0.7559.132 Mobile Safari/537.36 (compatible; Googlebot/2.1; +http://www.google.com/bot.html)" mail.acesolutions-ksa.com 74.220.219.162
66.249.73.164 - - [10/Feb/2026:20:14:21 -0700] "GET /sitemap12.xml HTTP/1.1" 200 41370 "-" "Mozilla/5.0 (compatible; Googlebot/2.1; +http://www.google.com/bot.html)" acesolutions-ksa.ovochi.com 74.220.219.162
66.249.73.164 - - [10/Feb/2026:20:14:21 -0700] "GET /sitemap12.xml HTTP/1.1" 200 41370 "-" "Mozilla/5.0 (compatible; Googlebot/2.1; +http://www.google.com/bot.html)" acesolutions-ksa.ovochi.com 74.220.219.162
34.223.110.196 - - [10/Feb/2026:20:14:37 -0700] "GET /robots.txt HTTP/2.0" 200 130 "-" "Mozilla/5.0 (compatible; wpbot/1.4; +https://forms.gle/ajBaxygz9jSR8p8G9)" www.acesolutions-ksa.com 74.220.219.162
34.223.110.196 - - [10/Feb/2026:20:14:37 -0700] "GET / HTTP/2.0" 200 1838 "-" "Mozilla/5.0 (compatible; wpbot/1.4; +https://forms.gle/ajBaxygz9jSR8p8G9)" www.acesolutions-ksa.com 74.220.219.162
104.219.215.160 - - [10/Feb/2026:20:14:42 -0700] "GET /wp-includes/x4e40e0/index.php HTTP/2.0" 500 - "https://www.acesolutions-ksa.com/wp-includes/x4e40e0/index.php" "Mozilla/5.0 (Windows NT 10.0; Win64; x64) AppleWebKit/537.36 (KHTML, like Gecko) Chrome/58.0.3029.110 Safari/537.3" www.acesolutions-ksa.com 74.220.219.162
66.249.73.232 - - [10/Feb/2026:20:15:58 -0700] "GET /400.shtml HTTP/1.1" 200 132921 "-" "Mozilla/5.0 (Linux; Android 6.0.1; Nexus 5X Build/MMB29P) AppleWebKit/537.36 (KHTML, like Gecko) Chrome/144.0.7559.132 Mobile Safari/537.36 (compatible; GoogleOther)" mail.acesolutions-ksa.com 74.220.219.162
66.249.73.232 - - [10/Feb/2026:20:15:58 -0700] "GET /pcmypage?callback=/product%2Fdetail%2m42760603886 HTTP/1.1" 200 132921 "-" "Mozilla/5.0 (Linux; Android 6.0.1; Nexus 5X Build/MMB29P) AppleWebKit/537.36 (KHTML, like Gecko) Chrome/144.0.7559.132 Mobile Safari/537.36 (compatible; GoogleOther)" mail.acesolutions-ksa.com 74.220.219.162
104.219.215.160 - - [10/Feb/2026:20:14:43 -0700] "GET /wp-includes/x4e40e0/index.php HTTP/2.0" 200 - "https://www.acesolutions-ksa.com/wp-includes/x4e40e0/index.php" "Mozilla/5.0 (Windows NT 10.0; Win64; x64) AppleWebKit/537.36 (KHTML, like Gecko) Chrome/58.0.3029.110 Safari/537.3" www.acesolutions-ksa.com 74.220.219.162
66.249.73.232 - - [10/Feb/2026:20:17:25 -0700] "GET /?_z=225015735 HTTP/1.1" 200 133475 "-" "Mozilla/5.0 (Linux; Android 6.0.1; Nexus 5X Build/MMB29P) AppleWebKit/537.36 (KHTML, like Gecko) Chrome/144.0.7559.132 Mobile Safari/537.36 (compatible; Googlebot/2.1; +http://www.google.com/bot.html)" mail.acesolutions-ksa.com 74.220.219.162
66.249.73.232 - - [10/Feb/2026:20:17:25 -0700] "GET /?_z=225015735 HTTP/1.1" 200 133475 "-" "Mozilla/5.0 (Linux; Android 6.0.1; Nexus 5X Build/MMB29P) AppleWebKit/537.36 (KHTML, like Gecko) Chrome/144.0.7559.132 Mobile Safari/537.36 (compatible; Googlebot/2.1; +http://www.google.com/bot.html)" mail.acesolutions-ksa.com 74.220.219.162
173.208.176.202 - - [10/Feb/2026:20:16:16 -0700] "GET /wp-includes/x4e40e0/index.php?id=494063 HTTP/2.0" 200 - "https://www.acesolutions-ksa.com/wp-includes/x4e40e0/index.php?id=494063" "Mozilla/5.0 (Windows NT 10.0; Win64; x64) AppleWebKit/537.36 (KHTML, like Gecko) Chrome/58.0.3029.110 Safari/537.3" www.acesolutions-ksa.com 74.220.219.162
66.249.73.232 - - [10/Feb/2026:20:18:34 -0700] "GET /?detail/11804341204411 HTTP/1.1" 200 133515 "-" "Mozilla/5.0 (Linux; Android 6.0.1; Nexus 5X Build/MMB29P) AppleWebKit/537.36 (KHTML, like Gecko) Chrome/144.0.7559.132 Mobile Safari/537.36 (compatible; Googlebot/2.1; +http://www.google.com/bot.html)" mail.acesolutions-ksa.com 74.220.219.162
66.249.73.232 - - [10/Feb/2026:20:18:34 -0700] "GET /?detail/11804341204411 HTTP/1.1" 200 133515 "-" "Mozilla/5.0 (Linux; Android 6.0.1; Nexus 5X Build/MMB29P) AppleWebKit/537.36 (KHTML, like Gecko) Chrome/144.0.7559.132 Mobile Safari/537.36 (compatible; Googlebot/2.1; +http://www.google.com/bot.html)" mail.acesolutions-ksa.com 74.220.219.162
173.208.176.202 - - [10/Feb/2026:20:18:18 -0700] "GET /wp-includes/x4e40e0/index.php?id=494063 HTTP/2.0" 200 - "https://www.acesolutions-ksa.com/wp-includes/x4e40e0/index.php?id=494063" "Mozilla/5.0 (Windows NT 10.0; Win64; x64) AppleWebKit/537.36 (KHTML, like Gecko) Chrome/58.0.3029.110 Safari/537.3" www.acesolutions-ksa.com 74.220.219.162
66.249.73.232 - - [10/Feb/2026:20:23:08 -0700] "GET /?detail/0170023886821 HTTP/1.1" 200 133037 "-" "Mozilla/5.0 (Linux; Android 6.0.1; Nexus 5X Build/MMB29P) AppleWebKit/537.36 (KHTML, like Gecko) Chrome/144.0.7559.132 Mobile Safari/537.36 (compatible; Googlebot/2.1; +http://www.google.com/bot.html)" mail.acesolutions-ksa.com 74.220.219.162
40.77.167.48 - - [10/Feb/2026:20:22:17 -0700] "GET /sitemap.xml HTTP/2.0" 503 - "-" "Mozilla/5.0 AppleWebKit/537.36 (KHTML, like Gecko; compatible; bingbot/2.0; +http://www.bing.com/bingbot.htm) Chrome/116.0.1938.76 Safari/537.36" acesolutions-ksa.com 74.220.219.162
101.99.88.90 - - [10/Feb/2026:20:30:21 -0700] "GET /wp-content/jsb218b9/index.php HTTP/1.1" 409 83 "-" "-" acesolutions-ksa.ovochi.com 74.220.219.162
204.12.208.18 - - [10/Feb/2026:20:30:55 -0700] "GET /wp-includes/imcb4f51/index.php HTTP/1.1" 409 83 "https://acesolutions-ksa.ovochi.com/wp-includes/imcb4f51/index.php" "Mozilla/5.0 (Macintosh; Intel Mac OS X 10_6_8) AppleWebKit/534.24 (KHTML, like Gecko) Chrome/11.0.696.71 Safari/534.24" acesolutions-ksa.ovochi.com 74.220.219.162
